-- https://www.phpmyadmin.net/
--
-- Anamakine: 127.0.0.1:3306
-- Üretim Zamanı: 08 Nis 2025, 14:47:18
-- Sunucu sürümü: 8.2.0
-- PHP Sürümü: 8.2.13

START TRANSACTION;




-- --------------------------------------------------------

--
-- Tablo için tablo yapısı `auth_profiles`
--

CREATE TABLE IF NOT EXISTS `auth_profiles` (
  `id` int NOT NULL AUTO_INCREMENT,
  `user_id` int DEFAULT NULL,
  `country_id` int DEFAULT NULL,
  `city_id` int DEFAULT NULL,
  `district_id` int DEFAULT NULL,
  `name` varchar(255) COLLATE utf8mb4_unicode_ci DEFAULT NULL,
  `surname` varchar(255) COLLATE utf8mb4_unicode_ci DEFAULT NULL,
  `full_name` varchar(255) COLLATE utf8mb4_unicode_ci DEFAULT NULL,
  `birthdate` date DEFAULT NULL,
  `avatar` varchar(255) COLLATE utf8mb4_unicode_ci DEFAULT NULL,
  `phone_number` varchar(255) COLLATE utf8mb4_unicode_ci DEFAULT NULL,
  `gender` varchar(255) COLLATE utf8mb4_unicode_ci DEFAULT NULL,
  `address` varchar(255) COLLATE utf8mb4_unicode_ci DEFAULT NULL,
  `postcode` varchar(255) COLLATE utf8mb4_unicode_ci DEFAULT NULL,
  `secondary_phone_number` varchar(255) COLLATE utf8mb4_unicode_ci DEFAULT NULL,
  `created_at` datetime DEFAULT NULL,
  `updated_at` datetime DEFAULT NULL,
  PRIMARY KEY (`id`),
  UNIQUE KEY `UNIQ_AFCA02B6A76ED395` (`user_id`),
  KEY `IDX_AFCA02B6F92F3E70` (`country_id`),
  KEY `IDX_AFCA02B68BAC62AF` (`city_id`),
  KEY `IDX_AFCA02B6B08FA272` (`district_id`)
) ENGINE=InnoDB AUTO_INCREMENT=2 DEFAULT CHARSET=utf8mb4 COLLATE=utf8mb4_unicode_ci;

--
-- Tablo döküm verisi `auth_profiles`
--

INSERT INTO `auth_profiles` (`id`, `user_id`, `country_id`, `city_id`, `district_id`, `name`, `surname`, `full_name`, `birthdate`, `avatar`, `phone_number`, `gender`, `address`, `postcode`, `secondary_phone_number`, `created_at`, `updated_at`) VALUES
(1, 2, NULL, 3667, 48411, 'Ömer', 'Test', 'Ömer TEST', '2025-02-03', NULL, '(505) 399-5555', 'male', 'Test', '20050', NULL, NULL, NULL);

-- --------------------------------------------------------

--
-- Tablo için tablo yapısı `auth_user_menu_assign`
--

CREATE TABLE IF NOT EXISTS `auth_user_menu_assign` (
  `id` int NOT NULL AUTO_INCREMENT,
  `user_id` int DEFAULT NULL,
  `user_menu_id` int DEFAULT NULL,
  `created_at` datetime DEFAULT NULL,
  `updated_at` datetime DEFAULT NULL,
  PRIMARY KEY (`id`),
  KEY `IDX_50D3D376A76ED395` (`user_id`),
  KEY `IDX_50D3D37694DAF718` (`user_menu_id`)
) ENGINE=InnoDB DEFAULT CHARSET=utf8mb4 COLLATE=utf8mb4_unicode_ci;

-- --------------------------------------------------------

--
-- Tablo için tablo yapısı `ilceler`
--

CREATE TABLE IF NOT EXISTS `ilceler` (
  `id` int NOT NULL AUTO_INCREMENT,
  `create_user_id` int DEFAULT NULL,
  `update_user_id` int DEFAULT NULL,
  `remove_user_id` int DEFAULT NULL,
  `il_id` int DEFAULT NULL,
  `baslik` varchar(255) COLLATE utf8mb4_unicode_ci NOT NULL,
  `del` tinyint(1) NOT NULL,
  `create_date` datetime DEFAULT NULL,
  `update_date` datetime DEFAULT NULL,
  `remove_date` datetime DEFAULT NULL,
  PRIMARY KEY (`id`),
  KEY `IDX_C952AE7385564492` (`create_user_id`),
  KEY `IDX_C952AE73E0DFCA6C` (`update_user_id`),
  KEY `IDX_C952AE73E710B4CF` (`remove_user_id`),
  KEY `IDX_C952AE73BAF0B6B8` (`il_id`)
) ENGINE=InnoDB DEFAULT CHARSET=utf8mb4 COLLATE=utf8mb4_unicode_ci;

-- --------------------------------------------------------

--
-- Tablo için tablo yapısı `iller`
--

CREATE TABLE IF NOT EXISTS `iller` (
  `id` int NOT NULL AUTO_INCREMENT,
  `create_user_id` int DEFAULT NULL,
  `update_user_id` int DEFAULT NULL,
  `remove_user_id` int DEFAULT NULL,
  `baslik` varchar(255) COLLATE utf8mb4_unicode_ci NOT NULL,
  `del` tinyint(1) NOT NULL,
  `create_date` datetime DEFAULT NULL,
  `update_date` datetime DEFAULT NULL,
  `remove_date` datetime DEFAULT NULL,
  PRIMARY KEY (`id`),
  KEY `IDX_C4BC172C85564492` (`create_user_id`),
  KEY `IDX_C4BC172CE0DFCA6C` (`update_user_id`),
  KEY `IDX_C4BC172CE710B4CF` (`remove_user_id`)
) ENGINE=InnoDB DEFAULT CHARSET=utf8mb4 COLLATE=utf8mb4_unicode_ci;

-- --------------------------------------------------------

--
-- Tablo için tablo yapısı `log_actions`
--

CREATE TABLE IF NOT EXISTS `log_actions` (
  `id` int NOT NULL AUTO_INCREMENT,
  `title` varchar(255) COLLATE utf8mb4_unicode_ci NOT NULL,
  PRIMARY KEY (`id`)
) ENGINE=InnoDB DEFAULT CHARSET=utf8mb4 COLLATE=utf8mb4_unicode_ci;

-- --------------------------------------------------------

--
-- Tablo için tablo yapısı `log_records`
--

CREATE TABLE IF NOT EXISTS `log_records` (
  `id` int NOT NULL AUTO_INCREMENT,
  `create_user_id` int DEFAULT NULL,
  `action_id` int DEFAULT NULL,
  `create_date` datetime NOT NULL,
  `path_name` varchar(255) COLLATE utf8mb4_unicode_ci NOT NULL,
  `page_name` varchar(255) COLLATE utf8mb4_unicode_ci NOT NULL,
  `record_code` varchar(255) COLLATE utf8mb4_unicode_ci NOT NULL,
  PRIMARY KEY (`id`),
  KEY `IDX_A45060D185564492` (`create_user_id`),
  KEY `IDX_A45060D19D32F035` (`action_id`)
) ENGINE=InnoDB DEFAULT CHARSET=utf8mb4 COLLATE=utf8mb4_unicode_ci;

-- --------------------------------------------------------

--
-- Tablo için tablo yapısı `main_affiliates`
--

CREATE TABLE IF NOT EXISTS `main_affiliates` (
  `id` int NOT NULL AUTO_INCREMENT,
  `position` int DEFAULT NULL,
  `is_enabled` tinyint(1) NOT NULL,
  `created_at` datetime NOT NULL,
  `updated_at` datetime DEFAULT NULL,
  `file_name` varchar(255) COLLATE utf8mb4_unicode_ci DEFAULT NULL,
  PRIMARY KEY (`id`)
) ENGINE=InnoDB AUTO_INCREMENT=6 DEFAULT CHARSET=utf8mb4 COLLATE=utf8mb4_unicode_ci;

--
-- Tablo döküm verisi `main_affiliates`
--

INSERT INTO `main_affiliates` (`id`, `position`, `is_enabled`, `created_at`, `updated_at`, `file_name`) VALUES
(1, NULL, 1, '2025-03-27 14:03:05', NULL, 'test-67e55a998112f.jpg'),
(2, NULL, 1, '2025-03-28 08:22:10', NULL, NULL),
(3, NULL, 1, '2025-03-28 08:23:34', NULL, NULL),
(4, NULL, 0, '2025-03-28 09:03:04', '2025-03-28 11:37:21', NULL),
(5, NULL, 1, '2025-04-07 06:09:08', NULL, NULL);

-- --------------------------------------------------------

--
-- Tablo için tablo yapısı `main_affiliates_images`
--

CREATE TABLE IF NOT EXISTS `main_affiliates_images` (
  `id` int NOT NULL AUTO_INCREMENT,
  `affiliate_id` int NOT NULL,
  `logo_name` varchar(255) COLLATE utf8mb4_unicode_ci NOT NULL,
  `image_name` varchar(255) COLLATE utf8mb4_unicode_ci NOT NULL,
  `file_size` int DEFAULT NULL,
  `is_default` tinyint(1) NOT NULL DEFAULT '0',
  PRIMARY KEY (`id`),
  KEY `IDX_8D2437BF9F12C49A` (`affiliate_id`)
) ENGINE=InnoDB AUTO_INCREMENT=4 DEFAULT CHARSET=utf8mb4 COLLATE=utf8mb4_unicode_ci;

--
-- Tablo döküm verisi `main_affiliates_images`
--

INSERT INTO `main_affiliates_images` (`id`, `affiliate_id`, `logo_name`, `image_name`, `file_size`, `is_default`) VALUES
(1, 3, 'test-67e65c8667e29.jpg', 'test-67e65c8667bc1.jpg', NULL, 0),
(2, 4, 'test-67e665c85be97.jpg', 'test-67e665c85bb72.jpg', NULL, 0),
(3, 5, 'test-67f36c047ea23.jpg', 'test-67f36c047d413.jpg', NULL, 0);

-- --------------------------------------------------------

--
-- Tablo için tablo yapısı `main_affiliates_langs`
--

CREATE TABLE IF NOT EXISTS `main_affiliates_langs` (
  `id` int NOT NULL AUTO_INCREMENT,
  `affiliate_id` int DEFAULT NULL,
  `lang_id` int DEFAULT NULL,
  `title` varchar(255) COLLATE utf8mb4_unicode_ci DEFAULT NULL,
  `description` longtext COLLATE utf8mb4_unicode_ci,
  `link` varchar(255) COLLATE utf8mb4_unicode_ci DEFAULT NULL,
  `alt` varchar(32) COLLATE utf8mb4_unicode_ci DEFAULT NULL,
  PRIMARY KEY (`id`),
  KEY `IDX_5EEEF8EE9F12C49A` (`affiliate_id`),
  KEY `IDX_5EEEF8EEB213FA4` (`lang_id`)
) ENGINE=InnoDB AUTO_INCREMENT=21 DEFAULT CHARSET=utf8mb4 COLLATE=utf8mb4_unicode_ci;

--
-- Tablo döküm verisi `main_affiliates_langs`
--

INSERT INTO `main_affiliates_langs` (`id`, `affiliate_id`, `lang_id`, `title`, `description`, `link`, `alt`) VALUES
(1, 1, 1, NULL, NULL, NULL, NULL),
(2, 1, 2, NULL, NULL, NULL, NULL),
(3, 1, 3, '<p>ss</p>', NULL, 'ss', NULL),
(4, 1, 4, NULL, NULL, NULL, NULL),
(5, 2, 1, NULL, NULL, NULL, NULL),
(6, 2, 2, NULL, NULL, NULL, NULL),
(7, 2, 3, NULL, NULL, NULL, NULL),
(8, 2, 4, NULL, NULL, NULL, NULL),
(9, 3, 1, '<p>ss</p>', NULL, 'ss', 'a'),
(10, 3, 2, NULL, NULL, NULL, 'b'),
(11, 3, 3, NULL, NULL, NULL, 'c'),
(12, 3, 4, NULL, NULL, NULL, 'd'),
(13, 4, 1, '<p>tesss</p>', '<p>adsadsaaas</p>', 'tests', 'aa'),
(14, 4, 2, NULL, NULL, NULL, 'bb'),
(15, 4, 3, NULL, NULL, NULL, 'ccc'),
(16, 4, 4, NULL, NULL, NULL, 'dd'),
(17, 5, 1, '<p>tes</p>', '<p>test</p>', 'ets', 'a'),
(18, 5, 2, NULL, NULL, NULL, 'v'),
(19, 5, 3, NULL, NULL, NULL, 'd'),
(20, 5, 4, NULL, NULL, NULL, 's');

-- --------------------------------------------------------

--
-- Tablo için tablo yapısı `main_banners`
--

CREATE TABLE IF NOT EXISTS `main_banners` (
  `id` int NOT NULL AUTO_INCREMENT,
  `banner_group_id` int DEFAULT NULL,
  `uuid` varchar(255) COLLATE utf8mb4_unicode_ci DEFAULT NULL,
  `alias` varchar(255) COLLATE utf8mb4_unicode_ci DEFAULT NULL,
  `is_enabled` tinyint(1) NOT NULL,
  `position` int DEFAULT NULL,
  `link` varchar(255) COLLATE utf8mb4_unicode_ci DEFAULT NULL,
  `image_file` varchar(100) COLLATE utf8mb4_unicode_ci DEFAULT NULL,
  `video_file` varchar(100) COLLATE utf8mb4_unicode_ci DEFAULT NULL,
  `mobile_image` varchar(255) COLLATE utf8mb4_unicode_ci DEFAULT NULL,
  `created_at` datetime DEFAULT NULL,
  `updated_at` datetime DEFAULT NULL,
  PRIMARY KEY (`id`),
  UNIQUE KEY `UNIQ_D1448C81D17F50A6` (`uuid`),
  KEY `IDX_D1448C81FC6D1764` (`banner_group_id`)
) ENGINE=InnoDB DEFAULT CHARSET=utf8mb4 COLLATE=utf8mb4_unicode_ci;

-- --------------------------------------------------------

--
-- Tablo için tablo yapısı `main_banner_groups`
--

CREATE TABLE IF NOT EXISTS `main_banner_groups` (
  `id` int NOT NULL AUTO_INCREMENT,
  `title` varchar(255) COLLATE utf8mb4_unicode_ci NOT NULL,
  `alias` varchar(255) COLLATE utf8mb4_unicode_ci NOT NULL,
  `image_size` varchar(50) COLLATE utf8mb4_unicode_ci DEFAULT NULL,
  `mobil_image_size` varchar(50) COLLATE utf8mb4_unicode_ci DEFAULT NULL,
  `is_mobile_image` tinyint(1) DEFAULT NULL,
  `is_video` tinyint(1) DEFAULT NULL,
  `created_at` datetime DEFAULT NULL,
  `updated_at` datetime DEFAULT NULL,
  PRIMARY KEY (`id`)
) ENGINE=InnoDB AUTO_INCREMENT=2 DEFAULT CHARSET=utf8mb4 COLLATE=utf8mb4_unicode_ci;

--
-- Tablo döküm verisi `main_banner_groups`
--

INSERT INTO `main_banner_groups` (`id`, `title`, `alias`, `image_size`, `mobil_image_size`, `is_mobile_image`, `is_video`, `created_at`, `updated_at`) VALUES
(1, 'Anasayfa', 'anasayfa', NULL, NULL, NULL, NULL, '2025-01-28 09:23:24', NULL);

-- --------------------------------------------------------

--
-- Tablo için tablo yapısı `main_banner_langs`
--

CREATE TABLE IF NOT EXISTS `main_banner_langs` (
  `id` int NOT NULL AUTO_INCREMENT,
  `banner_id` int DEFAULT NULL,
  `lang_id` int DEFAULT NULL,
  `title1` varchar(255) COLLATE utf8mb4_unicode_ci DEFAULT NULL,
  `title2` varchar(255) COLLATE utf8mb4_unicode_ci DEFAULT NULL,
  `created_at` datetime DEFAULT NULL,
  `updated_at` datetime DEFAULT NULL,
  PRIMARY KEY (`id`),
  KEY `IDX_C544255684EC833` (`banner_id`),
  KEY `IDX_C544255B213FA4` (`lang_id`)
) ENGINE=InnoDB DEFAULT CHARSET=utf8mb4 COLLATE=utf8mb4_unicode_ci;

-- --------------------------------------------------------

--
-- Tablo için tablo yapısı `main_banner_other_medias`
--

CREATE TABLE IF NOT EXISTS `main_banner_other_medias` (
  `id` int NOT NULL AUTO_INCREMENT,
  `banner_id` int DEFAULT NULL,
  `filename` varchar(100) COLLATE utf8mb4_unicode_ci DEFAULT NULL,
  `type` varchar(100) COLLATE utf8mb4_unicode_ci DEFAULT NULL,
  `position` int DEFAULT NULL,
  `link` varchar(255) COLLATE utf8mb4_unicode_ci DEFAULT NULL,
  `created_at` datetime DEFAULT NULL,
  `updated_at` datetime DEFAULT NULL,
  PRIMARY KEY (`id`),
  KEY `IDX_18A411E0684EC833` (`banner_id`)
) ENGINE=InnoDB DEFAULT CHARSET=utf8mb4 COLLATE=utf8mb4_unicode_ci;

-- --------------------------------------------------------

--
-- Tablo için tablo yapısı `main_campaign`
--

CREATE TABLE IF NOT EXISTS `main_campaign` (
  `id` int NOT NULL AUTO_INCREMENT,
  `campaign_type_id` int NOT NULL,
  `is_enabled` tinyint(1) NOT NULL DEFAULT '1',
  `del` tinyint(1) NOT NULL DEFAULT '0',
  `created_at` datetime NOT NULL,
  `updated_at` datetime DEFAULT NULL,
  `show_home` tinyint(1) NOT NULL DEFAULT '0',
  `all_products` tinyint(1) NOT NULL DEFAULT '0',
  `start_date` datetime DEFAULT NULL,
  `end_date` datetime DEFAULT NULL,
  `min_price` smallint NOT NULL DEFAULT '0',
  `buy_by` char(1) COLLATE utf8mb4_unicode_ci DEFAULT NULL,
  `pay_by` char(1) COLLATE utf8mb4_unicode_ci DEFAULT NULL,
  `th_order` smallint DEFAULT NULL,
  `free_shipping` tinyint(1) NOT NULL DEFAULT '0',
  `percent_discount` tinyint(1) NOT NULL DEFAULT '1',
  `discount_amount` smallint DEFAULT NULL,
  `private` tinyint(1) NOT NULL DEFAULT '0',
  `deleted_at` datetime DEFAULT NULL,
  PRIMARY KEY (`id`),
  KEY `IDX_C63703A86DF610BF` (`campaign_type_id`)
) ENGINE=InnoDB AUTO_INCREMENT=3 DEFAULT CHARSET=utf8mb4 COLLATE=utf8mb4_unicode_ci;

--
-- Tablo döküm verisi `main_campaign`
--

INSERT INTO `main_campaign` (`id`, `campaign_type_id`, `is_enabled`, `del`, `created_at`, `updated_at`, `show_home`, `all_products`, `start_date`, `end_date`, `min_price`, `buy_by`, `pay_by`, `th_order`, `free_shipping`, `percent_discount`, `discount_amount`, `private`, `deleted_at`) VALUES
(1, 1, 1, 0, '2025-02-14 06:38:50', NULL, 0, 1, NULL, NULL, 0, NULL, NULL, NULL, 0, 1, 10, 0, NULL),
(2, 4, 1, 0, '2025-02-14 06:55:49', NULL, 1, 0, NULL, NULL, 0, '3', '2', NULL, 0, 1, 0, 0, NULL);

-- --------------------------------------------------------

--
-- Tablo için tablo yapısı `main_campaign_lang`
--

CREATE TABLE IF NOT EXISTS `main_campaign_lang` (
  `id` int NOT NULL AUTO_INCREMENT,
  `campaign_id` int DEFAULT NULL,
  `lang_id` int DEFAULT NULL,
  `description` varchar(255) COLLATE utf8mb4_unicode_ci DEFAULT NULL,
  `alias` varchar(255) COLLATE utf8mb4_unicode_ci DEFAULT NULL,
  `title` varchar(128) COLLATE utf8mb4_unicode_ci DEFAULT NULL,
  PRIMARY KEY (`id`),
  KEY `IDX_824A0C1DF639F774` (`campaign_id`),
  KEY `IDX_824A0C1DB213FA4` (`lang_id`)
) ENGINE=InnoDB AUTO_INCREMENT=3 DEFAULT CHARSET=utf8mb4 COLLATE=utf8mb4_unicode_ci;

--
-- Tablo döküm verisi `main_campaign_lang`
--

INSERT INTO `main_campaign_lang` (`id`, `campaign_id`, `lang_id`, `description`, `alias`, `title`) VALUES
(1, 1, 1, 'Kampanya stoklarla sınırlıdır.', 'tum-urunlerde-10-indirim', 'Tüm ürünlerde %10 indirim'),
(2, 2, 1, 'Kampanya stoklarla sınırlıdır.', 'urun-2-lerde-3-al-2-ode-kampanyasi', 'Ürün 2\'lerde 3 al 2 öde kampanyası! ');

-- --------------------------------------------------------

--
-- Tablo için tablo yapısı `main_campaign_products`
--

CREATE TABLE IF NOT EXISTS `main_campaign_products` (
  `id` int NOT NULL AUTO_INCREMENT,
  `campaign_id` int NOT NULL,
  `category_id` int DEFAULT NULL,
  `product_id` int DEFAULT NULL,
  `campaign_product_id` int DEFAULT NULL,
  PRIMARY KEY (`id`),
  KEY `IDX_E6FC5E58F639F774` (`campaign_id`),
  KEY `IDX_E6FC5E5812469DE2` (`category_id`),
  KEY `IDX_E6FC5E584584665A` (`product_id`),
  KEY `IDX_E6FC5E58829346F2` (`campaign_product_id`)
) ENGINE=InnoDB AUTO_INCREMENT=2 DEFAULT CHARSET=utf8mb4 COLLATE=utf8mb4_unicode_ci;

--
-- Tablo döküm verisi `main_campaign_products`
--

INSERT INTO `main_campaign_products` (`id`, `campaign_id`, `category_id`, `product_id`, `campaign_product_id`) VALUES
(1, 2, NULL, 2, NULL);

-- --------------------------------------------------------

--
-- Tablo için tablo yapısı `main_campaign_types`
--

CREATE TABLE IF NOT EXISTS `main_campaign_types` (
  `id` int NOT NULL AUTO_INCREMENT,
  `created_at` datetime NOT NULL,
  `updated_at` datetime DEFAULT NULL,
  `title` varchar(32) COLLATE utf8mb4_unicode_ci NOT NULL,
  `description` varchar(128) COLLATE utf8mb4_unicode_ci DEFAULT NULL,
  `alias` varchar(32) COLLATE utf8mb4_unicode_ci NOT NULL,
  `is_enabled` tinyint(1) NOT NULL DEFAULT '1',
  PRIMARY KEY (`id`)
) ENGINE=InnoDB AUTO_INCREMENT=6 DEFAULT CHARSET=utf8mb4 COLLATE=utf8mb4_unicode_ci;

--
-- Tablo döküm verisi `main_campaign_types`
--

INSERT INTO `main_campaign_types` (`id`, `created_at`, `updated_at`, `title`, `description`, `alias`, `is_enabled`) VALUES
(1, '2025-02-07 11:30:00', NULL, 'Ürün İndirimi', 'Seçili ürünlere indirim uygular.', 'product_discount', 1),
(2, '2025-02-07 11:30:00', NULL, 'Sepette İndirim', 'Seçili ürünlere sepette indirim uygular.', 'basket_discount', 1),
(3, '2025-02-07 11:30:00', NULL, 'Üyelere Özel', 'Üyelerin sipariş sayısına göre sepette indirim uygular (Örn: İlk siparişe, 10. siparişe, 100. siparişe özel).', 'member_order', 1),
(4, '2025-02-07 11:30:00', NULL, 'Al/Öde', 'Alınan ürün sayısına göre sepette indirim uygular (Örn: 3 al 2 öde).', 'buy_pay', 1),
(5, '2025-02-07 11:30:00', NULL, 'Promosyon', 'Alınan ürüne göre ek ürün\'lere sepette indirim uygular (Örn: Yastık alana kılıfı bedava).', 'promotion', 1);

-- --------------------------------------------------------

--
-- Tablo için tablo yapısı `main_cargo_dhl_country_groups`
--

CREATE TABLE IF NOT EXISTS `main_cargo_dhl_country_groups` (
  `id` int NOT NULL AUTO_INCREMENT,
  `code` varchar(255) COLLATE utf8mb4_unicode_ci NOT NULL,
  `name` varchar(255) COLLATE utf8mb4_unicode_ci NOT NULL,
  PRIMARY KEY (`id`)
) ENGINE=InnoDB DEFAULT CHARSET=utf8mb4 COLLATE=utf8mb4_unicode_ci;

-- --------------------------------------------------------

--
-- Tablo için tablo yapısı `main_cargo_firms`
--

CREATE TABLE IF NOT EXISTS `main_cargo_firms` (
  `id` int NOT NULL AUTO_INCREMENT,
  `name` varchar(255) COLLATE utf8mb4_unicode_ci NOT NULL,
  `alias` varchar(255) COLLATE utf8mb4_unicode_ci NOT NULL,
  `price` double DEFAULT NULL,
  `free_shipping_limit` double DEFAULT NULL,
  `is_enabled` tinyint(1) DEFAULT NULL,
  `is_default` tinyint(1) DEFAULT NULL,
  `created_at` datetime DEFAULT NULL,
  `updated_at` datetime DEFAULT NULL,
  PRIMARY KEY (`id`)
) ENGINE=InnoDB DEFAULT CHARSET=utf8mb4 COLLATE=utf8mb4_unicode_ci;

-- --------------------------------------------------------

--
-- Tablo için tablo yapısı `main_categories`
--

CREATE TABLE IF NOT EXISTS `main_categories` (
  `id` int NOT NULL AUTO_INCREMENT,
  `parent_category_id` int DEFAULT NULL,
  `code` varchar(255) COLLATE utf8mb4_unicode_ci DEFAULT NULL,
  `position` int DEFAULT NULL,
  `is_enabled` tinyint(1) NOT NULL,
  `del` tinyint(1) NOT NULL DEFAULT '0',
  `image` varchar(155) COLLATE utf8mb4_unicode_ci DEFAULT NULL,
  `created_at` datetime DEFAULT NULL,
  `updated_at` datetime DEFAULT NULL,
  PRIMARY KEY (`id`),
  KEY `IDX_20B320B796A8F92` (`parent_category_id`)
) ENGINE=InnoDB AUTO_INCREMENT=6 DEFAULT CHARSET=utf8mb4 COLLATE=utf8mb4_unicode_ci;

--
-- Tablo döküm verisi `main_categories`
--

INSERT INTO `main_categories` (`id`, `parent_category_id`, `code`, `position`, `is_enabled`, `del`, `image`, `created_at`, `updated_at`) VALUES
(1, NULL, 'kategori1', NULL, 1, 0, NULL, NULL, NULL),
(2, 1, 'cug0001', NULL, 1, 0, NULL, NULL, NULL),
(3, 2, 'bg0001', NULL, 1, 0, NULL, NULL, NULL),
(4, 1, 'k1a2', NULL, 1, 0, NULL, NULL, NULL),
(5, 4, 'k1k1a2a', NULL, 1, 0, NULL, NULL, NULL);

-- --------------------------------------------------------

--
-- Tablo için tablo yapısı `main_category_images`
--

CREATE TABLE IF NOT EXISTS `main_category_images` (
  `id` int NOT NULL AUTO_INCREMENT,
  `category_id` int DEFAULT NULL,
  `type` varchar(255) COLLATE utf8mb4_unicode_ci NOT NULL,
  `title` varchar(255) COLLATE utf8mb4_unicode_ci DEFAULT NULL,
  `is_default` tinyint(1) DEFAULT NULL,
  `filename` varchar(255) COLLATE utf8mb4_unicode_ci DEFAULT NULL,
  `filesize` int NOT NULL,
  `created_at` datetime DEFAULT NULL,
  `updated_at` datetime DEFAULT NULL,
  PRIMARY KEY (`id`),
  KEY `IDX_7970D0D412469DE2` (`category_id`)
) ENGINE=InnoDB DEFAULT CHARSET=utf8mb4 COLLATE=utf8mb4_unicode_ci;

-- --------------------------------------------------------

--
-- Tablo için tablo yapısı `main_category_lang`
--

CREATE TABLE IF NOT EXISTS `main_category_lang` (
  `id` int NOT NULL AUTO_INCREMENT,
  `category_id` int DEFAULT NULL,
  `lang_id` int DEFAULT NULL,
  `name` varchar(255) COLLATE utf8mb4_unicode_ci DEFAULT NULL,
  `alias` varchar(255) COLLATE utf8mb4_unicode_ci DEFAULT NULL,
  `meta_description` varchar(255) COLLATE utf8mb4_unicode_ci DEFAULT NULL,
  PRIMARY KEY (`id`),
  KEY `IDX_8364DB812469DE2` (`category_id`),
  KEY `IDX_8364DB8B213FA4` (`lang_id`)
) ENGINE=InnoDB AUTO_INCREMENT=6 DEFAULT CHARSET=utf8mb4 COLLATE=utf8mb4_unicode_ci;

--
-- Tablo döküm verisi `main_category_lang`
--

INSERT INTO `main_category_lang` (`id`, `category_id`, `lang_id`, `name`, `alias`, `meta_description`) VALUES
(1, 1, 1, 'kategori1', 'kategori1', 'kategori1'),
(2, 2, 1, 'kategori 1 alt', 'kategori-1-alt', 'kategori 1 alt'),
(3, 3, 1, 'kategori1 alt alt', 'kategori1-alt-alt', 'kategori1 alt alt'),
(4, 4, 1, 'kategori 1 alt 2', 'kategori-1-alt-2', 'kategori 1 alt 2'),
(5, 5, 1, 'kategori 1 alt 2 alt', 'kategori-1-alt-2-alt', 'kategori 1 alt 2 alt');

-- --------------------------------------------------------

--
-- Tablo için tablo yapısı `main_contact`
--

CREATE TABLE IF NOT EXISTS `main_contact` (
  `id` int NOT NULL AUTO_INCREMENT,
  `company_name` varchar(255) COLLATE utf8mb4_unicode_ci DEFAULT NULL,
  `phone_number` varchar(255) COLLATE utf8mb4_unicode_ci DEFAULT NULL,
  `customer_service_number` varchar(255) COLLATE utf8mb4_unicode_ci DEFAULT NULL,
  `email` varchar(255) COLLATE utf8mb4_unicode_ci DEFAULT NULL,
  `address` varchar(255) COLLATE utf8mb4_unicode_ci DEFAULT NULL,
  `week_day` varchar(255) COLLATE utf8mb4_unicode_ci DEFAULT NULL,
  `week_end` varchar(255) COLLATE utf8mb4_unicode_ci DEFAULT NULL,
  `facebook_link` varchar(255) COLLATE utf8mb4_unicode_ci DEFAULT NULL,
  `twitter_link` varchar(255) COLLATE utf8mb4_unicode_ci DEFAULT NULL,
  `instagram_link` varchar(255) COLLATE utf8mb4_unicode_ci DEFAULT NULL,
  `youtube_link` varchar(255) COLLATE utf8mb4_unicode_ci DEFAULT NULL,
  `map_code` longtext COLLATE utf8mb4_unicode_ci,
  `image_file` varchar(100) COLLATE utf8mb4_unicode_ci DEFAULT NULL,
  `created_at` datetime DEFAULT NULL,
  `updated_at` datetime DEFAULT NULL,
  PRIMARY KEY (`id`)
) ENGINE=InnoDB DEFAULT CHARSET=utf8mb4 COLLATE=utf8mb4_unicode_ci;

-- --------------------------------------------------------

--
-- Tablo için tablo yapısı `main_credit_card`
--

CREATE TABLE IF NOT EXISTS `main_credit_card` (
  `id` int NOT NULL AUTO_INCREMENT,
  `title` varchar(255) COLLATE utf8mb4_unicode_ci DEFAULT NULL,
  `resim` varchar(255) COLLATE utf8mb4_unicode_ci DEFAULT NULL,
  `taksit1` varchar(255) COLLATE utf8mb4_unicode_ci DEFAULT NULL,
  `taksit2` varchar(255) COLLATE utf8mb4_unicode_ci DEFAULT NULL,
  `taksit3` varchar(255) COLLATE utf8mb4_unicode_ci DEFAULT NULL,
  `taksit6` varchar(255) COLLATE utf8mb4_unicode_ci DEFAULT NULL,
  `taksit9` varchar(255) COLLATE utf8mb4_unicode_ci DEFAULT NULL,
  `taksit12` varchar(255) COLLATE utf8mb4_unicode_ci DEFAULT NULL,
  `created_at` datetime DEFAULT NULL,
  `updated_at` datetime DEFAULT NULL,
  PRIMARY KEY (`id`)
) ENGINE=InnoDB DEFAULT CHARSET=utf8mb4 COLLATE=utf8mb4_unicode_ci;

-- --------------------------------------------------------

--
-- Tablo için tablo yapısı `main_cusotmer_packages`
--

CREATE TABLE IF NOT EXISTS `main_cusotmer_packages` (
  `id` int NOT NULL AUTO_INCREMENT,
  `title` varchar(100) COLLATE utf8mb4_unicode_ci NOT NULL,
  `alias` varchar(100) COLLATE utf8mb4_unicode_ci NOT NULL,
  `discount_rate` double DEFAULT NULL,
  `amount_limit` double DEFAULT NULL,
  `position` int DEFAULT NULL,
  `is_enabled` tinyint(1) NOT NULL DEFAULT '1',
  `color` varchar(50) COLLATE utf8mb4_unicode_ci DEFAULT NULL,
  `created_at` datetime DEFAULT NULL,
  `updated_at` datetime DEFAULT NULL,
  PRIMARY KEY (`id`)
) ENGINE=InnoDB DEFAULT CHARSET=utf8mb4 COLLATE=utf8mb4_unicode_ci;

-- --------------------------------------------------------

--
-- Tablo için tablo yapısı `main_cusotmer_package_histories`
--

CREATE TABLE IF NOT EXISTS `main_cusotmer_package_histories` (
  `id` int NOT NULL AUTO_INCREMENT,
  `customer_id` int DEFAULT NULL,
  `customer_package_id` int DEFAULT NULL,
  `total_order_amount` double DEFAULT NULL,
  `created_at` datetime DEFAULT NULL,
  `updated_at` datetime DEFAULT NULL,
  PRIMARY KEY (`id`),
  KEY `IDX_B47A394A9395C3F3` (`customer_id`),
  KEY `IDX_B47A394A985AF7D` (`customer_package_id`)
) ENGINE=InnoDB DEFAULT CHARSET=utf8mb4 COLLATE=utf8mb4_unicode_ci;

-- --------------------------------------------------------

--
-- Tablo için tablo yapısı `main_customers`
--

CREATE TABLE IF NOT EXISTS `main_customers` (
  `id` int NOT NULL AUTO_INCREMENT,
  `user_id` int NOT NULL,
  `newsletter_id` int DEFAULT NULL,
  `customer_type_id` int DEFAULT NULL,
  `customer_package_id` int DEFAULT NULL,
  `company_name` varchar(100) COLLATE utf8mb4_unicode_ci DEFAULT NULL,
  `vd` varchar(50) COLLATE utf8mb4_unicode_ci DEFAULT NULL,
  `vn` varchar(50) COLLATE utf8mb4_unicode_ci DEFAULT NULL,
  `tc_no` varchar(15) COLLATE utf8mb4_unicode_ci DEFAULT NULL,
  `is_register` tinyint(1) DEFAULT NULL,
  `subscribed_to_newsletter` tinyint(1) DEFAULT NULL,
  `discount_rate` double DEFAULT NULL,
  `balance` double DEFAULT NULL,
  `payment_type` varchar(255) COLLATE utf8mb4_unicode_ci DEFAULT NULL,
  `created_at` datetime DEFAULT NULL,
  `updated_at` datetime DEFAULT NULL,
  PRIMARY KEY (`id`),
  UNIQUE KEY `UNIQ_42E5E983A76ED395` (`user_id`),
  UNIQUE KEY `UNIQ_42E5E98322DB1917` (`newsletter_id`),
  KEY `IDX_42E5E983D991282D` (`customer_type_id`),
  KEY `IDX_42E5E983985AF7D` (`customer_package_id`)
) ENGINE=InnoDB AUTO_INCREMENT=2 DEFAULT CHARSET=utf8mb4 COLLATE=utf8mb4_unicode_ci;

--
-- Tablo döküm verisi `main_customers`
--

INSERT INTO `main_customers` (`id`, `user_id`, `newsletter_id`, `customer_type_id`, `customer_package_id`, `company_name`, `vd`, `vn`, `tc_no`, `is_register`, `subscribed_to_newsletter`, `discount_rate`, `balance`, `payment_type`, `created_at`, `updated_at`) VALUES
(1, 2, NULL, NULL, NULL, 'sd', NULL, NULL, NULL, 1, 1, 0, NULL, NULL, NULL, NULL);

-- --------------------------------------------------------

--
-- Tablo için tablo yapısı `main_customer_addresses`
--

CREATE TABLE IF NOT EXISTS `main_customer_addresses` (
  `id` int NOT NULL AUTO_INCREMENT,
  `user_id` int DEFAULT NULL,
  `country_id` int DEFAULT NULL,
  `city_id` int DEFAULT NULL,
  `district_id` int DEFAULT NULL,
  `title` varchar(255) COLLATE utf8mb4_unicode_ci DEFAULT NULL,
  `first_name` varchar(255) COLLATE utf8mb4_unicode_ci DEFAULT NULL,
  `last_name` varchar(255) COLLATE utf8mb4_unicode_ci DEFAULT NULL,
  `full_name` varchar(255) COLLATE utf8mb4_unicode_ci DEFAULT NULL,
  `phone_number` varchar(255) COLLATE utf8mb4_unicode_ci DEFAULT NULL,
  `address` varchar(255) COLLATE utf8mb4_unicode_ci DEFAULT NULL,
  `postcode` varchar(255) COLLATE utf8mb4_unicode_ci DEFAULT NULL,
  `invoice_type` varchar(10) COLLATE utf8mb4_unicode_ci DEFAULT NULL,
  `company_name` varchar(255) COLLATE utf8mb4_unicode_ci DEFAULT NULL,
  `vd` varchar(255) COLLATE utf8mb4_unicode_ci DEFAULT NULL,
  `vn` varchar(255) COLLATE utf8mb4_unicode_ci DEFAULT NULL,
  `tc_no` varchar(255) COLLATE utf8mb4_unicode_ci DEFAULT NULL,
  `guest_email` varchar(255) COLLATE utf8mb4_unicode_ci DEFAULT NULL,
  `is_default` tinyint(1) DEFAULT NULL,
  `created_at` datetime DEFAULT NULL,
  `updated_at` datetime DEFAULT NULL,
  PRIMARY KEY (`id`),
  KEY `IDX_EAE4B65FA76ED395` (`user_id`),
  KEY `IDX_EAE4B65FF92F3E70` (`country_id`),
  KEY `IDX_EAE4B65F8BAC62AF` (`city_id`),
  KEY `IDX_EAE4B65FB08FA272` (`district_id`)
) ENGINE=InnoDB AUTO_INCREMENT=23 DEFAULT CHARSET=utf8mb4 COLLATE=utf8mb4_unicode_ci;

--
-- Tablo döküm verisi `main_customer_addresses`
--

INSERT INTO `main_customer_addresses` (`id`, `user_id`, `country_id`, `city_id`, `district_id`, `title`, `first_name`, `last_name`, `full_name`, `phone_number`, `address`, `postcode`, `invoice_type`, `company_name`, `vd`, `vn`, `tc_no`, `guest_email`, `is_default`, `created_at`, `updated_at`) VALUES
(1, 2, NULL, 3665, 48384, 'asdf', 'asdf', 'asdf', 'Asdf ASDF', '(055) 539-9555', 'Test', '20050', '1', NULL, NULL, NULL, '', NULL, 1, NULL, NULL),
(2, 3, NULL, 3666, 48403, NULL, 'Technoone', 'Test', 'Technoone TEST', '(234) 113-2413', 'Test', '1234', '1', '', '', '', NULL, '_@_._omertechnoone.c_om._t', NULL, NULL, NULL),
(3, 4, NULL, 3665, 48382, NULL, 'Ömer', 'Çetin', 'Ömer ÇETİN', '(053) 448-2849', 'Technoone', '20050', '1', '', '', '', NULL, 't1@technoone.com.tr', NULL, NULL, NULL),
(4, 5, NULL, 3666, 48402, NULL, 'Ömer', 'Çetin', 'Ömer ÇETİN', '(053) 448-2849', 'Technoone', '20050', '1', '', '', '', NULL, 't2@technoone.com.tr', NULL, NULL, NULL),
(5, 6, NULL, 3664, 48374, NULL, 'Ömer', 'Çetin', 'Ömer ÇETİN', '(053) 448-2849', 'Technoone', '20', '1', '', '', '', NULL, 't3@technoone.com.tr', NULL, NULL, NULL),
(6, 7, NULL, 3665, 48384, NULL, 'Ömer', 'Çetin', 'Ömer ÇETİN', '(053) 448-2849', 'Technoone', '23423', '1', '', '', '', NULL, 't4@technoone.com.tr', NULL, NULL, NULL),
(7, 8, NULL, 3673, 48492, NULL, 'Technoone', 'Test', 'Technoone TEST', '(053) 448-2849', 'Test', '12312', '1', '', '', '', NULL, 't5@technoone.com.tr', NULL, NULL, NULL),
(8, 9, NULL, 3665, 48383, NULL, 'Technoone', 'Test', 'Technoone TEST', '(055) 539-9555', 'Test', '234', '1', '', '', '', NULL, 'omertechnoone@t.com', NULL, NULL, NULL),
(9, 2, NULL, 3665, 48384, 'weqrqw', 'Technoone', 'Test', 'Technoone TEST', '(234) 234-2342', 'Test', '23423', '2', '', '', '', NULL, NULL, 0, NULL, NULL),
(10, 2, NULL, 3665, 48384, 'weqrqw', 'Technoone', 'Test', 'Technoone TEST', '(234) 234-2342', 'Test', '23423', '2', '', '', '', NULL, NULL, 0, NULL, NULL),
(11, 2, NULL, 3664, 48372, 'İş Adresim', 'Technoone', 'Test', 'Technoone TEST', '(055) 539-9555', 'Denizli Pamukkale Hüsein yılmaz cad Kınıklı mah. Denizli', '12321', '1', NULL, NULL, NULL, '', NULL, 0, NULL, NULL),
(12, 10, NULL, 3687, 48644, NULL, 'Ömer', 'Technoone', 'Ömer TECHNOONE', '(505) 399-5555', 'Denizli', '20200', '1', '', '', '', NULL, 'omer@technoone.com.tr', NULL, NULL, NULL),
(13, 11, NULL, 3687, 48644, NULL, 'Ömer', 'Technoone', 'Ömer TECHNOONE', '(544) 596-5924', 'Teknokent', '20000', '1', '', '', '', NULL, 'omer@technoone.com.tr', NULL, NULL, NULL),
(14, 12, NULL, 3687, 48643, NULL, 'Ömer', 'Technoone', 'Ömer TECHNOONE', '(505) 399-5555', 'omer@technoone.com.tr', '20000', '1', '', '', '', NULL, 'omer@technoone.com.tr', NULL, NULL, NULL),
(15, 13, NULL, 3687, 48644, NULL, 'Ömer', 'Technoone', 'Ömer TECHNOONE', '(505) 399-5555', 'Teknokent', '20000', '1', '', '', '', NULL, 'omer@technoone.com.tr', NULL, NULL, NULL),
(16, 14, NULL, 3687, 48644, NULL, 'Ömer', 'Technoone', 'Ömer TECHNOONE', '(505) 399-5555', 'Teknokent', '20000', '1', '', '', '', NULL, 'omer@technoone.com.tr', NULL, NULL, NULL),
(17, 15, NULL, 3687, 48644, NULL, 'Ömer', 'Technoone', 'Ömer TECHNOONE', '(505) 399-5555', 'Teknokent', '20000', '1', '', '', '', NULL, 'omer@technoone.com.tr', NULL, NULL, NULL),
(18, 16, NULL, 3666, 48401, NULL, 'Ömer ', 'Technoone', 'Ömer  TECHNOONE', '(243) 243-2423', 'dsadasd', '200000', '1', '', '', '', NULL, 'odasjd@dsadasdas.com', NULL, NULL, NULL),
(19, 17, NULL, 3664, 48373, NULL, 'Ömer', 'Technoone', 'Ömer TECHNOONE', '(505) 399-5555', 'Teknokent', '20000', '1', '', '', '', NULL, 'omer@technoone.com.tr', NULL, NULL, NULL),
(20, 18, NULL, 3687, 48644, NULL, 'Ömer', 'Technoone', 'Ömer TECHNOONE', '(505) 399-5555', 'Teknokent', '20000', '1', '', '', '', NULL, 'omer@technoone.com.tr', NULL, NULL, NULL),
(21, 19, NULL, 3687, 48644, NULL, 'Ömer', 'Technoone', 'Ömer TECHNOONE', '(505) 399-5555', 'Teknokent', '20200', '1', '', '', '', NULL, 'omer@technoone.com.tr', NULL, NULL, NULL),
(22, 20, NULL, 3687, 48644, NULL, 'Ömer', 'Technoone', 'Ömer TECHNOONE', '(505) 399-5555', 'Teknokent', '20200', '1', '', '', '', NULL, 'omer@technoone.com.tr', NULL, NULL, NULL);

-- --------------------------------------------------------

--
-- Tablo için tablo yapısı `main_customer_balance_histories`
--

CREATE TABLE IF NOT EXISTS `main_customer_balance_histories` (
  `id` int NOT NULL AUTO_INCREMENT,
  `user_id` int DEFAULT NULL,
  `order_id` int DEFAULT NULL,
  `operation_type` varchar(10) COLLATE utf8mb4_unicode_ci DEFAULT NULL,
  `amount` double DEFAULT NULL,
  `available_balance` double DEFAULT NULL,
  `is_order_cancellation` tinyint(1) DEFAULT NULL,
  `created_at` datetime DEFAULT NULL,
  `updated_at` datetime DEFAULT NULL,
  PRIMARY KEY (`id`),
  KEY `IDX_8B3CFAEAA76ED395` (`user_id`),
  KEY `IDX_8B3CFAEA8D9F6D38` (`order_id`)
) ENGINE=InnoDB DEFAULT CHARSET=utf8mb4 COLLATE=utf8mb4_unicode_ci;

-- --------------------------------------------------------

--
-- Tablo için tablo yapısı `main_customer_newsletter`
--

CREATE TABLE IF NOT EXISTS `main_customer_newsletter` (
  `id` int NOT NULL AUTO_INCREMENT,
  `customer_id` int DEFAULT NULL,
  `email` varchar(50) COLLATE utf8mb4_unicode_ci NOT NULL,
  `created_at` datetime DEFAULT NULL,
  `updated_at` datetime DEFAULT NULL,
  PRIMARY KEY (`id`),
  UNIQUE KEY `UNIQ_7100523F9395C3F3` (`customer_id`)
) ENGINE=InnoDB AUTO_INCREMENT=3 DEFAULT CHARSET=utf8mb4 COLLATE=utf8mb4_unicode_ci;

--
-- Tablo döküm verisi `main_customer_newsletter`
--

INSERT INTO `main_customer_newsletter` (`id`, `customer_id`, `email`, `created_at`, `updated_at`) VALUES
(1, NULL, 'omer@technoone.com.tr', NULL, NULL),
(2, NULL, 'omaser@technoone.com.tr', NULL, NULL);

-- --------------------------------------------------------

--
-- Tablo için tablo yapısı `main_customer_options`
--

CREATE TABLE IF NOT EXISTS `main_customer_options` (
  `id` int NOT NULL AUTO_INCREMENT,
  `title` varchar(255) COLLATE utf8mb4_unicode_ci DEFAULT NULL,
  `code` varchar(255) COLLATE utf8mb4_unicode_ci DEFAULT NULL,
  `configration` longtext COLLATE utf8mb4_unicode_ci COMMENT '(DC2Type:array)',
  `is_enabled` tinyint(1) NOT NULL,
  `created_at` datetime DEFAULT NULL,
  `updated_at` datetime DEFAULT NULL,
  PRIMARY KEY (`id`)
) ENGINE=InnoDB DEFAULT CHARSET=utf8mb4 COLLATE=utf8mb4_unicode_ci;

-- --------------------------------------------------------

--
-- Tablo için tablo yapısı `main_customer_option_assings`
--

CREATE TABLE IF NOT EXISTS `main_customer_option_assings` (
  `id` int NOT NULL AUTO_INCREMENT,
  `customer_id` int DEFAULT NULL,
  `customer_option_id` int DEFAULT NULL,
  `created_at` datetime DEFAULT NULL,
  `updated_at` datetime DEFAULT NULL,
  PRIMARY KEY (`id`),
  KEY `IDX_3976955B9395C3F3` (`customer_id`),
  KEY `IDX_3976955BC39E575` (`customer_option_id`)
) ENGINE=InnoDB DEFAULT CHARSET=utf8mb4 COLLATE=utf8mb4_unicode_ci;

-- --------------------------------------------------------

--
-- Tablo için tablo yapısı `main_customer_types`
--

CREATE TABLE IF NOT EXISTS `main_customer_types` (
  `id` int NOT NULL AUTO_INCREMENT,
  `alias` varchar(255) COLLATE utf8mb4_unicode_ci NOT NULL,
  `created_at` datetime DEFAULT NULL,
  `updated_at` datetime DEFAULT NULL,
  PRIMARY KEY (`id`)
) ENGINE=InnoDB DEFAULT CHARSET=utf8mb4 COLLATE=utf8mb4_unicode_ci;

-- --------------------------------------------------------

--
-- Tablo için tablo yapısı `main_faq`
--

CREATE TABLE IF NOT EXISTS `main_faq` (
  `id` int NOT NULL AUTO_INCREMENT,
  `is_enabled` tinyint(1) NOT NULL,
  `position` int DEFAULT NULL,
  `created_at` datetime DEFAULT NULL,
  `updated_at` datetime DEFAULT NULL,
  PRIMARY KEY (`id`)
) ENGINE=InnoDB DEFAULT CHARSET=utf8mb4 COLLATE=utf8mb4_unicode_ci;

-- --------------------------------------------------------

--
-- Tablo için tablo yapısı `main_faq_langs`
--

CREATE TABLE IF NOT EXISTS `main_faq_langs` (
  `id` int NOT NULL AUTO_INCREMENT,
  `faq_id` int DEFAULT NULL,
  `lang_id` int DEFAULT NULL,
  `title` varchar(255) COLLATE utf8mb4_unicode_ci DEFAULT NULL,
  `description` longtext COLLATE utf8mb4_unicode_ci,
  PRIMARY KEY (`id`),
  KEY `IDX_3CE1BB5C81BEC8C2` (`faq_id`),
  KEY `IDX_3CE1BB5CB213FA4` (`lang_id`)
) ENGINE=InnoDB DEFAULT CHARSET=utf8mb4 COLLATE=utf8mb4_unicode_ci;

-- --------------------------------------------------------

--
-- Tablo için tablo yapısı `main_news`
--

CREATE TABLE IF NOT EXISTS `main_news` (
  `id` int NOT NULL AUTO_INCREMENT,
  `position` int DEFAULT NULL,
  `is_enabled` tinyint(1) NOT NULL,
  `created_at` datetime NOT NULL,
  `updated_at` datetime DEFAULT NULL,
  `file_name` varchar(255) COLLATE utf8mb4_unicode_ci DEFAULT NULL,
  PRIMARY KEY (`id`)
) ENGINE=InnoDB DEFAULT CHARSET=utf8mb4 COLLATE=utf8mb4_unicode_ci;

-- --------------------------------------------------------

--
-- Tablo için tablo yapısı `main_news_images`
--

CREATE TABLE IF NOT EXISTS `main_news_images` (
  `id` int NOT NULL AUTO_INCREMENT,
  `new_id` int NOT NULL,
  `image_name` varchar(255) COLLATE utf8mb4_unicode_ci NOT NULL,
  `file_size` int DEFAULT NULL,
  `is_default` tinyint(1) NOT NULL DEFAULT '0',
  PRIMARY KEY (`id`),
  KEY `IDX_B835B588BD06B3B3` (`new_id`)
) ENGINE=InnoDB DEFAULT CHARSET=utf8mb4 COLLATE=utf8mb4_unicode_ci;

-- --------------------------------------------------------

--
-- Tablo için tablo yapısı `main_news_langs`
--

CREATE TABLE IF NOT EXISTS `main_news_langs` (
  `id` int NOT NULL AUTO_INCREMENT,
  `new_id` int DEFAULT NULL,
  `lang_id` int DEFAULT NULL,
  `title` varchar(255) COLLATE utf8mb4_unicode_ci DEFAULT NULL,
  `description` longtext COLLATE utf8mb4_unicode_ci,
  `link` varchar(255) COLLATE utf8mb4_unicode_ci DEFAULT NULL,
  `alt` varchar(32) COLLATE utf8mb4_unicode_ci DEFAULT NULL,
  PRIMARY KEY (`id`),
  KEY `IDX_FAC435C6BD06B3B3` (`new_id`),
  KEY `IDX_FAC435C6B213FA4` (`lang_id`)
) ENGINE=InnoDB DEFAULT CHARSET=utf8mb4 COLLATE=utf8mb4_unicode_ci;

-- --------------------------------------------------------

--
-- Tablo için tablo yapısı `main_news_slider`
--

CREATE TABLE IF NOT EXISTS `main_news_slider` (
  `id` int NOT NULL AUTO_INCREMENT,
  `new_id` int NOT NULL,
  `created_at` datetime NOT NULL,
  `updated_at` datetime DEFAULT NULL,
  `description` longtext COLLATE utf8mb4_unicode_ci,
  `file_name` varchar(255) COLLATE utf8mb4_unicode_ci DEFAULT NULL,
  `file_size` int DEFAULT NULL,
  `is_default` tinyint(1) NOT NULL DEFAULT '0',
  PRIMARY KEY (`id`),
  KEY `IDX_97ED1BE5BD06B3B3` (`new_id`)
) ENGINE=InnoDB DEFAULT CHARSET=utf8mb4 COLLATE=utf8mb4_unicode_ci;

-- --------------------------------------------------------

--
-- Tablo için tablo yapısı `main_news_slider_images`
--

CREATE TABLE IF NOT EXISTS `main_news_slider_images` (
  `id` int NOT NULL AUTO_INCREMENT,
  `news_slider_id` int NOT NULL,
  `image_name` varchar(255) COLLATE utf8mb4_unicode_ci NOT NULL,
  `file_size` int DEFAULT NULL,
  `is_default` tinyint(1) NOT NULL DEFAULT '0',
  PRIMARY KEY (`id`),
  KEY `IDX_D176F87230E9C9F9` (`news_slider_id`)
) ENGINE=InnoDB DEFAULT CHARSET=utf8mb4 COLLATE=utf8mb4_unicode_ci;

-- --------------------------------------------------------

--
-- Tablo için tablo yapısı `main_news_slider_langs`
--

CREATE TABLE IF NOT EXISTS `main_news_slider_langs` (
  `id` int NOT NULL AUTO_INCREMENT,
  `new_slider_id` int NOT NULL,
  `lang_id` int DEFAULT NULL,
  `description` longtext COLLATE utf8mb4_unicode_ci,
  `alt` varchar(32) COLLATE utf8mb4_unicode_ci DEFAULT NULL,
  PRIMARY KEY (`id`),
  KEY `IDX_BF4B31551E539357` (`new_slider_id`),
  KEY `IDX_BF4B3155B213FA4` (`lang_id`)
) ENGINE=InnoDB DEFAULT CHARSET=utf8mb4 COLLATE=utf8mb4_unicode_ci;

-- --------------------------------------------------------

--
-- Tablo için tablo yapısı `main_orders`
--

CREATE TABLE IF NOT EXISTS `main_orders` (
  `id` int NOT NULL AUTO_INCREMENT,
  `shipping_address_id` int DEFAULT NULL,
  `billing_address_id` int DEFAULT NULL,
  `user_id` int DEFAULT NULL,
  `bank_id` int DEFAULT NULL,
  `payment_method_id` int DEFAULT NULL,
  `cargo_firm_id` int DEFAULT NULL,
  `order_status_id` int DEFAULT NULL,
  `order_payment_id` int DEFAULT NULL,
  `currency_id` int DEFAULT NULL,
  `order_number` varchar(255) COLLATE utf8mb4_unicode_ci NOT NULL,
  `note` varchar(255) COLLATE utf8mb4_unicode_ci DEFAULT NULL,
  `item_count_total` double NOT NULL,
  `tax_total` double DEFAULT NULL,
  `shipping_total` double DEFAULT NULL,
  `balance_total` double DEFAULT NULL,
  `interest_cost` double DEFAULT NULL,
  `customer_discount_price` double DEFAULT NULL,
  `customer_discount_rate` double DEFAULT NULL,
  `coupon_discount_price` double DEFAULT NULL,
  `coupon_discount_description` varchar(255) COLLATE utf8mb4_unicode_ci DEFAULT NULL,
  `sub_total` double NOT NULL,
  `global_total` double NOT NULL,
  `exchange_rate` double NOT NULL,
  `user_ip` varchar(255) COLLATE utf8mb4_unicode_ci DEFAULT NULL,
  `token_value` varchar(255) COLLATE utf8mb4_unicode_ci DEFAULT NULL,
  `shipping_number` varchar(255) COLLATE utf8mb4_unicode_ci DEFAULT NULL,
  `invoice_no` varchar(255) COLLATE utf8mb4_unicode_ci DEFAULT NULL,
  `invoice_no_update_date` datetime DEFAULT NULL,
  `cargo_no` varchar(255) COLLATE utf8mb4_unicode_ci DEFAULT NULL,
  `cargo_key` varchar(30) COLLATE utf8mb4_unicode_ci DEFAULT NULL,
  `cargo_status` varchar(255) COLLATE utf8mb4_unicode_ci DEFAULT NULL,
  `is_payed` tinyint(1) NOT NULL DEFAULT '0',
  `cari` tinyint(1) NOT NULL DEFAULT '0',
  `kargo_aktarma` tinyint(1) NOT NULL DEFAULT '0',
  `is_new` tinyint(1) NOT NULL DEFAULT '0',
  `contrat_pdf` varchar(155) COLLATE utf8mb4_unicode_ci DEFAULT NULL,
  `from_mobile` tinyint(1) NOT NULL DEFAULT '0',
  `guest_order` tinyint(1) NOT NULL DEFAULT '0',
  `created_at` datetime DEFAULT NULL,
  `updated_at` datetime DEFAULT NULL,
  PRIMARY KEY (`id`),
  UNIQUE KEY `UNIQ_7A3345F8B7195EEE` (`order_payment_id`),
  KEY `IDX_7A3345F84D4CFF2B` (`shipping_address_id`),
  KEY `IDX_7A3345F879D0C0E4` (`billing_address_id`),
  KEY `IDX_7A3345F8A76ED395` (`user_id`),
  KEY `IDX_7A3345F811C8FB41` (`bank_id`),
  KEY `IDX_7A3345F85AA1164F` (`payment_method_id`),
  KEY `IDX_7A3345F881D02C4F` (`cargo_firm_id`),
  KEY `IDX_7A3345F8D7707B45` (`order_status_id`),
  KEY `IDX_7A3345F838248176` (`currency_id`)
) ENGINE=InnoDB AUTO_INCREMENT=14 DEFAULT CHARSET=utf8mb4 COLLATE=utf8mb4_unicode_ci;

--
-- Tablo döküm verisi `main_orders`
--

INSERT INTO `main_orders` (`id`, `shipping_address_id`, `billing_address_id`, `user_id`, `bank_id`, `payment_method_id`, `cargo_firm_id`, `order_status_id`, `order_payment_id`, `currency_id`, `order_number`, `note`, `item_count_total`, `tax_total`, `shipping_total`, `balance_total`, `interest_cost`, `customer_discount_price`, `customer_discount_rate`, `coupon_discount_price`, `coupon_discount_description`, `sub_total`, `global_total`, `exchange_rate`, `user_ip`, `token_value`, `shipping_number`, `invoice_no`, `invoice_no_update_date`, `cargo_no`, `cargo_key`, `cargo_status`, `is_payed`, `cari`, `kargo_aktarma`, `is_new`, `contrat_pdf`, `from_mobile`, `guest_order`, `created_at`, `updated_at`) VALUES
(1, 3, 3, 4, 1, 2, NULL, 1, NULL, 1, '1739175052', NULL, 100, NULL, 0, NULL, NULL, NULL, NULL, NULL, NULL, 100, 100, 1, '127.0.0.1', NULL, NULL, NULL, NULL, NULL, NULL, NULL, 0, 0, 0, 0, NULL, 0, 1, '2025-02-10 08:10:52', '2025-02-13 06:32:35'),
(2, 4, 4, 5, 1, 2, NULL, 1, NULL, 1, '1739175240', NULL, 100, NULL, 0, NULL, NULL, NULL, NULL, NULL, NULL, 100, 100, 1, '127.0.0.1', NULL, NULL, NULL, NULL, NULL, NULL, NULL, 0, 0, 0, 1, NULL, 0, 1, '2025-02-10 08:14:00', '2025-02-10 08:14:00'),
(3, 5, 5, 6, 1, 2, NULL, 1, NULL, 1, '1739175365', NULL, 100, NULL, 0, NULL, NULL, NULL, NULL, NULL, NULL, 100, 100, 1, '127.0.0.1', NULL, NULL, NULL, NULL, NULL, NULL, NULL, 0, 0, 0, 1, NULL, 0, 1, '2025-02-10 08:16:05', '2025-02-10 08:16:05'),
(4, 6, 6, 7, 1, 2, NULL, 1, NULL, 1, '1739175763', NULL, 100, NULL, 0, NULL, NULL, NULL, NULL, NULL, NULL, 100, 100, 1, '127.0.0.1', NULL, NULL, NULL, NULL, NULL, NULL, NULL, 0, 0, 0, 1, NULL, 0, 1, '2025-02-10 08:22:43', '2025-02-10 08:22:43'),
(5, 7, 7, 8, 1, 2, NULL, 1, NULL, 1, '1739176038', NULL, 100, NULL, 0, NULL, NULL, NULL, NULL, NULL, NULL, 100, 100, 1, '127.0.0.1', NULL, NULL, NULL, NULL, NULL, NULL, NULL, 0, 0, 0, 1, NULL, 0, 1, '2025-02-10 08:27:18', '2025-02-10 08:27:18'),
(6, 8, 8, 9, 1, 2, NULL, 1, NULL, 1, '1739191432', NULL, 100, NULL, 0, NULL, NULL, NULL, NULL, NULL, NULL, 100, 100, 1, '127.0.0.1', NULL, NULL, NULL, NULL, NULL, NULL, NULL, 0, 0, 0, 0, NULL, 0, 1, '2025-02-10 12:43:52', '2025-02-10 14:34:57'),
(7, 1, 1, 2, 1, 2, NULL, 1, NULL, 1, '1739275219', NULL, 200, NULL, 0, NULL, NULL, NULL, NULL, NULL, NULL, 200, 200, 1, '127.0.0.1', NULL, NULL, NULL, NULL, NULL, NULL, NULL, 0, 0, 0, 0, NULL, 0, 0, '2025-02-11 12:00:19', '2025-02-11 12:56:50'),
(8, 1, 1, 2, 1, 2, NULL, 1, NULL, 1, '1739343104', NULL, 900, NULL, 0, NULL, NULL, NULL, NULL, NULL, NULL, 900, 900, 1, '127.0.0.1', NULL, NULL, NULL, NULL, NULL, NULL, NULL, 0, 0, 0, 0, NULL, 0, 0, '2025-02-12 06:51:44', '2025-02-12 12:16:31'),
(9, 14, 14, 12, 1, 2, NULL, 1, NULL, 1, '17398584322101', NULL, 100, NULL, 0, NULL, NULL, NULL, NULL, NULL, NULL, 100, 100, 1, '127.0.0.1', NULL, NULL, NULL, NULL, NULL, NULL, NULL, 0, 0, 0, 0, NULL, 0, 1, '2025-02-18 08:21:37', '2025-02-18 08:22:29'),
(10, 21, 21, 19, NULL, 1, NULL, 1, NULL, 1, '17398872558998', NULL, 100, NULL, 0, NULL, NULL, NULL, NULL, NULL, NULL, 0.1, 0.1, 1, '127.0.0.1', NULL, NULL, NULL, NULL, NULL, NULL, NULL, 1, 0, 0, 1, NULL, 0, 1, '2025-02-18 14:01:53', '2025-02-18 14:01:53'),
(11, 22, 22, 20, 1, 2, NULL, 1, NULL, 1, '17398873796444', NULL, 100, NULL, 0, NULL, NULL, NULL, NULL, NULL, NULL, 100, 100, 1, '127.0.0.1', NULL, NULL, NULL, NULL, NULL, NULL, NULL, 0, 0, 0, 1, NULL, 0, 1, '2025-02-18 14:03:07', '2025-02-18 14:03:07'),
(12, 1, 1, 2, 1, 2, NULL, 1, NULL, 1, '17398873796444', NULL, 325, NULL, 0, NULL, NULL, NULL, NULL, NULL, NULL, 325, 325, 1, '127.0.0.1', NULL, NULL, NULL, NULL, NULL, NULL, NULL, 0, 0, 0, 1, NULL, 0, 0, '2025-02-18 14:03:44', '2025-02-18 14:03:44'),
(13, 1, 1, 2, NULL, 1, NULL, 1, NULL, 1, '17398873796444', NULL, 100, NULL, 0, NULL, NULL, NULL, NULL, NULL, NULL, 0.1, 0.1, 1, '127.0.0.1', NULL, NULL, NULL, NULL, NULL, NULL, NULL, 1, 0, 0, 1, NULL, 0, 0, '2025-02-18 14:05:00', '2025-02-18 14:05:00');

-- --------------------------------------------------------

--
-- Tablo için tablo yapısı `main_order_cart`
--

CREATE TABLE IF NOT EXISTS `main_order_cart` (
  `id` int NOT NULL AUTO_INCREMENT,
  `product_id` int DEFAULT NULL,
  `product_variant_id` int DEFAULT NULL,
  `user_id` int DEFAULT NULL,
  `guest_user` varchar(255) COLLATE utf8mb4_unicode_ci DEFAULT NULL,
  `qty` int NOT NULL,
  `created_at` datetime DEFAULT NULL,
  `updated_at` datetime DEFAULT NULL,
  PRIMARY KEY (`id`),
  KEY `IDX_7EAAC6C34584665A` (`product_id`),
  KEY `IDX_7EAAC6C3A80EF684` (`product_variant_id`),
  KEY `IDX_7EAAC6C3A76ED395` (`user_id`)
) ENGINE=InnoDB AUTO_INCREMENT=16 DEFAULT CHARSET=utf8mb4 COLLATE=utf8mb4_unicode_ci;

--
-- Tablo döküm verisi `main_order_cart`
--

INSERT INTO `main_order_cart` (`id`, `product_id`, `product_variant_id`, `user_id`, `guest_user`, `qty`, `created_at`, `updated_at`) VALUES
(3, 1, 1, NULL, '2467b2cc7335b54', 1, NULL, NULL),
(6, 1, 1, NULL, '5967b443117c038', 1, NULL, NULL),
(7, 1, 1, NULL, '9367b45fa891452', 1, NULL, NULL),
(9, 1, 1, NULL, '7667b489b60558f', 1, NULL, NULL),
(11, 1, 1, NULL, '5367b48df21cbf6', 1, NULL, NULL),
(15, 1, 1, 2, NULL, 1, NULL, NULL);

-- --------------------------------------------------------

--
-- Tablo için tablo yapısı `main_order_coupons`
--

CREATE TABLE IF NOT EXISTS `main_order_coupons` (
  `id` int NOT NULL AUTO_INCREMENT,
  `coupon_code` varchar(255) COLLATE utf8mb4_unicode_ci NOT NULL,
  `start_date` date NOT NULL,
  `end_date` date NOT NULL,
  `start_price` double NOT NULL DEFAULT '0',
  `end_price` double NOT NULL DEFAULT '0',
  `discount_type` tinyint(1) NOT NULL DEFAULT '0',
  `discount_amount` double NOT NULL DEFAULT '0',
  `is_limited` tinyint(1) NOT NULL DEFAULT '0',
  `limit_amount` double NOT NULL DEFAULT '0',
  `is_enabled` tinyint(1) NOT NULL DEFAULT '0',
  `created_at` datetime DEFAULT NULL,
  `updated_at` datetime DEFAULT NULL,
  PRIMARY KEY (`id`)
) ENGINE=InnoDB DEFAULT CHARSET=utf8mb4 COLLATE=utf8mb4_unicode_ci;

-- --------------------------------------------------------

--
-- Tablo için tablo yapısı `main_order_details`
--

CREATE TABLE IF NOT EXISTS `main_order_details` (
  `id` int NOT NULL AUTO_INCREMENT,
  `shipping_country_id` int DEFAULT NULL,
  `shipping_city_id` int DEFAULT NULL,
  `shipping_district_id` int DEFAULT NULL,
  `billing_country_id` int DEFAULT NULL,
  `billing_city_id` int DEFAULT NULL,
  `billing_district_id` int DEFAULT NULL,
  `order_id` int DEFAULT NULL,
  `full_name` varchar(255) COLLATE utf8mb4_unicode_ci DEFAULT NULL,
  `phone` varchar(255) COLLATE utf8mb4_unicode_ci DEFAULT NULL,
  `email` varchar(255) COLLATE utf8mb4_unicode_ci DEFAULT NULL,
  `shipping_name` varchar(255) COLLATE utf8mb4_unicode_ci DEFAULT NULL,
  `shipping_surname` varchar(255) COLLATE utf8mb4_unicode_ci DEFAULT NULL,
  `shipping_phone` varchar(255) COLLATE utf8mb4_unicode_ci DEFAULT NULL,
  `shipping_address` varchar(255) COLLATE utf8mb4_unicode_ci DEFAULT NULL,
  `shipping_postcode` varchar(255) COLLATE utf8mb4_unicode_ci DEFAULT NULL,
  `billing_name` varchar(255) COLLATE utf8mb4_unicode_ci DEFAULT NULL,
  `billing_surname` varchar(255) COLLATE utf8mb4_unicode_ci DEFAULT NULL,
  `billing_phone` varchar(255) COLLATE utf8mb4_unicode_ci DEFAULT NULL,
  `billing_address` varchar(255) COLLATE utf8mb4_unicode_ci DEFAULT NULL,
  `billing_postcode` varchar(255) COLLATE utf8mb4_unicode_ci DEFAULT NULL,
  `invoice_type` varchar(10) COLLATE utf8mb4_unicode_ci DEFAULT NULL,
  `billing_tc_no` varchar(255) COLLATE utf8mb4_unicode_ci DEFAULT NULL,
  `billing_company_name` varchar(255) COLLATE utf8mb4_unicode_ci DEFAULT NULL,
  `billing_vd` varchar(255) COLLATE utf8mb4_unicode_ci DEFAULT NULL,
  `billing_vn` varchar(255) COLLATE utf8mb4_unicode_ci DEFAULT NULL,
  `created_at` datetime DEFAULT NULL,
  `updated_at` datetime DEFAULT NULL,
  PRIMARY KEY (`id`),
  UNIQUE KEY `UNIQ_36F8115C8D9F6D38` (`order_id`),
  KEY `IDX_36F8115C41D46E2E` (`shipping_country_id`),
  KEY `IDX_36F8115C6DE4646B` (`shipping_city_id`),
  KEY `IDX_36F8115C3CE425D1` (`shipping_district_id`),
  KEY `IDX_36F8115C754851E1` (`billing_country_id`),
  KEY `IDX_36F8115CE082E978` (`billing_city_id`),
  KEY `IDX_36F8115C370B66CF` (`billing_district_id`)
) ENGINE=InnoDB AUTO_INCREMENT=14 DEFAULT CHARSET=utf8mb4 COLLATE=utf8mb4_unicode_ci;

--
-- Tablo döküm verisi `main_order_details`
--

INSERT INTO `main_order_details` (`id`, `shipping_country_id`, `shipping_city_id`, `shipping_district_id`, `billing_country_id`, `billing_city_id`, `billing_district_id`, `order_id`, `full_name`, `phone`, `email`, `shipping_name`, `shipping_surname`, `shipping_phone`, `shipping_address`, `shipping_postcode`, `billing_name`, `billing_surname`, `billing_phone`, `billing_address`, `billing_postcode`, `invoice_type`, `billing_tc_no`, `billing_company_name`, `billing_vd`, `billing_vn`, `created_at`, `updated_at`) VALUES
(1, NULL, 3665, 48382, NULL, 3665, 48382, 1, 'Ömer ÇETİN', '(053) 448-2849', 't1@technoone.com.tr', 'Ömer', 'Çetin', '(053) 448-2849', 'Technoone', '20050', 'Ömer', 'Çetin', '(053) 448-2849', 'Technoone', '20050', '1', NULL, NULL, NULL, NULL, NULL, NULL),
(2, NULL, 3666, 48402, NULL, 3666, 48402, 2, 'Ömer ÇETİN', '(053) 448-2849', 't2@technoone.com.tr', 'Ömer', 'Çetin', '(053) 448-2849', 'Technoone', '20050', 'Ömer', 'Çetin', '(053) 448-2849', 'Technoone', '20050', '1', NULL, NULL, NULL, NULL, NULL, NULL),
(3, NULL, 3664, 48374, NULL, 3664, 48374, 3, 'Ömer ÇETİN', '(053) 448-2849', 't3@technoone.com.tr', 'Ömer', 'Çetin', '(053) 448-2849', 'Technoone', '20', 'Ömer', 'Çetin', '(053) 448-2849', 'Technoone', '20', '1', NULL, NULL, NULL, NULL, NULL, NULL),
(4, NULL, 3665, 48384, NULL, 3665, 48384, 4, 'Ömer ÇETİN', '(053) 448-2849', 't4@technoone.com.tr', 'Ömer', 'Çetin', '(053) 448-2849', 'Technoone', '23423', 'Ömer', 'Çetin', '(053) 448-2849', 'Technoone', '23423', '1', NULL, NULL, NULL, NULL, NULL, NULL),
(5, NULL, 3673, 48492, NULL, 3673, 48492, 5, 'Technoone TEST', '(053) 448-2849', 't5@technoone.com.tr', 'Technoone', 'Test', '(053) 448-2849', 'Test', '12312', 'Technoone', 'Test', '(053) 448-2849', 'Test', '12312', '1', NULL, NULL, NULL, NULL, NULL, NULL),
(6, NULL, 3665, 48383, NULL, 3665, 48383, 6, 'Technoone TEST', '(055) 539-9555', 'omertechnoone@t.com', 'Technoone', 'Test', '(055) 539-9555', 'Test', '234', 'Technoone', 'Test', '(055) 539-9555', 'Test', '234', '1', NULL, NULL, NULL, NULL, NULL, NULL),
(7, NULL, 3665, 48384, NULL, 3665, 48384, 7, 'Ömer TEST', '(055) 539-9555', 'o.faruk@technoone.com.tr', 'asdf', 'asdf', '(055) 539-9555', 'Test', '20050', 'asdf', 'asdf', '(055) 539-9555', 'Test', '20050', '1', '', NULL, NULL, NULL, NULL, NULL),
(8, NULL, 3665, 48384, NULL, 3665, 48384, 8, 'Ömer TEST', '(055) 539-9555', 'o.faruk@technoone.com.tr', 'asdf', 'asdf', '(055) 539-9555', 'Test', '20050', 'asdf', 'asdf', '(055) 539-9555', 'Test', '20050', '1', '', NULL, NULL, NULL, NULL, NULL),
(9, NULL, 3687, 48643, NULL, 3687, 48643, 9, 'Ömer TECHNOONE', '(505) 399-5555', 'omer@technoone.com.tr', 'Ömer', 'Technoone', '(505) 399-5555', 'omer@technoone.com.tr', '20000', 'Ömer', 'Technoone', '(505) 399-5555', 'omer@technoone.com.tr', '20000', '1', NULL, NULL, NULL, NULL, NULL, NULL),
(10, NULL, 3687, 48644, NULL, 3687, 48644, 10, 'Ömer TECHNOONE', '(505) 399-5555', 'omer@technoone.com.tr', 'Ömer', 'Technoone', '(505) 399-5555', 'Teknokent', '20200', 'Ömer', 'Technoone', '(505) 399-5555', 'Teknokent', '20200', '1', NULL, NULL, NULL, NULL, NULL, NULL),
(11, NULL, 3687, 48644, NULL, 3687, 48644, 11, 'Ömer TECHNOONE', '(505) 399-5555', 'omer@technoone.com.tr', 'Ömer', 'Technoone', '(505) 399-5555', 'Teknokent', '20200', 'Ömer', 'Technoone', '(505) 399-5555', 'Teknokent', '20200', '1', NULL, NULL, NULL, NULL, NULL, NULL),
(12, NULL, 3665, 48384, NULL, 3665, 48384, 12, 'Ömer TEST', '(505) 399-5555', 'o.faruk@technoone.com.tr', 'asdf', 'asdf', '(055) 539-9555', 'Test', '20050', 'asdf', 'asdf', '(055) 539-9555', 'Test', '20050', '1', '', NULL, NULL, NULL, NULL, NULL),
(13, NULL, 3665, 48384, NULL, 3665, 48384, 13, 'Ömer TEST', '(505) 399-5555', 'o.faruk@technoone.com.tr', 'asdf', 'asdf', '(055) 539-9555', 'Test', '20050', 'asdf', 'asdf', '(055) 539-9555', 'Test', '20050', '1', '', NULL, NULL, NULL, NULL, NULL);

-- --------------------------------------------------------

--
-- Tablo için tablo yapısı `main_order_items`
--

CREATE TABLE IF NOT EXISTS `main_order_items` (
  `id` int NOT NULL AUTO_INCREMENT,
  `order_id` int DEFAULT NULL,
  `product_id` int DEFAULT NULL,
  `product_variant_id` int DEFAULT NULL,
  `product_name` varchar(255) COLLATE utf8mb4_unicode_ci DEFAULT NULL,
  `qty` varchar(255) COLLATE utf8mb4_unicode_ci NOT NULL,
  `price` double NOT NULL,
  `original_price` double NOT NULL,
  `discount_rate` double NOT NULL,
  `total_price` double NOT NULL,
  `tax_rate` double DEFAULT NULL,
  `total_tax` double DEFAULT NULL,
  `created_at` datetime DEFAULT NULL,
  `updated_at` datetime DEFAULT NULL,
  PRIMARY KEY (`id`),
  KEY `IDX_B60355268D9F6D38` (`order_id`),
  KEY `IDX_B60355264584665A` (`product_id`),
  KEY `IDX_B6035526A80EF684` (`product_variant_id`)
) ENGINE=InnoDB AUTO_INCREMENT=15 DEFAULT CHARSET=utf8mb4 COLLATE=utf8mb4_unicode_ci;

--
-- Tablo döküm verisi `main_order_items`
--

INSERT INTO `main_order_items` (`id`, `order_id`, `product_id`, `product_variant_id`, `product_name`, `qty`, `price`, `original_price`, `discount_rate`, `total_price`, `tax_rate`, `total_tax`, `created_at`, `updated_at`) VALUES
(1, 1, 2, 3, 'urun2', '1', 100, 100, 0, 100, NULL, 0, NULL, NULL),
(2, 2, 2, 3, 'urun2', '1', 100, 100, 0, 100, NULL, 0, NULL, NULL),
(3, 3, 2, 3, 'urun2', '1', 100, 100, 0, 100, NULL, 0, NULL, NULL),
(4, 4, 2, 3, 'urun2', '1', 100, 100, 0, 100, NULL, 0, NULL, NULL),
(5, 5, 2, 3, 'urun2', '1', 100, 100, 0, 100, NULL, 0, NULL, NULL),
(6, 6, 2, 3, 'urun2', '1', 100, 100, 0, 100, NULL, 0, NULL, NULL),
(7, 7, 2, 3, 'urun2', '2', 100, 100, 0, 200, NULL, 0, NULL, NULL),
(8, 8, 2, 3, 'urun2', '9', 100, 100, 0, 900, NULL, 0, NULL, NULL),
(9, 9, 1, 1, 'Terra Waffle Yatak Örtüsü - Kiremit', '1', 100, 120, 17, 100, NULL, 0, NULL, NULL),
(10, 10, 1, 1, 'Terra Waffle Yatak Örtüsü - Kiremit', '1', 100, 120, 17, 100, NULL, 0, NULL, NULL),
(11, 11, 1, 1, 'Terra Waffle Yatak Örtüsü - Kiremit', '1', 100, 120, 17, 100, NULL, 0, NULL, NULL),
(12, 12, 2, 2, 'Ürün 2', '3', 75, 100, 25, 225, NULL, 0, NULL, NULL),
(13, 12, 1, 1, 'Terra Waffle Yatak Örtüsü - Kiremit', '1', 100, 120, 17, 100, NULL, 0, NULL, NULL),
(14, 13, 1, 1, 'Terra Waffle Yatak Örtüsü - Kiremit', '1', 100, 120, 17, 100, NULL, 0, NULL, NULL);

-- --------------------------------------------------------

--
-- Tablo için tablo yapısı `main_order_payment_methods`
--

CREATE TABLE IF NOT EXISTS `main_order_payment_methods` (
  `id` int NOT NULL AUTO_INCREMENT,
  `code` varchar(255) COLLATE utf8mb4_unicode_ci NOT NULL,
  `position` varchar(255) COLLATE utf8mb4_unicode_ci DEFAULT NULL,
  `is_enabled` tinyint(1) NOT NULL,
  `configration` longtext COLLATE utf8mb4_unicode_ci COMMENT '(DC2Type:array)',
  `created_at` datetime DEFAULT NULL,
  `updated_at` datetime DEFAULT NULL,
  PRIMARY KEY (`id`)
) ENGINE=InnoDB AUTO_INCREMENT=4 DEFAULT CHARSET=utf8mb4 COLLATE=utf8mb4_unicode_ci;

--
-- Tablo döküm verisi `main_order_payment_methods`
--

INSERT INTO `main_order_payment_methods` (`id`, `code`, `position`, `is_enabled`, `configration`, `created_at`, `updated_at`) VALUES
(1, 'credit_card', '1', 1, 'a:0:{}', '2021-02-21 10:51:37', '2021-02-21 10:51:37'),
(2, 'transfer', '2', 1, 'a:0:{}', '2021-02-21 10:51:37', '2021-02-21 10:51:37'),
(3, 'pay_at_door', '3', 1, NULL, NULL, NULL);

-- --------------------------------------------------------

--
-- Tablo için tablo yapısı `main_order_period_types`
--

CREATE TABLE IF NOT EXISTS `main_order_period_types` (
  `id` int NOT NULL AUTO_INCREMENT,
  `title` varchar(255) COLLATE utf8mb4_unicode_ci DEFAULT NULL,
  `alias` varchar(255) COLLATE utf8mb4_unicode_ci DEFAULT NULL,
  `is_enabled` tinyint(1) NOT NULL,
  `created_at` datetime DEFAULT NULL,
  `updated_at` datetime DEFAULT NULL,
  PRIMARY KEY (`id`)
) ENGINE=InnoDB DEFAULT CHARSET=utf8mb4 COLLATE=utf8mb4_unicode_ci;

-- --------------------------------------------------------

--
-- Tablo için tablo yapısı `main_order_refund_items`
--

CREATE TABLE IF NOT EXISTS `main_order_refund_items` (
  `id` int NOT NULL AUTO_INCREMENT,
  `order_item_id` int DEFAULT NULL,
  `order_refund_request_id` int DEFAULT NULL,
  `is_approved` tinyint(1) NOT NULL,
  `approved_date` datetime DEFAULT NULL,
  `created_at` datetime DEFAULT NULL,
  `updated_at` datetime DEFAULT NULL,
  PRIMARY KEY (`id`),
  KEY `IDX_BE85C0E7E415FB15` (`order_item_id`),
  KEY `IDX_BE85C0E7B5E78152` (`order_refund_request_id`)
) ENGINE=InnoDB AUTO_INCREMENT=2 DEFAULT CHARSET=utf8mb4 COLLATE=utf8mb4_unicode_ci;

--
-- Tablo döküm verisi `main_order_refund_items`
--

INSERT INTO `main_order_refund_items` (`id`, `order_item_id`, `order_refund_request_id`, `is_approved`, `approved_date`, `created_at`, `updated_at`) VALUES
(1, 7, 1, 0, NULL, NULL, NULL);

-- --------------------------------------------------------

--
-- Tablo için tablo yapısı `main_order_refund_requests`
--

CREATE TABLE IF NOT EXISTS `main_order_refund_requests` (
  `id` int NOT NULL AUTO_INCREMENT,
  `order_id` int DEFAULT NULL,
  `user_id` int DEFAULT NULL,
  `code` varchar(255) COLLATE utf8mb4_unicode_ci NOT NULL,
  `is_approved` tinyint(1) NOT NULL DEFAULT '0',
  `action_type` varchar(50) COLLATE utf8mb4_unicode_ci NOT NULL,
  `description` varchar(255) COLLATE utf8mb4_unicode_ci DEFAULT NULL,
  `return_date` datetime DEFAULT NULL,
  `refund_amount` double DEFAULT NULL,
  `created_at` datetime DEFAULT NULL,
  `updated_at` datetime DEFAULT NULL,
  PRIMARY KEY (`id`),
  KEY `IDX_8CF1DB9F8D9F6D38` (`order_id`),
  KEY `IDX_8CF1DB9FA76ED395` (`user_id`)
) ENGINE=InnoDB AUTO_INCREMENT=5 DEFAULT CHARSET=utf8mb4 COLLATE=utf8mb4_unicode_ci;

--
-- Tablo döküm verisi `main_order_refund_requests`
--

INSERT INTO `main_order_refund_requests` (`id`, `order_id`, `user_id`, `code`, `is_approved`, `action_type`, `description`, `return_date`, `refund_amount`, `created_at`, `updated_at`) VALUES
(1, 7, 2, '1739277850', 1, 'refund', NULL, NULL, NULL, NULL, NULL),
(2, 8, 2, '1739359868', 1, 'cancel', NULL, NULL, NULL, NULL, NULL),
(3, 8, 2, '1739359986', 1, 'cancel', NULL, NULL, NULL, NULL, NULL),
(4, 8, 2, '1739360065', 1, 'cancel', NULL, NULL, NULL, NULL, NULL);

-- --------------------------------------------------------

--
-- Tablo için tablo yapısı `main_order_statuses`
--

CREATE TABLE IF NOT EXISTS `main_order_statuses` (
  `id` int NOT NULL AUTO_INCREMENT,
  `title` varchar(255) COLLATE utf8mb4_unicode_ci NOT NULL,
  `alias` varchar(255) COLLATE utf8mb4_unicode_ci NOT NULL,
  `position` int DEFAULT NULL,
  `created_at` datetime DEFAULT NULL,
  `updated_at` datetime DEFAULT NULL,
  PRIMARY KEY (`id`)
) ENGINE=InnoDB AUTO_INCREMENT=8 DEFAULT CHARSET=utf8mb4 COLLATE=utf8mb4_unicode_ci;

--
-- Tablo döküm verisi `main_order_statuses`
--

INSERT INTO `main_order_statuses` (`id`, `title`, `alias`, `position`, `created_at`, `updated_at`) VALUES
(1, 'Yeni Sipariş', 'yeni_siparis', 1, '2021-02-21 10:51:37', '2021-02-21 10:51:37'),
(2, 'Ödeme Bekliyor', 'odeme_bekliyor', 2, '2021-02-21 10:51:37', '2021-02-21 10:51:37'),
(3, 'Onaylandı', 'onaylandi', 3, '2021-02-21 10:51:37', '2021-02-21 10:51:37'),
(4, 'Hazırlanma Sürecinde', 'hazirlanma_surecinde', 4, '2021-02-21 10:51:37', '2021-02-21 10:51:37'),
(5, 'Kargoya Verildi', 'kargoya_verildi', 5, '2021-02-21 10:51:37', '2021-02-21 10:51:37'),
(6, 'Tamamlandı', 'tamamlandi', 6, '2021-02-21 10:51:37', '2021-02-21 10:51:37'),
(7, 'İptal Edildi', 'iptal_edildi', 7, '2021-02-21 10:51:37', '2021-02-21 10:51:37');

-- --------------------------------------------------------

--
-- Tablo için tablo yapısı `main_order_status_histories`
--

CREATE TABLE IF NOT EXISTS `main_order_status_histories` (
  `id` int NOT NULL AUTO_INCREMENT,
  `order_id` int DEFAULT NULL,
  `order_status_id` int DEFAULT NULL,
  `created_at` datetime DEFAULT NULL,
  `updated_at` datetime DEFAULT NULL,
  PRIMARY KEY (`id`),
  KEY `IDX_A2376BD08D9F6D38` (`order_id`),
  KEY `IDX_A2376BD0D7707B45` (`order_status_id`)
) ENGINE=InnoDB AUTO_INCREMENT=16 DEFAULT CHARSET=utf8mb4 COLLATE=utf8mb4_unicode_ci;

--
-- Tablo döküm verisi `main_order_status_histories`
--

INSERT INTO `main_order_status_histories` (`id`, `order_id`, `order_status_id`, `created_at`, `updated_at`) VALUES
(1, 1, 1, NULL, NULL),
(2, 2, 1, NULL, NULL),
(3, 3, 1, NULL, NULL),
(4, 4, 1, NULL, NULL),
(5, 5, 1, NULL, NULL),
(6, 6, 1, NULL, NULL),
(7, 7, 1, NULL, NULL),
(8, 7, 6, NULL, NULL),
(9, 8, 1, NULL, NULL),
(10, 8, 7, NULL, NULL),
(11, 9, 1, NULL, NULL),
(12, 10, 1, NULL, NULL),
(13, 11, 1, NULL, NULL),
(14, 12, 1, NULL, NULL),
(15, 13, 1, NULL, NULL);

-- --------------------------------------------------------

--
-- Tablo için tablo yapısı `main_order_totals`
--

CREATE TABLE IF NOT EXISTS `main_order_totals` (
  `id` int NOT NULL AUTO_INCREMENT,
  `period_type_id` int DEFAULT NULL,
  `user_id` int DEFAULT NULL,
  `deserved_package_id` int DEFAULT NULL,
  `migrated_package_id` int DEFAULT NULL,
  `total_order` int NOT NULL,
  `total_order_amount` double NOT NULL,
  `period_start_date` datetime DEFAULT NULL,
  `period_end_date` datetime DEFAULT NULL,
  `is_active_period` tinyint(1) NOT NULL,
  `created_at` datetime DEFAULT NULL,
  `updated_at` datetime DEFAULT NULL,
  PRIMARY KEY (`id`),
  KEY `IDX_4D2839753EA529CB` (`period_type_id`),
  KEY `IDX_4D283975A76ED395` (`user_id`),
  KEY `IDX_4D283975579475FF` (`deserved_package_id`),
  KEY `IDX_4D2839755ED8D8EA` (`migrated_package_id`)
) ENGINE=InnoDB DEFAULT CHARSET=utf8mb4 COLLATE=utf8mb4_unicode_ci;

-- --------------------------------------------------------

--
-- Tablo için tablo yapısı `main_pages`
--

CREATE TABLE IF NOT EXISTS `main_pages` (
  `id` int NOT NULL AUTO_INCREMENT,
  `alias` varchar(32) COLLATE utf8mb4_unicode_ci NOT NULL,
  `created_at` datetime NOT NULL,
  `updated_at` datetime DEFAULT NULL,
  PRIMARY KEY (`id`)
) ENGINE=InnoDB AUTO_INCREMENT=23 DEFAULT CHARSET=utf8mb4 COLLATE=utf8mb4_unicode_ci;

--
-- Tablo döküm verisi `main_pages`
--

INSERT INTO `main_pages` (`id`, `alias`, `created_at`, `updated_at`) VALUES
(1, 'Anasayfa', '2025-01-29 14:35:52', NULL),
(2, 'Hakkımızda', '2025-01-29 14:40:02', NULL),
(14, 'Projeler', '2025-03-24 09:37:12', NULL),
(15, 'Çözümler', '2025-03-24 09:50:10', NULL),
(16, 'Ortaklar', '2025-03-24 11:29:30', NULL),
(17, 'Destek', '2025-03-24 11:43:17', NULL),
(19, 'Sürdürülebilirlik', '2025-03-24 11:54:53', NULL),
(20, 'Haberler', '2025-03-24 12:10:02', NULL),
(21, 'İletişim', '2025-03-24 12:16:56', NULL);

-- --------------------------------------------------------

--
-- Tablo için tablo yapısı `main_page_langs`
--

CREATE TABLE IF NOT EXISTS `main_page_langs` (
  `id` int NOT NULL AUTO_INCREMENT,
  `page_id` int NOT NULL,
  `lang_id` int NOT NULL,
  `title` varchar(160) COLLATE utf8mb4_unicode_ci DEFAULT NULL,
  `description` varchar(160) COLLATE utf8mb4_unicode_ci DEFAULT NULL,
  `created_at` datetime NOT NULL,
  `updated_at` datetime DEFAULT NULL,
  `alt` varchar(32) COLLATE utf8mb4_unicode_ci DEFAULT NULL,
  PRIMARY KEY (`id`),
  KEY `IDX_E6FA4D4EC4663E4` (`page_id`),
  KEY `IDX_E6FA4D4EB213FA4` (`lang_id`)
) ENGINE=InnoDB AUTO_INCREMENT=50 DEFAULT CHARSET=utf8mb4 COLLATE=utf8mb4_unicode_ci;

--
-- Tablo döküm verisi `main_page_langs`
--

INSERT INTO `main_page_langs` (`id`, `page_id`, `lang_id`, `title`, `description`, `created_at`, `updated_at`, `alt`) VALUES
(1, 1, 1, 'anasayfa', 'anasayfa', '2025-01-29 14:35:52', NULL, NULL),
(2, 2, 1, 'hakkimizda', 'hakkimizda', '2025-01-29 14:40:02', NULL, NULL),
(3, 3, 1, 'kurumsal', 'kurumsal', '2025-01-29 14:40:10', NULL, NULL),
(4, 4, 1, 'biz-kimiz', 'biz-kimiz', '2025-01-29 14:40:26', NULL, NULL),
(5, 5, 1, 'iade-kosullari', 'iade-kosullari', '2025-01-29 14:40:27', NULL, NULL),
(6, 6, 1, 'uretim', 'uretim', '2025-01-29 14:42:35', NULL, NULL),
(7, 7, 1, 'uretim', 'uretim', '2025-01-29 14:42:35', NULL, NULL),
(8, 8, 1, 'sayfa 1', 'sayfa 1', '2025-01-30 05:53:36', NULL, NULL),
(9, 9, 1, 'sayfa 2', 'sayfa 2', '2025-01-30 05:54:08', NULL, NULL),
(10, 10, 1, 'sayfa 3', 'sayfa 3', '2025-01-30 05:54:28', NULL, NULL),
(11, 11, 1, 'sayfa 4', 'sayfa 4', '2025-01-30 05:54:40', NULL, NULL),
(12, 12, 1, 'dsadsa', 'dasdasda', '2025-01-31 12:50:13', NULL, NULL),
(13, 13, 1, 'dasdas', 'dasdas', '2025-01-31 12:50:17', NULL, NULL),
(14, 14, 1, 'Projeler', 'Projeler', '2025-03-24 09:37:12', NULL, NULL),
(15, 14, 2, 'Projects', 'Projects', '2025-03-24 09:37:12', NULL, NULL),
(16, 14, 3, 'Projekte', 'Projekte', '2025-03-24 09:37:12', NULL, NULL),
(17, 14, 4, 'projets', 'projets', '2025-03-24 09:37:12', NULL, NULL),
(18, 15, 1, 'Çözümler', 'Çözümler', '2025-03-24 09:50:10', NULL, NULL),
(19, 15, 2, 'Solutions', 'Solutions', '2025-03-24 09:50:10', NULL, NULL),
(20, 15, 3, 'Lösungen', 'Lösungen', '2025-03-24 09:50:10', NULL, NULL),
(21, 15, 4, 'Solutions', 'Solutions', '2025-03-24 09:50:10', NULL, NULL),
(22, 16, 1, 'Ortaklar', 'Ortaklar', '2025-03-24 11:29:30', NULL, NULL),
(23, 16, 2, 'AFFILIATES', 'AFFILIATES', '2025-03-24 11:29:30', NULL, NULL),
(24, 16, 3, 'Partner', 'Partner', '2025-03-24 11:29:30', NULL, NULL),
(25, 16, 4, 'Partenaires', 'Partenaires', '2025-03-24 11:29:30', NULL, NULL),
(26, 17, 1, 'Destek', 'Destek', '2025-03-24 11:43:17', NULL, NULL),
(27, 17, 2, 'Support', 'Support', '2025-03-24 11:43:17', NULL, NULL),
(28, 17, 3, 'Unterstützung', 'Unterstützung', '2025-03-24 11:43:17', NULL, NULL),
(29, 17, 4, 'Soutien', 'Soutien', '2025-03-24 11:43:17', NULL, NULL),
(30, 18, 1, 'Destek', 'Destek', '2025-03-24 11:43:19', NULL, NULL),
(31, 18, 2, 'Support', 'Support', '2025-03-24 11:43:19', NULL, NULL),
(32, 18, 3, 'Unterstützung', 'Unterstützung', '2025-03-24 11:43:19', NULL, NULL),
(33, 18, 4, 'Soutien', 'Soutien', '2025-03-24 11:43:19', NULL, NULL),
(34, 19, 1, 'Sürdürülebilirlik', 'Sürdürülebilirlik', '2025-03-24 11:54:53', NULL, NULL),
(35, 19, 2, 'Sustainability', 'Sustainability', '2025-03-24 11:54:53', NULL, NULL),
(36, 19, 3, 'Nachhaltigkeit', 'Nachhaltigkeit', '2025-03-24 11:54:53', NULL, NULL),
(37, 19, 4, 'Durabilité', 'Durabilité', '2025-03-24 11:54:53', NULL, NULL),
(38, 20, 1, 'Haberler', 'Haberler', '2025-03-24 12:10:02', NULL, NULL),
(39, 20, 2, 'News', 'News', '2025-03-24 12:10:02', NULL, NULL),
(40, 20, 3, 'Nachricht', 'Nachricht', '2025-03-24 12:10:02', NULL, NULL),
(41, 20, 4, 'Nouvelles', 'Nouvelles', '2025-03-24 12:10:02', NULL, NULL),
(42, 21, 1, 'İletişim', 'İletişim', '2025-03-24 12:16:56', NULL, NULL),
(43, 21, 2, 'Contact', 'Contact', '2025-03-24 12:16:56', NULL, NULL),
(44, 21, 3, 'Kommunikation', 'Kommunikation', '2025-03-24 12:16:56', NULL, NULL),
(45, 21, 4, 'Communication', 'Communication', '2025-03-24 12:16:56', NULL, NULL),
(46, 22, 1, 'İletişim', 'İletişim', '2025-03-24 12:21:08', NULL, NULL),
(47, 22, 2, 'Contact', 'Contact', '2025-03-24 12:21:08', NULL, NULL),
(48, 22, 3, 'Kommunikation', 'Kommunikation', '2025-03-24 12:21:08', NULL, NULL),
(49, 22, 4, 'Communication', 'Communication', '2025-03-24 12:21:08', NULL, NULL);

-- --------------------------------------------------------

--
-- Tablo için tablo yapısı `main_page_sections`
--

CREATE TABLE IF NOT EXISTS `main_page_sections` (
  `id` int NOT NULL AUTO_INCREMENT,
  `page_id` int NOT NULL,
  `section_id` int DEFAULT NULL,
  `alias` varchar(32) COLLATE utf8mb4_unicode_ci DEFAULT NULL,
  `can_be_deleted` tinyint(1) DEFAULT NULL,
  `can_be_added_section` tinyint(1) DEFAULT NULL,
  `can_be_added_image` tinyint(1) DEFAULT NULL,
  `can_be_added_link` tinyint(1) DEFAULT NULL,
  `can_be_added_title` tinyint(1) DEFAULT NULL,
  `created_at` datetime NOT NULL,
  `updated_at` datetime DEFAULT NULL,
  `can_be_added_short_title` tinyint(1) DEFAULT NULL,
  `is_category` tinyint(1) NOT NULL,
  `is_title_long` tinyint(1) NOT NULL,
  `can_be_added_text` tinyint(1) DEFAULT NULL,
  PRIMARY KEY (`id`),
  KEY `IDX_19ADF725C4663E4` (`page_id`),
  KEY `IDX_19ADF725D823E37A` (`section_id`)
) ENGINE=InnoDB AUTO_INCREMENT=110 DEFAULT CHARSET=utf8mb4 COLLATE=utf8mb4_unicode_ci;

--
-- Tablo döküm verisi `main_page_sections`
--

INSERT INTO `main_page_sections` (`id`, `page_id`, `section_id`, `alias`, `can_be_deleted`, `can_be_added_section`, `can_be_added_image`, `can_be_added_link`, `can_be_added_title`, `created_at`, `updated_at`, `can_be_added_short_title`, `is_category`, `is_title_long`, `can_be_added_text`) VALUES
(1, 1, NULL, 'Dünya Animasyonu Kısmı', 0, 0, 0, NULL, 1, '2025-03-07 11:41:13', NULL, 1, 0, 0, 1),
(10, 1, NULL, 'Giriş Slider Kısmı', 1, 1, 1, NULL, 1, '2025-03-07 11:41:13', NULL, NULL, 0, 1, 1),
(11, 1, NULL, 'Hakkımızda Kısmı', NULL, NULL, NULL, NULL, 1, '2025-03-07 11:41:13', NULL, 1, 0, 1, NULL),
(12, 1, NULL, 'Çözümler Kısmı', NULL, NULL, NULL, NULL, 1, '2025-03-07 11:41:13', NULL, 1, 0, 1, NULL),
(13, 1, NULL, 'Çözümler', NULL, NULL, NULL, NULL, 1, '2025-03-07 11:41:13', NULL, 1, 0, 1, NULL),
(23, 1, 1, 'Ana Başlık', NULL, NULL, NULL, NULL, NULL, '2025-03-07 12:54:59', '2025-03-13 08:47:06', NULL, 0, 0, NULL),
(24, 1, 1, 'Açıklama Sol Üst', NULL, NULL, NULL, NULL, 1, '2025-03-07 12:54:59', '2025-03-13 08:47:06', NULL, 0, 0, NULL),
(25, 1, 1, 'Açıklama Sağ Alt', NULL, NULL, NULL, NULL, 1, '2025-03-07 12:54:59', '2025-03-13 08:47:06', 1, 0, 0, NULL),
(26, 1, 10, NULL, NULL, NULL, 1, NULL, 1, '2025-03-07 13:14:02', '2025-03-14 07:04:18', NULL, 0, 1, NULL),
(65, 1, 10, NULL, NULL, NULL, 1, NULL, 1, '2025-03-11 11:39:22', '2025-03-14 07:04:18', NULL, 0, 1, NULL),
(66, 1, 10, NULL, NULL, NULL, 1, NULL, 1, '2025-03-11 13:41:13', '2025-03-14 07:04:18', NULL, 0, 1, NULL),
(70, 1, 11, 'Resim Kaydırıcı Ekle', 1, 1, 1, NULL, NULL, '2025-03-12 11:49:11', NULL, NULL, 1, 0, NULL),
(71, 1, 11, 'İstatistik Bölümler', 1, 1, NULL, NULL, 1, '2025-03-12 12:32:07', NULL, 1, 1, 1, NULL),
(78, 1, 11, NULL, NULL, NULL, NULL, NULL, NULL, '2025-03-14 13:20:05', '2025-03-17 07:56:18', NULL, 0, 0, NULL),
(79, 1, 11, NULL, NULL, NULL, NULL, NULL, NULL, '2025-03-14 13:50:15', '2025-03-17 07:56:18', NULL, 0, 0, NULL),
(80, 1, 11, NULL, NULL, NULL, NULL, NULL, NULL, '2025-03-14 14:00:27', '2025-03-17 07:56:18', NULL, 0, 0, NULL),
(81, 1, 12, NULL, NULL, NULL, NULL, NULL, NULL, '2025-03-17 06:23:23', '2025-03-18 09:41:33', NULL, 0, 0, NULL),
(82, 1, 12, 'Çözüm Bölümleri', 1, 1, 1, NULL, 1, '2025-03-12 12:32:07', NULL, 0, 1, 0, 1),
(83, 1, 11, NULL, NULL, NULL, NULL, NULL, NULL, '2025-03-17 07:56:18', NULL, NULL, 0, 0, NULL),
(84, 1, 82, NULL, NULL, NULL, NULL, NULL, NULL, '2025-03-17 11:39:41', NULL, NULL, 0, 0, NULL),
(85, 1, 82, NULL, NULL, NULL, NULL, NULL, NULL, '2025-03-17 11:40:15', NULL, NULL, 0, 0, NULL),
(86, 1, 82, NULL, NULL, NULL, NULL, NULL, NULL, '2025-03-17 12:10:23', NULL, NULL, 0, 0, NULL),
(87, 1, 13, NULL, NULL, NULL, NULL, NULL, NULL, '2025-03-18 11:31:19', NULL, NULL, 0, 0, NULL),
(89, 2, NULL, 'İntro Kısmı', 0, 0, 0, 0, 1, '2025-03-24 08:27:29', NULL, 1, 0, 1, 1),
(92, 2, NULL, 'Resimli Kısım ', 0, 0, 1, 0, 1, '2025-03-24 08:52:05', NULL, 1, 1, 1, 1),
(93, 2, NULL, 'Çözümler Kısmı', 1, 1, 1, 0, 1, '2025-03-24 08:59:05', NULL, 1, 1, 1, 1),
(94, 14, NULL, 'İntro Kısmı', 0, 0, 0, 0, 1, '2025-03-24 09:37:31', NULL, 1, 0, 1, 1),
(95, 14, NULL, 'Proje Kartları', 1, 1, 1, 0, 1, '2025-03-24 09:41:15', NULL, 0, 0, 1, 1),
(96, 14, NULL, 'Ortaklar', 1, 1, 1, 0, 0, '2025-03-24 09:45:09', NULL, 0, 1, 0, 0),
(97, 15, NULL, 'İntro Kısmı', 0, 0, 0, 0, 1, '2025-03-24 11:07:40', NULL, 1, 0, 1, 1),
(98, 15, NULL, 'Çözümler Kısmı', 1, 1, 1, 0, 1, '2025-03-24 11:08:16', NULL, 1, 0, 1, 1),
(99, 16, NULL, 'İntro Kısmı', 0, 0, 0, 0, 1, '2025-03-24 11:37:56', NULL, 1, 0, 1, 1),
(100, 16, NULL, 'Ortaklar Kısmı', 1, 1, 1, 0, 1, '2025-03-24 11:38:50', NULL, 1, 1, 1, 1),
(101, 17, NULL, 'İntro Kısmı', 0, 0, 0, 0, 1, '2025-03-24 11:49:29', NULL, 1, 0, 1, 1),
(102, 17, NULL, 'Destekler', 1, 1, 1, 0, 1, '2025-03-24 11:50:18', NULL, 1, 1, 1, 1),
(103, 19, NULL, 'İntro Kısmı', 0, 0, 1, 0, 1, '2025-03-24 12:01:23', NULL, 1, 1, 1, 1),
(104, 19, NULL, 'Üst Kısım ', 0, 0, 1, 0, 1, '2025-03-24 12:02:32', NULL, 1, 1, 1, 1),
(105, 19, NULL, 'Sürdürülebilirlikler', 1, 1, 1, 0, 1, '2025-03-24 12:05:47', NULL, 1, 1, 1, 1),
(106, 20, NULL, 'İntro Kısmı', 0, 0, 0, 0, 1, '2025-03-24 12:10:08', NULL, 1, 0, 1, 1),
(107, 20, NULL, 'Haberler Ksımı', 1, 1, 1, 0, 1, '2025-03-24 12:12:01', NULL, 1, 1, 1, 1),
(108, 21, NULL, 'İntro Kısmı', 0, 0, 0, 0, 1, '2025-03-24 12:21:43', NULL, 1, 0, 1, 1),
(109, 21, NULL, 'Bilgiler Kısmı', 1, 1, 1, 0, 1, '2025-03-24 12:22:24', NULL, 1, 0, 1, 1);

-- --------------------------------------------------------

--
-- Tablo için tablo yapısı `main_page_section_images`
--

CREATE TABLE IF NOT EXISTS `main_page_section_images` (
  `id` int NOT NULL AUTO_INCREMENT,
  `section_id` int NOT NULL,
  `name` varchar(255) COLLATE utf8mb4_unicode_ci NOT NULL,
  `file_size` int DEFAULT NULL,
  `is_default` tinyint(1) NOT NULL DEFAULT '0',
  PRIMARY KEY (`id`),
  KEY `IDX_E981AC6DD823E37A` (`section_id`)
) ENGINE=InnoDB AUTO_INCREMENT=7 DEFAULT CHARSET=utf8mb4 COLLATE=utf8mb4_unicode_ci;

--
-- Tablo döküm verisi `main_page_section_images`
--

INSERT INTO `main_page_section_images` (`id`, `section_id`, `name`, `file_size`, `is_default`) VALUES
(1, 26, '61809e6000fd8d7ff1991b47-lock-min-67d03d2f3de59.png', NULL, 0),
(2, 65, '61809e6000fd8d7ff1991b47-lock-min-67d03d2f4888e.png', NULL, 0),
(3, 66, '61809e6000fd8d7ff1991b47-lock-min-67d03d7904ca2.png', NULL, 0),
(5, 84, 'ic-2-67d809fd88976.png', NULL, 0),
(6, 86, 'ic-3-67d8112f759db.png', NULL, 0);

-- --------------------------------------------------------

--
-- Tablo için tablo yapısı `main_page_section_langs`
--

CREATE TABLE IF NOT EXISTS `main_page_section_langs` (
  `id` int NOT NULL AUTO_INCREMENT,
  `section_id` int NOT NULL,
  `lang_id` int NOT NULL,
  `link` varchar(255) COLLATE utf8mb4_unicode_ci DEFAULT NULL,
  `text` longtext COLLATE utf8mb4_unicode_ci,
  `title` longtext COLLATE utf8mb4_unicode_ci,
  `short_title` longtext COLLATE utf8mb4_unicode_ci,
  `alt` varchar(32) COLLATE utf8mb4_unicode_ci DEFAULT NULL,
  PRIMARY KEY (`id`),
  KEY `IDX_90DDEAF7D823E37A` (`section_id`),
  KEY `IDX_90DDEAF7B213FA4` (`lang_id`)
) ENGINE=InnoDB AUTO_INCREMENT=290 DEFAULT CHARSET=utf8mb4 COLLATE=utf8mb4_unicode_ci;

--
-- Tablo döküm verisi `main_page_section_langs`
--

INSERT INTO `main_page_section_langs` (`id`, `section_id`, `lang_id`, `link`, `text`, `title`, `short_title`, `alt`) VALUES
(61, 23, 1, NULL, '<p>43\'te &Uuml;retim Sekt&ouml;r&uuml; Lideri</p>\r\n<p>Yıl Enerji Teknolojisi Projeleri.</p>', NULL, NULL, NULL),
(62, 23, 2, NULL, '<p>Leader of the Producing Sector for 43</p>\r\n<p>Years Energy Technology Projects.</p>\r\n<div id=\"simple-translate\" class=\"simple-translate-system-theme\">\r\n<div>\r\n<div class=\"simple-translate-button isShow\" style=\"background-image: url(\'chrome-extension://ibplnjkanclpjokhdolnendpplpjiace/icons/512.png\'); height: 22px; width: 22px; top: 35px; left: -23px;\">&nbsp;</div>\r\n<div class=\"simple-translate-panel \" style=\"width: 300px; height: 200px; top: 0px; left: 0px; font-size: 13px;\">\r\n<div class=\"simple-translate-result-wrapper\" style=\"overflow: hidden;\">\r\n<div class=\"simple-translate-move\" draggable=\"true\">&nbsp;</div>\r\n<div class=\"simple-translate-result-contents\">\r\n<p class=\"simple-translate-result\" dir=\"auto\">&nbsp;</p>\r\n<p class=\"simple-translate-candidate\" dir=\"auto\">&nbsp;</p>\r\n</div>\r\n</div>\r\n</div>\r\n</div>\r\n</div>', NULL, NULL, NULL),
(63, 23, 3, NULL, '<p>Leiter des produzierenden Sektors seit 43</p>\r\n<p>Jahre Energietechnologieprojekte.</p>', NULL, NULL, NULL),
(64, 23, 4, NULL, '<p>Leader du secteur de la production depuis 43</p>\r\n<p>ans des projets de technologie &eacute;nerg&eacute;tique.</p>', NULL, NULL, NULL),
(65, 24, 1, NULL, '<p>Sekt&ouml;rde uzman meslektaş</p>', '140', NULL, NULL),
(66, 24, 2, NULL, '<p>Colleague expert in the industry</p>', '140', NULL, NULL),
(67, 24, 3, NULL, '<p>Fachkollege in der Branche</p>', '140', NULL, NULL),
(68, 24, 4, NULL, '<p>Coll&egrave;gue expert dans le secteur</p>', '140', NULL, NULL),
(69, 25, 1, NULL, '<p>&uuml;lkede aktif</p>', '12', 'kapsayan', NULL),
(70, 25, 2, NULL, '<p>active in the country</p>', '12', 'covering', NULL),
(71, 25, 3, NULL, '<p>im Lande t&auml;tig</p>', '12', 'Abdeckung', NULL),
(72, 25, 4, NULL, '<p>actifs dans le pays</p>', '12', 'couverture', NULL),
(73, 26, 1, NULL, '<p>Lorem, ipsum dolor sit amet consectetur adipisicing elit. Voluptatem nobis animi officia, dicta eos ipsa commodi harum distinctio rem?</p>', '<p>Industry Leader in</p><p>Energy Technology</p>', NULL, 'test'),
(74, 26, 2, NULL, NULL, '<p>Industry Leader in</p><p>Energy Technology</p>', NULL, 'test'),
(75, 26, 3, NULL, NULL, '<p>Industry Leader in</p><p>Energy Technology</p>', NULL, 'test'),
(76, 26, 4, NULL, NULL, '<p>Industry Leader in</p><p>Energy Technology</p>', NULL, 'test'),
(229, 65, 1, NULL, '<p>Lorem, ipsum dolor sit amet consectetur adipisicing elit. Voluptatem nobis animi officia, dicta eos ipsa commodi harum distinctio rem?</p>', '<p>Industry Leader in</p><p>Energy Technology</p>', NULL, 'test'),
(230, 65, 2, NULL, NULL, NULL, NULL, 'test'),
(231, 65, 3, NULL, NULL, NULL, NULL, 'test'),
(232, 65, 4, NULL, NULL, NULL, NULL, 'test'),
(233, 66, 1, NULL, '<p>Lorem, ipsum dolor sit amet consectetur adipisicing elit. Voluptatem nobis animi officia, dicta eos ipsa commodi harum distinctio rem?</p>', '<p>Industry Leader in</p><p>Energy Technology</p>', NULL, 'test'),
(234, 66, 2, NULL, NULL, NULL, NULL, 'test'),
(235, 66, 3, NULL, NULL, NULL, NULL, 'test'),
(236, 66, 4, NULL, NULL, NULL, NULL, 'test'),
(254, 78, 4, NULL, NULL, '<p>fr</p>', 'fr', NULL),
(255, 78, 3, NULL, NULL, '<p>ade</p>', 'de', NULL),
(256, 78, 1, NULL, NULL, '<p>tr</p>', 'tr', NULL),
(257, 78, 2, NULL, NULL, '<p>en</p>', 'en', NULL),
(258, 79, 1, NULL, NULL, '<p>trrr</p>', 'trrr', NULL),
(259, 79, 2, NULL, NULL, NULL, NULL, NULL),
(260, 79, 3, NULL, NULL, NULL, NULL, NULL),
(261, 79, 4, NULL, NULL, NULL, NULL, NULL),
(262, 80, 1, NULL, NULL, '<p>ss</p>', 'ss', NULL),
(263, 80, 2, NULL, NULL, NULL, NULL, NULL),
(264, 80, 3, NULL, NULL, NULL, NULL, NULL),
(265, 80, 4, NULL, NULL, NULL, NULL, NULL),
(266, 81, 1, NULL, NULL, '<p>Lorem Ipsum is simply dummy text of the printing and typesetting industry.</p>', 'SOLUTIONS', NULL),
(267, 81, 2, NULL, NULL, '<p>Lorem Ipsum is simply dummy text of the printing and typesetting industry.</p>', 'SOLUTIONS', NULL),
(268, 81, 3, NULL, NULL, '<p>Lorem Ipsum is simply dummy text of the printing and typesetting industry.</p>', 'SOLUTIONS', NULL),
(269, 81, 4, NULL, NULL, '<p>Lorem Ipsum is simply dummy text of the printing and typesetting industry.</p>', 'SOLUTIONS', NULL),
(270, 83, 1, NULL, NULL, NULL, NULL, NULL),
(271, 83, 2, NULL, NULL, NULL, NULL, NULL),
(272, 83, 3, NULL, NULL, NULL, NULL, NULL),
(273, 83, 4, NULL, NULL, NULL, NULL, NULL),
(274, 84, 1, NULL, '<p><span style=\"color: #676767; font-family: system-ui, -apple-system, \'Segoe UI\', Roboto, \'Helvetica Neue\', \'Noto Sans\', \'Liberation Sans\', Arial, sans-serif, \'Apple Color Emoji\', \'Segoe UI Emoji\', \'Segoe UI Symbol\', \'Noto Color Emoji\'; font-size: 16px; background-color: #ffffff;\">Lorem ipsum dolor sit amet consectetur adipisicing elit. Dolor voluptates nam error veniam ipsum fugiat ad possimus porro quia illum!</span></p>', 'Energy Efficiency', NULL, NULL),
(275, 84, 2, NULL, NULL, NULL, NULL, NULL),
(276, 84, 3, NULL, NULL, NULL, NULL, NULL),
(277, 84, 4, NULL, NULL, NULL, NULL, NULL),
(278, 85, 1, NULL, '<p>ss</p>', 'ss', NULL, NULL),
(279, 85, 2, NULL, NULL, NULL, NULL, NULL),
(280, 85, 3, NULL, NULL, NULL, NULL, NULL),
(281, 85, 4, NULL, NULL, NULL, NULL, NULL),
(282, 86, 1, NULL, '<p>sss</p>', 'sss', NULL, NULL),
(283, 86, 2, NULL, NULL, NULL, NULL, NULL),
(284, 86, 3, NULL, NULL, NULL, NULL, NULL),
(285, 86, 4, NULL, NULL, NULL, NULL, NULL),
(286, 87, 1, NULL, NULL, '<p>Lorem Ipsum is simply</p><p>dummy text of the printing</p><p>and typesetting industry.</p>', 'SOLUTİONS', NULL),
(287, 87, 2, NULL, NULL, '<p>Lorem Ipsum is simply</p><p>dummy text of the printing</p><p>and typesetting industry.</p>', 'SOLUTİONS', NULL),
(288, 87, 3, NULL, NULL, '<p>Lorem Ipsum is simply</p><p>dummy text of the printing</p><p>and typesetting industry.</p>', 'SOLUTİONS', NULL),
(289, 87, 4, NULL, NULL, '<p>Lorem Ipsum is simply</p><p>dummy text of the printing</p><p>and typesetting industry.</p>', 'SOLUTİONS', NULL);

-- --------------------------------------------------------

--
-- Tablo için tablo yapısı `main_page_section_sections`
--

CREATE TABLE IF NOT EXISTS `main_page_section_sections` (
  `id` int NOT NULL AUTO_INCREMENT,
  `section_id` int DEFAULT NULL,
  `created_at` datetime NOT NULL,
  `updated_at` datetime DEFAULT NULL,
  `alias` varchar(32) COLLATE utf8mb4_unicode_ci DEFAULT NULL,
  `filename` varchar(100) COLLATE utf8mb4_unicode_ci DEFAULT NULL,
  `can_be_deleted` tinyint(1) DEFAULT NULL,
  `can_be_added_section` tinyint(1) DEFAULT NULL,
  `can_be_added_image` tinyint(1) DEFAULT NULL,
  `can_be_added_short_title` tinyint(1) DEFAULT NULL,
  `can_be_added_title` tinyint(1) DEFAULT NULL,
  `is_title_long` tinyint(1) NOT NULL,
  `can_be_added_link` tinyint(1) DEFAULT NULL,
  PRIMARY KEY (`id`),
  KEY `IDX_976EAD89D823E37A` (`section_id`)
) ENGINE=InnoDB AUTO_INCREMENT=11 DEFAULT CHARSET=utf8mb4 COLLATE=utf8mb4_unicode_ci;

--
-- Tablo döküm verisi `main_page_section_sections`
--

INSERT INTO `main_page_section_sections` (`id`, `section_id`, `created_at`, `updated_at`, `alias`, `filename`, `can_be_deleted`, `can_be_added_section`, `can_be_added_image`, `can_be_added_short_title`, `can_be_added_title`, `is_title_long`, `can_be_added_link`) VALUES
(2, 70, '2025-03-12 11:41:47', '2025-03-17 07:56:18', NULL, NULL, 1, 1, 1, 0, 0, 0, 0),
(3, 71, '2025-03-12 12:33:40', '2025-03-17 07:56:18', NULL, NULL, NULL, NULL, NULL, NULL, NULL, 0, NULL),
(4, 11, '2025-03-14 07:35:48', NULL, NULL, NULL, NULL, NULL, NULL, NULL, NULL, 0, NULL),
(5, 12, '2025-03-17 06:43:17', NULL, NULL, NULL, NULL, NULL, NULL, NULL, NULL, 0, NULL),
(6, 12, '2025-03-17 06:58:26', NULL, NULL, NULL, NULL, NULL, NULL, NULL, NULL, 0, NULL),
(7, 82, '2025-03-17 10:17:13', '2025-03-18 09:41:33', NULL, NULL, NULL, NULL, NULL, NULL, NULL, 0, NULL),
(8, 82, '2025-03-17 12:14:10', '2025-03-18 09:41:33', NULL, NULL, NULL, NULL, NULL, NULL, NULL, 0, NULL),
(9, 82, '2025-03-18 09:41:33', NULL, NULL, NULL, NULL, NULL, NULL, NULL, NULL, 0, NULL),
(10, 82, '2025-03-18 09:41:33', NULL, NULL, NULL, NULL, NULL, NULL, NULL, NULL, 0, NULL);

-- --------------------------------------------------------

--
-- Tablo için tablo yapısı `main_page_section_sections_images`
--

CREATE TABLE IF NOT EXISTS `main_page_section_sections_images` (
  `id` int NOT NULL AUTO_INCREMENT,
  `section_id` int NOT NULL,
  `name` varchar(255) COLLATE utf8mb4_unicode_ci NOT NULL,
  `file_size` int DEFAULT NULL,
  `is_default` tinyint(1) NOT NULL DEFAULT '0',
  PRIMARY KEY (`id`),
  KEY `IDX_A7B5E4C9D823E37A` (`section_id`)
) ENGINE=InnoDB AUTO_INCREMENT=7 DEFAULT CHARSET=utf8mb4 COLLATE=utf8mb4_unicode_ci;

--
-- Tablo döküm verisi `main_page_section_sections_images`
--

INSERT INTO `main_page_section_sections_images` (`id`, `section_id`, `name`, `file_size`, `is_default`) VALUES
(1, 7, 'ic-3-67d804a9490f0.png', NULL, 0),
(4, 8, 'ic-2-67d919d1314d4.png', NULL, 0),
(5, 9, 'ic-1-67d93fcdb4d7c.png', NULL, 0),
(6, 10, 'ic-4-67d93fcdbd529.png', NULL, 0);

-- --------------------------------------------------------

--
-- Tablo için tablo yapısı `main_page_section_sections_lang`
--

CREATE TABLE IF NOT EXISTS `main_page_section_sections_lang` (
  `id` int NOT NULL AUTO_INCREMENT,
  `section_id` int NOT NULL,
  `lang_id` int NOT NULL,
  `short_title` longtext COLLATE utf8mb4_unicode_ci,
  `title` longtext COLLATE utf8mb4_unicode_ci,
  `text` longtext COLLATE utf8mb4_unicode_ci,
  `link` varchar(255) COLLATE utf8mb4_unicode_ci DEFAULT NULL,
  `alt` varchar(32) COLLATE utf8mb4_unicode_ci DEFAULT NULL,
  PRIMARY KEY (`id`),
  KEY `IDX_13921DB5D823E37A` (`section_id`),
  KEY `IDX_13921DB5B213FA4` (`lang_id`)
) ENGINE=InnoDB AUTO_INCREMENT=33 DEFAULT CHARSET=utf8mb4 COLLATE=utf8mb4_unicode_ci;

--
-- Tablo döküm verisi `main_page_section_sections_lang`
--

INSERT INTO `main_page_section_sections_lang` (`id`, `section_id`, `lang_id`, `short_title`, `title`, `text`, `link`, `alt`) VALUES
(1, 2, 4, NULL, NULL, NULL, NULL, NULL),
(2, 3, 4, 'fr', '<p>fr</p>', NULL, NULL, NULL),
(3, 2, 3, NULL, NULL, NULL, NULL, NULL),
(4, 3, 3, 'de', '<p>de</p>', NULL, NULL, NULL),
(5, 2, 2, NULL, NULL, NULL, NULL, NULL),
(6, 3, 2, 'en', '<p>en</p>', NULL, NULL, NULL),
(7, 2, 1, NULL, NULL, NULL, NULL, NULL),
(8, 3, 1, 'tr', '<p>tr</p>', NULL, NULL, NULL),
(9, 5, 1, NULL, 's', '<p>s</p>', NULL, NULL),
(10, 5, 2, NULL, NULL, NULL, NULL, NULL),
(11, 5, 3, NULL, NULL, NULL, NULL, NULL),
(12, 5, 4, NULL, NULL, NULL, NULL, NULL),
(13, 6, 1, NULL, 'tt', '<p>tt</p>', NULL, NULL),
(14, 6, 2, NULL, NULL, NULL, NULL, NULL),
(15, 6, 3, NULL, NULL, NULL, NULL, NULL),
(16, 6, 4, NULL, NULL, NULL, NULL, NULL),
(17, 7, 1, NULL, 'Energy Green', '<p>Lorem Ipsum is simply dummy text of the printing and typesetting industry. Lorem Ipsum has been the industry\'s standard dummy text ever since the 1500S,</p>', NULL, 'x'),
(18, 7, 2, NULL, NULL, '<p><br data-mce-bogus=\"1\"></p>', NULL, NULL),
(19, 7, 3, NULL, NULL, '<p><br data-mce-bogus=\"1\"></p>', NULL, NULL),
(20, 7, 4, NULL, NULL, '<p><br data-mce-bogus=\"1\"></p>', NULL, NULL),
(21, 8, 1, NULL, 'Energy Efficiency', '<p><span style=\"color: rgb(103, 103, 103); font-family: system-ui, -apple-system, \"Segoe UI\", Roboto, \"Helvetica Neue\", \"Noto Sans\", \"Liberation Sans\", Arial, sans-serif, \"Apple Color Emoji\", \"Segoe UI Emoji\", \"Segoe UI Symbol\", \"Noto Color Emoji\"; font-size: 16px; background-color: rgb(255, 255, 255);\">Lorem ipsum dolor sit amet consectetur adipisicing elit. Dolor voluptates nam error veniam ipsum fugiat ad possimus porro quia illum!</span></p>', NULL, 's'),
(22, 8, 2, NULL, 'Energy Efficiency', '<p><span style=\"color: rgb(103, 103, 103); font-family: system-ui, -apple-system, \"Segoe UI\", Roboto, \"Helvetica Neue\", \"Noto Sans\", \"Liberation Sans\", Arial, sans-serif, \"Apple Color Emoji\", \"Segoe UI Emoji\", \"Segoe UI Symbol\", \"Noto Color Emoji\"; font-size: 16px; background-color: rgb(255, 255, 255);\">Lorem ipsum dolor sit amet consectetur adipisicing elit. Dolor voluptates nam error veniam ipsum fugiat ad possimus porro quia illum!</span></p>', NULL, 'ss'),
(23, 8, 3, NULL, 'Energy Efficiency', '<p><span style=\"color: rgb(103, 103, 103); font-family: system-ui, -apple-system, \"Segoe UI\", Roboto, \"Helvetica Neue\", \"Noto Sans\", \"Liberation Sans\", Arial, sans-serif, \"Apple Color Emoji\", \"Segoe UI Emoji\", \"Segoe UI Symbol\", \"Noto Color Emoji\"; font-size: 16px; background-color: rgb(255, 255, 255);\">Lorem ipsum dolor sit amet consectetur adipisicing elit. Dolor voluptates nam error veniam ipsum fugiat ad possimus porro quia illum!</span></p>', NULL, 'sss'),
(24, 8, 4, NULL, 'Energy Efficiency', '<p><span style=\"color: #676767; font-family: system-ui, -apple-system, \'Segoe UI\', Roboto, \'Helvetica Neue\', \'Noto Sans\', \'Liberation Sans\', Arial, sans-serif, \'Apple Color Emoji\', \'Segoe UI Emoji\', \'Segoe UI Symbol\', \'Noto Color Emoji\'; font-size: 16px; background-color: #ffffff;\">Lorem ipsum dolor sit amet consectetur adipisicing elit. Dolor voluptates nam error veniam ipsum fugiat ad possimus porro quia illum!</span></p>', NULL, 'ssss'),
(25, 9, 1, NULL, 'Sustainable Energy', NULL, NULL, NULL),
(26, 9, 2, NULL, NULL, NULL, NULL, NULL),
(27, 9, 3, NULL, NULL, NULL, NULL, NULL),
(28, 9, 4, NULL, NULL, NULL, NULL, NULL),
(29, 10, 1, NULL, 'Sustautomation Software', '<p><span style=\"color: #676767; font-family: system-ui, -apple-system, \'Segoe UI\', Roboto, \'Helvetica Neue\', \'Noto Sans\', \'Liberation Sans\', Arial, sans-serif, \'Apple Color Emoji\', \'Segoe UI Emoji\', \'Segoe UI Symbol\', \'Noto Color Emoji\'; font-size: 16px; background-color: #ffffff;\">Lorem Ipsum is simply dummy text of the printing and typesetting industry. Lorem Ipsum has been the industry\'s standard dummy text ever since the 1500S,</span></p>', NULL, NULL),
(30, 10, 2, NULL, 'Sustautomation Software', '<p><span style=\"color: #676767; font-family: system-ui, -apple-system, \'Segoe UI\', Roboto, \'Helvetica Neue\', \'Noto Sans\', \'Liberation Sans\', Arial, sans-serif, \'Apple Color Emoji\', \'Segoe UI Emoji\', \'Segoe UI Symbol\', \'Noto Color Emoji\'; font-size: 16px; background-color: #ffffff;\">Lorem Ipsum is simply dummy text of the printing and typesetting industry. Lorem Ipsum has been the industry\'s standard dummy text ever since the 1500S,</span></p>', NULL, NULL),
(31, 10, 3, NULL, 'Sustautomation Software', '<p><span style=\"color: #676767; font-family: system-ui, -apple-system, \'Segoe UI\', Roboto, \'Helvetica Neue\', \'Noto Sans\', \'Liberation Sans\', Arial, sans-serif, \'Apple Color Emoji\', \'Segoe UI Emoji\', \'Segoe UI Symbol\', \'Noto Color Emoji\'; font-size: 16px; background-color: #ffffff;\">Lorem Ipsum is simply dummy text of the printing and typesetting industry. Lorem Ipsum has been the industry\'s standard dummy text ever since the 1500S,</span></p>', NULL, NULL),
(32, 10, 4, NULL, 'Sustautomation Software', '<p><span style=\"color: #676767; font-family: system-ui, -apple-system, \'Segoe UI\', Roboto, \'Helvetica Neue\', \'Noto Sans\', \'Liberation Sans\', Arial, sans-serif, \'Apple Color Emoji\', \'Segoe UI Emoji\', \'Segoe UI Symbol\', \'Noto Color Emoji\'; font-size: 16px; background-color: #ffffff;\">Lorem Ipsum is simply dummy text of the printing and typesetting industry. Lorem Ipsum has been the industry\'s standard dummy text ever since the 1500S,</span></p>', NULL, NULL);

-- --------------------------------------------------------

--
-- Tablo için tablo yapısı `main_products`
--

CREATE TABLE IF NOT EXISTS `main_products` (
  `id` int NOT NULL AUTO_INCREMENT,
  `brand_id` int DEFAULT NULL,
  `main_category_id` int DEFAULT NULL,
  `projects_id` int DEFAULT NULL,
  `code` varchar(255) COLLATE utf8mb4_unicode_ci DEFAULT NULL,
  `barcode` varchar(255) COLLATE utf8mb4_unicode_ci DEFAULT NULL,
  `is_enabled` tinyint(1) NOT NULL,
  `del` tinyint(1) NOT NULL DEFAULT '0',
  `is_variant` tinyint(1) NOT NULL,
  `avarage_rating` varchar(10) COLLATE utf8mb4_unicode_ci DEFAULT NULL,
  `total_visited` int DEFAULT NULL,
  `position` int DEFAULT NULL,
  `total_sales` int DEFAULT NULL,
  `audio_file` varchar(255) COLLATE utf8mb4_unicode_ci DEFAULT NULL,
  `uuid` varchar(255) COLLATE utf8mb4_unicode_ci DEFAULT NULL,
  `length` double DEFAULT NULL,
  `depth` double DEFAULT NULL,
  `height` double DEFAULT NULL,
  `weight` double DEFAULT NULL,
  `product_material` varchar(255) COLLATE utf8mb4_unicode_ci DEFAULT NULL,
  `product_color` varchar(255) COLLATE utf8mb4_unicode_ci DEFAULT NULL,
  `product_suggestion` varchar(255) COLLATE utf8mb4_unicode_ci DEFAULT NULL,
  `product_paint_type` varchar(255) COLLATE utf8mb4_unicode_ci DEFAULT NULL,
  `delivery_time` varchar(255) COLLATE utf8mb4_unicode_ci DEFAULT NULL,
  `created_at` datetime DEFAULT NULL,
  `updated_at` datetime DEFAULT NULL,
  `show_home` tinyint(1) NOT NULL DEFAULT '0',
  `type` varchar(16) COLLATE utf8mb4_unicode_ci DEFAULT NULL,
  `thumbnail` varchar(255) COLLATE utf8mb4_unicode_ci DEFAULT NULL,
  PRIMARY KEY (`id`),
  UNIQUE KEY `UNIQ_6A984B2FD17F50A6` (`uuid`),
  KEY `IDX_6A984B2F44F5D008` (`brand_id`),
  KEY `IDX_6A984B2FC6C55574` (`main_category_id`),
  KEY `IDX_6A984B2F1EDE0F55` (`projects_id`)
) ENGINE=InnoDB AUTO_INCREMENT=6 DEFAULT CHARSET=utf8mb4 COLLATE=utf8mb4_unicode_ci;

--
-- Tablo döküm verisi `main_products`
--

INSERT INTO `main_products` (`id`, `brand_id`, `main_category_id`, `projects_id`, `code`, `barcode`, `is_enabled`, `del`, `is_variant`, `avarage_rating`, `total_visited`, `position`, `total_sales`, `audio_file`, `uuid`, `length`, `depth`, `height`, `weight`, `product_material`, `product_color`, `product_suggestion`, `product_paint_type`, `delivery_time`, `created_at`, `updated_at`, `show_home`, `type`, `thumbnail`) VALUES
(1, NULL, 3, NULL, 'GNC0-00001', 'GNC0-00001', 1, 0, 0, NULL, 87, NULL, NULL, NULL, '1367aee7bfc643a', NULL, NULL, NULL, NULL, NULL, NULL, NULL, NULL, NULL, NULL, NULL, 1, NULL, NULL),
(2, NULL, 5, NULL, 'urun2', 'urun2', 1, 0, 0, NULL, 2, NULL, NULL, NULL, '1967aee8157baca', NULL, NULL, NULL, NULL, NULL, NULL, NULL, NULL, NULL, NULL, NULL, 0, NULL, NULL),
(3, NULL, 2, NULL, NULL, '1000', 1, 0, 0, NULL, NULL, NULL, NULL, NULL, '6167bed538459cc', NULL, NULL, NULL, NULL, NULL, NULL, NULL, NULL, NULL, NULL, NULL, 1, 'Adet', 'pexels-karolina-grabowska-4210341-opt-67bed5384d4fb.jpg'),
(4, NULL, 2, NULL, NULL, '1001', 1, 0, 0, NULL, NULL, NULL, NULL, NULL, '5867bee89418b42', NULL, NULL, NULL, NULL, NULL, NULL, NULL, NULL, NULL, NULL, NULL, 1, 'Adet', 'pexels-karolina-grabowska-4210341-opt-67bee8941d5c3.jpg'),
(5, NULL, 2, NULL, NULL, 'urun3', 1, 0, 0, NULL, NULL, NULL, NULL, NULL, '8867beeb0c33216', NULL, NULL, NULL, NULL, NULL, NULL, NULL, NULL, NULL, NULL, NULL, 0, 'Adet', 'pexels-karolina-grabowska-4210376-opt-67beeb0c36a4c.jpg');

-- --------------------------------------------------------

--
-- Tablo için tablo yapısı `main_product_brands`
--

CREATE TABLE IF NOT EXISTS `main_product_brands` (
  `id` int NOT NULL AUTO_INCREMENT,
  `name` varchar(255) COLLATE utf8mb4_unicode_ci NOT NULL,
  `alias` varchar(255) COLLATE utf8mb4_unicode_ci NOT NULL,
  `logo` varchar(255) COLLATE utf8mb4_unicode_ci DEFAULT NULL,
  `is_enabled` tinyint(1) DEFAULT NULL,
  `is_list_show` tinyint(1) DEFAULT NULL,
  `created_at` datetime DEFAULT NULL,
  `updated_at` datetime DEFAULT NULL,
  PRIMARY KEY (`id`)
) ENGINE=InnoDB DEFAULT CHARSET=utf8mb4 COLLATE=utf8mb4_unicode_ci;

-- --------------------------------------------------------

--
-- Tablo için tablo yapısı `main_product_catalogs`
--

CREATE TABLE IF NOT EXISTS `main_product_catalogs` (
  `id` int NOT NULL AUTO_INCREMENT,
  `image` varchar(255) COLLATE utf8mb4_unicode_ci NOT NULL,
  `filesize` int NOT NULL,
  `created_at` datetime NOT NULL,
  `updated_at` datetime DEFAULT NULL,
  `del` tinyint(1) NOT NULL DEFAULT '0',
  PRIMARY KEY (`id`)
) ENGINE=InnoDB DEFAULT CHARSET=utf8mb4 COLLATE=utf8mb4_unicode_ci;

-- --------------------------------------------------------

--
-- Tablo için tablo yapısı `main_product_catalog_markers`
--

CREATE TABLE IF NOT EXISTS `main_product_catalog_markers` (
  `id` int NOT NULL AUTO_INCREMENT,
  `catalog_id` int NOT NULL,
  `product_id` int NOT NULL,
  `coords` longtext COLLATE utf8mb4_unicode_ci NOT NULL COMMENT '(DC2Type:simple_array)',
  `del` tinyint(1) NOT NULL DEFAULT '0',
  `created_at` datetime NOT NULL,
  `updated_at` datetime DEFAULT NULL,
  PRIMARY KEY (`id`),
  KEY `IDX_A0E16F7FCC3C66FC` (`catalog_id`),
  KEY `IDX_A0E16F7F4584665A` (`product_id`)
) ENGINE=InnoDB DEFAULT CHARSET=utf8mb4 COLLATE=utf8mb4_unicode_ci;

-- --------------------------------------------------------

--
-- Tablo için tablo yapısı `main_product_groups`
--

CREATE TABLE IF NOT EXISTS `main_product_groups` (
  `id` int NOT NULL AUTO_INCREMENT,
  `title` varchar(255) COLLATE utf8mb4_unicode_ci DEFAULT NULL,
  `alias` varchar(255) COLLATE utf8mb4_unicode_ci DEFAULT NULL,
  `is_enabled` tinyint(1) NOT NULL DEFAULT '1',
  `created_at` datetime DEFAULT NULL,
  `updated_at` datetime DEFAULT NULL,
  PRIMARY KEY (`id`)
) ENGINE=InnoDB DEFAULT CHARSET=utf8mb4 COLLATE=utf8mb4_unicode_ci;

-- --------------------------------------------------------

--
-- Tablo için tablo yapısı `main_product_group_assings`
--

CREATE TABLE IF NOT EXISTS `main_product_group_assings` (
  `id` int NOT NULL AUTO_INCREMENT,
  `product_id` int DEFAULT NULL,
  `product_group_id` int DEFAULT NULL,
  `created_at` datetime DEFAULT NULL,
  `updated_at` datetime DEFAULT NULL,
  PRIMARY KEY (`id`),
  KEY `IDX_75C14A754584665A` (`product_id`),
  KEY `IDX_75C14A7535E4B3D0` (`product_group_id`)
) ENGINE=InnoDB DEFAULT CHARSET=utf8mb4 COLLATE=utf8mb4_unicode_ci;

-- --------------------------------------------------------

--
-- Tablo için tablo yapısı `main_product_images`
--

CREATE TABLE IF NOT EXISTS `main_product_images` (
  `id` int NOT NULL AUTO_INCREMENT,
  `product_id` int DEFAULT NULL,
  `type` varchar(255) COLLATE utf8mb4_unicode_ci NOT NULL,
  `title` varchar(255) COLLATE utf8mb4_unicode_ci DEFAULT NULL,
  `is_default` tinyint(1) DEFAULT NULL,
  `filename` varchar(255) COLLATE utf8mb4_unicode_ci DEFAULT NULL,
  `filesize` int NOT NULL,
  `created_at` datetime DEFAULT NULL,
  `updated_at` datetime DEFAULT NULL,
  PRIMARY KEY (`id`),
  KEY `IDX_C6FB4844584665A` (`product_id`)
) ENGINE=InnoDB AUTO_INCREMENT=19 DEFAULT CHARSET=utf8mb4 COLLATE=utf8mb4_unicode_ci;

--
-- Tablo döküm verisi `main_product_images`
--

INSERT INTO `main_product_images` (`id`, `product_id`, `type`, `title`, `is_default`, `filename`, `filesize`, `created_at`, `updated_at`) VALUES
(2, 2, 'image', '', 1, 'lukas-schroeder-sB2K-If9qI0-unsplash-67aee8157e69f.jpg', 41345, NULL, NULL),
(13, 1, 'image', '', 1, 'pexels-karolina-grabowska-4210314-opt-67b30d05e2766.jpg', 124292, NULL, NULL),
(14, 1, 'image', '', 0, 'pexels-karolina-grabowska-4210341-opt-67b30d05e6677.jpg', 105813, NULL, NULL),
(15, 1, 'image', '', 0, 'pexels-karolina-grabowska-4210376-opt-67b30d05e9c6c.jpg', 43935, NULL, NULL),
(16, 3, 'image', 'pexels-karolina-grabowska-4210314-opt-67bed538528fd.jpg', 0, NULL, 124292, NULL, NULL),
(17, 4, 'image', 'pexels-karolina-grabowska-4210314-opt-67bee8941e442.jpg', 0, NULL, 124292, NULL, NULL),
(18, 5, 'image', 'pexels-karolina-grabowska-4210341-opt-67beeb0c36dcd.jpg', 0, NULL, 105813, NULL, NULL);

-- --------------------------------------------------------

--
-- Tablo için tablo yapısı `main_product_lang`
--

CREATE TABLE IF NOT EXISTS `main_product_lang` (
  `id` int NOT NULL AUTO_INCREMENT,
  `product_id` int DEFAULT NULL,
  `lang_id` int DEFAULT NULL,
  `name` varchar(255) COLLATE utf8mb4_unicode_ci DEFAULT NULL,
  `alias` varchar(255) COLLATE utf8mb4_unicode_ci DEFAULT NULL,
  `description` longtext COLLATE utf8mb4_unicode_ci,
  `meta_description` varchar(255) COLLATE utf8mb4_unicode_ci DEFAULT NULL,
  `short_description` varchar(255) COLLATE utf8mb4_unicode_ci DEFAULT NULL,
  `meta_title` varchar(255) COLLATE utf8mb4_unicode_ci DEFAULT NULL,
  PRIMARY KEY (`id`),
  KEY `IDX_A559137A4584665A` (`product_id`),
  KEY `IDX_A559137AB213FA4` (`lang_id`)
) ENGINE=InnoDB AUTO_INCREMENT=6 DEFAULT CHARSET=utf8mb4 COLLATE=utf8mb4_unicode_ci;

--
-- Tablo döküm verisi `main_product_lang`
--

INSERT INTO `main_product_lang` (`id`, `product_id`, `lang_id`, `name`, `alias`, `description`, `meta_description`, `short_description`, `meta_title`) VALUES
(1, 1, 1, 'Terra Waffle Yatak Örtüsü - Kiremit', 'terra-waffle-yatak-ortusu-kiremit', '<p>Terra Pike Takımı, sezonun trendi waffle dokusu ile sıra dışı bir yatak odası kombin &uuml;r&uuml;n&uuml;d&uuml;r. Her mevsimde orta ağırlıkta sıcak tutan bir pike ve yatak &ouml;rt&uuml;s&uuml;d&uuml;r. &Uuml;r&uuml;ne uygulanan yıkama pamuğun yumuşaklığını ortaya &ccedil;ıkarır.</p>', 'Ürün 1', 'Adet', NULL),
(2, 2, 1, 'Ürün 2', 'urun-2', '<p>&Uuml;r&uuml;n 2</p>', 'Ürün 2', 'Adet', NULL),
(3, 3, 1, 'urun3', 'urun3', '<p>urun3</p>', 'urun3', NULL, 'urun3'),
(4, 4, 1, 'urun4', 'urun4', '<p>urun4</p>', 'urun4', NULL, 'urun4'),
(5, 5, 1, 'urun3', 'urun3', '<p>urun3</p>', 'urun3', NULL, 'urun3');

-- --------------------------------------------------------

--
-- Tablo için tablo yapısı `main_product_other_categories`
--

CREATE TABLE IF NOT EXISTS `main_product_other_categories` (
  `id` int NOT NULL AUTO_INCREMENT,
  `product_id` int DEFAULT NULL,
  `category_id` int DEFAULT NULL,
  `created_at` datetime DEFAULT NULL,
  `updated_at` datetime DEFAULT NULL,
  PRIMARY KEY (`id`),
  KEY `IDX_5573144D4584665A` (`product_id`),
  KEY `IDX_5573144D12469DE2` (`category_id`)
) ENGINE=InnoDB AUTO_INCREMENT=4 DEFAULT CHARSET=utf8mb4 COLLATE=utf8mb4_unicode_ci;

--
-- Tablo döküm verisi `main_product_other_categories`
--

INSERT INTO `main_product_other_categories` (`id`, `product_id`, `category_id`, `created_at`, `updated_at`) VALUES
(1, 3, 4, NULL, NULL),
(2, 4, 4, NULL, NULL),
(3, 5, 4, NULL, NULL);

-- --------------------------------------------------------

--
-- Tablo için tablo yapısı `main_product_pricing`
--

CREATE TABLE IF NOT EXISTS `main_product_pricing` (
  `id` int NOT NULL AUTO_INCREMENT,
  `product_id` int DEFAULT NULL,
  `product_variant_id` int DEFAULT NULL,
  `currency_id` int DEFAULT NULL,
  `original_price` double DEFAULT NULL,
  `discount_rate` double DEFAULT NULL,
  `sales_price` double DEFAULT NULL,
  `created_at` datetime DEFAULT NULL,
  `updated_at` datetime DEFAULT NULL,
  PRIMARY KEY (`id`),
  KEY `IDX_A2AF13464584665A` (`product_id`),
  KEY `IDX_A2AF1346A80EF684` (`product_variant_id`),
  KEY `IDX_A2AF134638248176` (`currency_id`)
) ENGINE=InnoDB AUTO_INCREMENT=6 DEFAULT CHARSET=utf8mb4 COLLATE=utf8mb4_unicode_ci;

--
-- Tablo döküm verisi `main_product_pricing`
--

INSERT INTO `main_product_pricing` (`id`, `product_id`, `product_variant_id`, `currency_id`, `original_price`, `discount_rate`, `sales_price`, `created_at`, `updated_at`) VALUES
(1, 1, 1, 1, 120, 17, 100, NULL, NULL),
(2, 2, 2, 1, 100, 25, 75, NULL, NULL),
(3, 3, 3, 1, 100, 20, 80, NULL, NULL),
(4, 4, 4, 1, 100, 20, 80, NULL, NULL),
(5, 5, 5, 1, 100, 20, 80, NULL, NULL);

-- --------------------------------------------------------

--
-- Tablo için tablo yapısı `main_product_reviews`
--

CREATE TABLE IF NOT EXISTS `main_product_reviews` (
  `id` int NOT NULL AUTO_INCREMENT,
  `product_id` int DEFAULT NULL,
  `user_id` int DEFAULT NULL,
  `title` varchar(255) COLLATE utf8mb4_unicode_ci DEFAULT NULL,
  `comment` longtext COLLATE utf8mb4_unicode_ci,
  `rating` int DEFAULT NULL,
  `is_enabled` tinyint(1) NOT NULL,
  `created_at` datetime DEFAULT NULL,
  `updated_at` datetime DEFAULT NULL,
  PRIMARY KEY (`id`),
  KEY `IDX_2E2E547A4584665A` (`product_id`),
  KEY `IDX_2E2E547AA76ED395` (`user_id`)
) ENGINE=InnoDB DEFAULT CHARSET=utf8mb4 COLLATE=utf8mb4_unicode_ci;

-- --------------------------------------------------------

--
-- Tablo için tablo yapısı `main_product_variants`
--

CREATE TABLE IF NOT EXISTS `main_product_variants` (
  `id` int NOT NULL AUTO_INCREMENT,
  `product_id` int DEFAULT NULL,
  `stock` int NOT NULL,
  `is_tracked` tinyint(1) NOT NULL,
  `is_default` tinyint(1) DEFAULT NULL,
  `created_at` datetime DEFAULT NULL,
  `updated_at` datetime DEFAULT NULL,
  PRIMARY KEY (`id`),
  KEY `IDX_93B088ED4584665A` (`product_id`)
) ENGINE=InnoDB AUTO_INCREMENT=6 DEFAULT CHARSET=utf8mb4 COLLATE=utf8mb4_unicode_ci;

--
-- Tablo döküm verisi `main_product_variants`
--

INSERT INTO `main_product_variants` (`id`, `product_id`, `stock`, `is_tracked`, `is_default`, `created_at`, `updated_at`) VALUES
(1, 1, 10, 1, 1, NULL, NULL),
(2, 2, 5, 1, 1, NULL, NULL),
(3, 3, 10, 1, 1, NULL, NULL),
(4, 4, 10, 1, 1, NULL, NULL),
(5, 5, 10, 1, 1, NULL, NULL);

-- --------------------------------------------------------

--
-- Tablo için tablo yapısı `main_product_variant_assings`
--

CREATE TABLE IF NOT EXISTS `main_product_variant_assings` (
  `id` int NOT NULL AUTO_INCREMENT,
  `product_id` int DEFAULT NULL,
  `variant_id` int DEFAULT NULL,
  `barcode` varchar(255) COLLATE utf8mb4_unicode_ci DEFAULT NULL,
  `created_at` datetime DEFAULT NULL,
  `updated_at` datetime DEFAULT NULL,
  PRIMARY KEY (`id`),
  KEY `IDX_E5C19E3F4584665A` (`product_id`),
  KEY `IDX_E5C19E3F3B69A9AF` (`variant_id`)
) ENGINE=InnoDB DEFAULT CHARSET=utf8mb4 COLLATE=utf8mb4_unicode_ci;

-- --------------------------------------------------------

--
-- Tablo için tablo yapısı `main_product_variant_values`
--

CREATE TABLE IF NOT EXISTS `main_product_variant_values` (
  `id` int NOT NULL AUTO_INCREMENT,
  `product_variant_id` int DEFAULT NULL,
  `variant_value_id` int DEFAULT NULL,
  `created_at` datetime DEFAULT NULL,
  `updated_at` datetime DEFAULT NULL,
  PRIMARY KEY (`id`),
  KEY `IDX_FBD1A432A80EF684` (`product_variant_id`),
  KEY `IDX_FBD1A43266F0FA2A` (`variant_value_id`)
) ENGINE=InnoDB DEFAULT CHARSET=utf8mb4 COLLATE=utf8mb4_unicode_ci;

-- --------------------------------------------------------

--
-- Tablo için tablo yapısı `main_projects`
--

CREATE TABLE IF NOT EXISTS `main_projects` (
  `id` int NOT NULL AUTO_INCREMENT,
  `is_enabled` tinyint(1) NOT NULL,
  `image_file` varchar(100) COLLATE utf8mb4_unicode_ci DEFAULT NULL,
  `created_at` datetime DEFAULT NULL,
  `updated_at` datetime DEFAULT NULL,
  PRIMARY KEY (`id`)
) ENGINE=InnoDB AUTO_INCREMENT=18 DEFAULT CHARSET=utf8mb4 COLLATE=utf8mb4_unicode_ci;

--
-- Tablo döküm verisi `main_projects`
--

INSERT INTO `main_projects` (`id`, `is_enabled`, `image_file`, `created_at`, `updated_at`) VALUES
(17, 1, 'test-67e3abb619c38.jpg', '2025-03-26 07:24:38', '2025-03-26 07:52:05');

-- --------------------------------------------------------

--
-- Tablo için tablo yapısı `main_projects_images`
--

CREATE TABLE IF NOT EXISTS `main_projects_images` (
  `id` int NOT NULL AUTO_INCREMENT,
  `projects_id` int NOT NULL,
  `name` varchar(255) COLLATE utf8mb4_unicode_ci NOT NULL,
  `file_size` int DEFAULT NULL,
  `is_default` tinyint(1) NOT NULL DEFAULT '0',
  PRIMARY KEY (`id`),
  KEY `IDX_B76C86501EDE0F55` (`projects_id`)
) ENGINE=InnoDB AUTO_INCREMENT=4 DEFAULT CHARSET=utf8mb4 COLLATE=utf8mb4_unicode_ci;

--
-- Tablo döküm verisi `main_projects_images`
--

INSERT INTO `main_projects_images` (`id`, `projects_id`, `name`, `file_size`, `is_default`) VALUES
(3, 17, 'test-67e3abb619c38.jpg', NULL, 0);

-- --------------------------------------------------------

--
-- Tablo için tablo yapısı `main_projects_langs`
--

CREATE TABLE IF NOT EXISTS `main_projects_langs` (
  `id` int NOT NULL AUTO_INCREMENT,
  `projects_id` int DEFAULT NULL,
  `lang_id` int DEFAULT NULL,
  `title` varchar(255) COLLATE utf8mb4_unicode_ci DEFAULT NULL,
  `alias` varchar(255) COLLATE utf8mb4_unicode_ci DEFAULT NULL,
  `description` longtext COLLATE utf8mb4_unicode_ci,
  `created_at` datetime DEFAULT NULL,
  `updated_at` datetime DEFAULT NULL,
  `alt` varchar(32) COLLATE utf8mb4_unicode_ci DEFAULT NULL,
  PRIMARY KEY (`id`),
  KEY `IDX_A30ED98F1EDE0F55` (`projects_id`),
  KEY `IDX_A30ED98FB213FA4` (`lang_id`)
) ENGINE=InnoDB AUTO_INCREMENT=37 DEFAULT CHARSET=utf8mb4 COLLATE=utf8mb4_unicode_ci;

--
-- Tablo döküm verisi `main_projects_langs`
--

INSERT INTO `main_projects_langs` (`id`, `projects_id`, `lang_id`, `title`, `alias`, `description`, `created_at`, `updated_at`, `alt`) VALUES
(33, 17, 1, 'ss', 'ss', '<p>ss</p>', NULL, NULL, 'asa'),
(34, 17, 2, NULL, '', NULL, NULL, NULL, 'asa'),
(35, 17, 3, NULL, '', NULL, NULL, NULL, 'asa'),
(36, 17, 4, NULL, '', NULL, NULL, NULL, 'asa');

-- --------------------------------------------------------

--
-- Tablo için tablo yapısı `main_search_records`
--

CREATE TABLE IF NOT EXISTS `main_search_records` (
  `id` int NOT NULL AUTO_INCREMENT,
  `user_id` int DEFAULT NULL,
  `keyword` varchar(255) COLLATE utf8mb4_unicode_ci NOT NULL,
  `last_date` datetime NOT NULL,
  `last_ip` varchar(30) COLLATE utf8mb4_unicode_ci NOT NULL,
  `total_search` int NOT NULL,
  `created_at` datetime DEFAULT NULL,
  `updated_at` datetime DEFAULT NULL,
  PRIMARY KEY (`id`),
  KEY `IDX_9F40FC96A76ED395` (`user_id`)
) ENGINE=InnoDB AUTO_INCREMENT=3 DEFAULT CHARSET=utf8mb4 COLLATE=utf8mb4_unicode_ci;

--
-- Tablo döküm verisi `main_search_records`
--

INSERT INTO `main_search_records` (`id`, `user_id`, `keyword`, `last_date`, `last_ip`, `total_search`, `created_at`, `updated_at`) VALUES
(1, NULL, '2', '2025-02-07 06:41:33', '127.0.0.1', 1, NULL, NULL),
(2, NULL, 'urun2', '2025-02-07 11:41:06', '127.0.0.1', 9, NULL, NULL);

-- --------------------------------------------------------

--
-- Tablo için tablo yapısı `main_setting_global_settings`
--

CREATE TABLE IF NOT EXISTS `main_setting_global_settings` (
  `id` int NOT NULL AUTO_INCREMENT,
  `system_mail` varchar(255) COLLATE utf8mb4_unicode_ci DEFAULT NULL,
  `system_phone` varchar(255) COLLATE utf8mb4_unicode_ci DEFAULT NULL,
  `google_analystic_code` varchar(1500) COLLATE utf8mb4_unicode_ci DEFAULT NULL,
  `monthly_order_target` varchar(255) COLLATE utf8mb4_unicode_ci DEFAULT NULL,
  `yearly_order_target` varchar(255) COLLATE utf8mb4_unicode_ci DEFAULT NULL,
  `logo` varchar(255) COLLATE utf8mb4_unicode_ci DEFAULT NULL,
  `favicon` varchar(255) COLLATE utf8mb4_unicode_ci DEFAULT NULL,
  `free_shipping_limit` double DEFAULT NULL,
  `cargo_price` double DEFAULT NULL,
  `created_at` datetime DEFAULT NULL,
  `updated_at` datetime DEFAULT NULL,
  PRIMARY KEY (`id`)
) ENGINE=InnoDB AUTO_INCREMENT=2 DEFAULT CHARSET=utf8mb4 COLLATE=utf8mb4_unicode_ci;

--
-- Tablo döküm verisi `main_setting_global_settings`
--

INSERT INTO `main_setting_global_settings` (`id`, `system_mail`, `system_phone`, `google_analystic_code`, `monthly_order_target`, `yearly_order_target`, `logo`, `favicon`, `free_shipping_limit`, `cargo_price`, `created_at`, `updated_at`) VALUES
(1, 'omer@technoone.com.tr', '05000000000', NULL, NULL, NULL, NULL, NULL, 0, 0, NULL, NULL);

-- --------------------------------------------------------

--
-- Tablo için tablo yapısı `main_setting_global_setting_langs`
--

CREATE TABLE IF NOT EXISTS `main_setting_global_setting_langs` (
  `id` int NOT NULL AUTO_INCREMENT,
  `glabal_setting_id` int DEFAULT NULL,
  `lang_id` int DEFAULT NULL,
  `meta_title` varchar(255) COLLATE utf8mb4_unicode_ci DEFAULT NULL,
  `meta_slogan` varchar(255) COLLATE utf8mb4_unicode_ci DEFAULT NULL,
  `meta_description` varchar(400) COLLATE utf8mb4_unicode_ci DEFAULT NULL,
  `created_at` datetime DEFAULT NULL,
  `updated_at` datetime DEFAULT NULL,
  PRIMARY KEY (`id`),
  KEY `IDX_AD97288A498F8C` (`glabal_setting_id`),
  KEY `IDX_AD9728B213FA4` (`lang_id`)
) ENGINE=InnoDB DEFAULT CHARSET=utf8mb4 COLLATE=utf8mb4_unicode_ci;

-- --------------------------------------------------------

--
-- Tablo için tablo yapısı `main_setting_notification_settings`
--

CREATE TABLE IF NOT EXISTS `main_setting_notification_settings` (
  `id` int NOT NULL AUTO_INCREMENT,
  `title` varchar(255) COLLATE utf8mb4_unicode_ci DEFAULT NULL,
  `alias` varchar(255) COLLATE utf8mb4_unicode_ci DEFAULT NULL,
  `is_enabled` tinyint(1) NOT NULL DEFAULT '1',
  `is_sms` tinyint(1) NOT NULL DEFAULT '0',
  `is_mail` tinyint(1) NOT NULL DEFAULT '0',
  `is_manager` tinyint(1) NOT NULL DEFAULT '0',
  `created_at` datetime DEFAULT NULL,
  `updated_at` datetime DEFAULT NULL,
  PRIMARY KEY (`id`)
) ENGINE=InnoDB DEFAULT CHARSET=utf8mb4 COLLATE=utf8mb4_unicode_ci;

-- --------------------------------------------------------

--
-- Tablo için tablo yapısı `main_simular_products`
--

CREATE TABLE IF NOT EXISTS `main_simular_products` (
  `id` int NOT NULL AUTO_INCREMENT,
  `product_id` int DEFAULT NULL,
  `simular_product_id` int DEFAULT NULL,
  PRIMARY KEY (`id`),
  KEY `IDX_6CF0A90C4584665A` (`product_id`),
  KEY `IDX_6CF0A90CA302DB37` (`simular_product_id`)
) ENGINE=InnoDB AUTO_INCREMENT=3 DEFAULT CHARSET=utf8mb4 COLLATE=utf8mb4_unicode_ci;

--
-- Tablo döküm verisi `main_simular_products`
--

INSERT INTO `main_simular_products` (`id`, `product_id`, `simular_product_id`) VALUES
(1, 3, 2),
(2, 4, 3);

-- --------------------------------------------------------

--
-- Tablo için tablo yapısı `main_solutions`
--

CREATE TABLE IF NOT EXISTS `main_solutions` (
  `id` int NOT NULL AUTO_INCREMENT,
  `position` int DEFAULT NULL,
  `created_at` datetime NOT NULL,
  `updated_at` datetime DEFAULT NULL,
  `file_name` varchar(255) COLLATE utf8mb4_unicode_ci DEFAULT NULL,
  `is_enabled` tinyint(1) NOT NULL,
  PRIMARY KEY (`id`)
) ENGINE=InnoDB AUTO_INCREMENT=4 DEFAULT CHARSET=utf8mb4 COLLATE=utf8mb4_unicode_ci;

--
-- Tablo döküm verisi `main_solutions`
--

INSERT INTO `main_solutions` (`id`, `position`, `created_at`, `updated_at`, `file_name`, `is_enabled`) VALUES
(3, NULL, '2025-03-27 08:56:00', '2025-03-27 08:56:22', 'test-67e512a061c63.jpg', 1);

-- --------------------------------------------------------

--
-- Tablo için tablo yapısı `main_solutions_langs`
--

CREATE TABLE IF NOT EXISTS `main_solutions_langs` (
  `id` int NOT NULL AUTO_INCREMENT,
  `solution_id` int DEFAULT NULL,
  `lang_id` int DEFAULT NULL,
  `title` varchar(255) COLLATE utf8mb4_unicode_ci DEFAULT NULL,
  `link` varchar(255) COLLATE utf8mb4_unicode_ci DEFAULT NULL,
  `alt` varchar(32) COLLATE utf8mb4_unicode_ci DEFAULT NULL,
  `description` longtext COLLATE utf8mb4_unicode_ci,
  PRIMARY KEY (`id`),
  KEY `IDX_DFD70A2C1C0BE183` (`solution_id`),
  KEY `IDX_DFD70A2CB213FA4` (`lang_id`)
) ENGINE=InnoDB AUTO_INCREMENT=13 DEFAULT CHARSET=utf8mb4 COLLATE=utf8mb4_unicode_ci;

--
-- Tablo döküm verisi `main_solutions_langs`
--

INSERT INTO `main_solutions_langs` (`id`, `solution_id`, `lang_id`, `title`, `link`, `alt`, `description`) VALUES
(9, 3, 1, 'ee', 'ee', 'ee', NULL),
(10, 3, 2, NULL, NULL, 'ee', NULL),
(11, 3, 3, NULL, NULL, 'ee', NULL),
(12, 3, 4, NULL, NULL, NULL, NULL);

-- --------------------------------------------------------

--
-- Tablo için tablo yapısı `main_static_texts`
--

CREATE TABLE IF NOT EXISTS `main_static_texts` (
  `id` int NOT NULL AUTO_INCREMENT,
  `static_text_group_id` int DEFAULT NULL,
  `uuid` varchar(255) COLLATE utf8mb4_unicode_ci DEFAULT NULL,
  `alias` varchar(255) COLLATE utf8mb4_unicode_ci NOT NULL,
  `icon` varchar(255) COLLATE utf8mb4_unicode_ci NOT NULL,
  `is_enabled` tinyint(1) NOT NULL,
  `position` int DEFAULT NULL,
  `link` varchar(255) COLLATE utf8mb4_unicode_ci DEFAULT NULL,
  `image_file` varchar(255) COLLATE utf8mb4_unicode_ci DEFAULT NULL,
  `created_at` datetime DEFAULT NULL,
  `updated_at` datetime DEFAULT NULL,
  PRIMARY KEY (`id`),
  UNIQUE KEY `UNIQ_BC1D4F5CD17F50A6` (`uuid`),
  KEY `IDX_BC1D4F5C60B976D9` (`static_text_group_id`)
) ENGINE=InnoDB DEFAULT CHARSET=utf8mb4 COLLATE=utf8mb4_unicode_ci;

-- --------------------------------------------------------

--
-- Tablo için tablo yapısı `main_static_text_groups`
--

CREATE TABLE IF NOT EXISTS `main_static_text_groups` (
  `id` int NOT NULL AUTO_INCREMENT,
  `title` varchar(255) COLLATE utf8mb4_unicode_ci NOT NULL,
  `alias` varchar(255) COLLATE utf8mb4_unicode_ci NOT NULL,
  `image_size` varchar(50) COLLATE utf8mb4_unicode_ci DEFAULT NULL,
  `mobil_image_size` varchar(50) COLLATE utf8mb4_unicode_ci DEFAULT NULL,
  `is_enabled` tinyint(1) NOT NULL,
  `is_mobile_image` tinyint(1) NOT NULL,
  `created_at` datetime DEFAULT NULL,
  `updated_at` datetime DEFAULT NULL,
  PRIMARY KEY (`id`)
) ENGINE=InnoDB DEFAULT CHARSET=utf8mb4 COLLATE=utf8mb4_unicode_ci;

-- --------------------------------------------------------

--
-- Tablo için tablo yapısı `main_static_text_langs`
--

CREATE TABLE IF NOT EXISTS `main_static_text_langs` (
  `id` int NOT NULL AUTO_INCREMENT,
  `static_text_id` int DEFAULT NULL,
  `lang_id` int DEFAULT NULL,
  `title1` varchar(255) COLLATE utf8mb4_unicode_ci DEFAULT NULL,
  `title2` varchar(255) COLLATE utf8mb4_unicode_ci DEFAULT NULL,
  `title3` varchar(255) COLLATE utf8mb4_unicode_ci DEFAULT NULL,
  `description` longtext COLLATE utf8mb4_unicode_ci,
  `created_at` datetime DEFAULT NULL,
  `updated_at` datetime DEFAULT NULL,
  PRIMARY KEY (`id`),
  KEY `IDX_AAF7B880F00F61DA` (`static_text_id`),
  KEY `IDX_AAF7B880B213FA4` (`lang_id`)
) ENGINE=InnoDB DEFAULT CHARSET=utf8mb4 COLLATE=utf8mb4_unicode_ci;

-- --------------------------------------------------------

--
-- Tablo için tablo yapısı `main_tax_rates`
--

CREATE TABLE IF NOT EXISTS `main_tax_rates` (
  `id` int NOT NULL AUTO_INCREMENT,
  `code` varchar(255) COLLATE utf8mb4_unicode_ci DEFAULT NULL,
  `title` varchar(255) COLLATE utf8mb4_unicode_ci DEFAULT NULL,
  `rate` double DEFAULT NULL,
  `included_in_price` tinyint(1) NOT NULL DEFAULT '0',
  `is_default` tinyint(1) NOT NULL DEFAULT '0',
  `all_zone` tinyint(1) NOT NULL DEFAULT '0',
  `created_at` datetime DEFAULT NULL,
  `updated_at` datetime DEFAULT NULL,
  PRIMARY KEY (`id`)
) ENGINE=InnoDB DEFAULT CHARSET=utf8mb4 COLLATE=utf8mb4_unicode_ci;

-- --------------------------------------------------------

--
-- Tablo için tablo yapısı `main_tax_rate_categories`
--

CREATE TABLE IF NOT EXISTS `main_tax_rate_categories` (
  `id` int NOT NULL AUTO_INCREMENT,
  `tax_rate_id` int DEFAULT NULL,
  `category_id` int DEFAULT NULL,
  `created_at` datetime DEFAULT NULL,
  `updated_at` datetime DEFAULT NULL,
  PRIMARY KEY (`id`),
  KEY `IDX_32E7E958FDD13F95` (`tax_rate_id`),
  KEY `IDX_32E7E95812469DE2` (`category_id`)
) ENGINE=InnoDB DEFAULT CHARSET=utf8mb4 COLLATE=utf8mb4_unicode_ci;

-- --------------------------------------------------------

--
-- Tablo için tablo yapısı `main_tax_rate_members`
--

CREATE TABLE IF NOT EXISTS `main_tax_rate_members` (
  `id` int NOT NULL AUTO_INCREMENT,
  `country_id` int DEFAULT NULL,
  `tax_rate_id` int DEFAULT NULL,
  `created_at` datetime DEFAULT NULL,
  `updated_at` datetime DEFAULT NULL,
  PRIMARY KEY (`id`),
  KEY `IDX_E4CA8F1DF92F3E70` (`country_id`),
  KEY `IDX_E4CA8F1DFDD13F95` (`tax_rate_id`)
) ENGINE=InnoDB DEFAULT CHARSET=utf8mb4 COLLATE=utf8mb4_unicode_ci;

-- --------------------------------------------------------

--
-- Tablo için tablo yapısı `main_variants`
--

CREATE TABLE IF NOT EXISTS `main_variants` (
  `id` int NOT NULL AUTO_INCREMENT,
  `code` varchar(255) COLLATE utf8mb4_unicode_ci NOT NULL,
  `is_enabled` tinyint(1) NOT NULL,
  `position` int DEFAULT NULL,
  `created_at` datetime DEFAULT NULL,
  `updated_at` datetime DEFAULT NULL,
  PRIMARY KEY (`id`)
) ENGINE=InnoDB AUTO_INCREMENT=2 DEFAULT CHARSET=utf8mb4 COLLATE=utf8mb4_unicode_ci;

--
-- Tablo döküm verisi `main_variants`
--

INSERT INTO `main_variants` (`id`, `code`, `is_enabled`, `position`, `created_at`, `updated_at`) VALUES
(1, 'byt', 1, 1, NULL, NULL);

-- --------------------------------------------------------

--
-- Tablo için tablo yapısı `main_variant_langs`
--

CREATE TABLE IF NOT EXISTS `main_variant_langs` (
  `id` int NOT NULL AUTO_INCREMENT,
  `variant_id` int DEFAULT NULL,
  `lang_id` int DEFAULT NULL,
  `name` varchar(255) COLLATE utf8mb4_unicode_ci DEFAULT NULL,
  `alias` varchar(255) COLLATE utf8mb4_unicode_ci DEFAULT NULL,
  PRIMARY KEY (`id`),
  KEY `IDX_8AADEA3B3B69A9AF` (`variant_id`),
  KEY `IDX_8AADEA3BB213FA4` (`lang_id`)
) ENGINE=InnoDB AUTO_INCREMENT=2 DEFAULT CHARSET=utf8mb4 COLLATE=utf8mb4_unicode_ci;

--
-- Tablo döküm verisi `main_variant_langs`
--

INSERT INTO `main_variant_langs` (`id`, `variant_id`, `lang_id`, `name`, `alias`) VALUES
(1, 1, 1, 'Boyut', 'boyut');

-- --------------------------------------------------------

--
-- Tablo için tablo yapısı `main_variant_values`
--

CREATE TABLE IF NOT EXISTS `main_variant_values` (
  `id` int NOT NULL AUTO_INCREMENT,
  `variant_id` int DEFAULT NULL,
  `code` varchar(255) COLLATE utf8mb4_unicode_ci NOT NULL,
  `created_at` datetime DEFAULT NULL,
  `updated_at` datetime DEFAULT NULL,
  PRIMARY KEY (`id`),
  KEY `IDX_A1F1A07A3B69A9AF` (`variant_id`)
) ENGINE=InnoDB AUTO_INCREMENT=3 DEFAULT CHARSET=utf8mb4 COLLATE=utf8mb4_unicode_ci;

--
-- Tablo döküm verisi `main_variant_values`
--

INSERT INTO `main_variant_values` (`id`, `variant_id`, `code`, `created_at`, `updated_at`) VALUES
(1, 1, '1', NULL, NULL),
(2, 1, '2', NULL, NULL);

-- --------------------------------------------------------

--
-- Tablo için tablo yapısı `main_variant_value_langs`
--

CREATE TABLE IF NOT EXISTS `main_variant_value_langs` (
  `id` int NOT NULL AUTO_INCREMENT,
  `variant_value_id` int DEFAULT NULL,
  `lang_id` int DEFAULT NULL,
  `value` varchar(255) COLLATE utf8mb4_unicode_ci DEFAULT NULL,
  PRIMARY KEY (`id`),
  KEY `IDX_35FE769266F0FA2A` (`variant_value_id`),
  KEY `IDX_35FE7692B213FA4` (`lang_id`)
) ENGINE=InnoDB AUTO_INCREMENT=3 DEFAULT CHARSET=utf8mb4 COLLATE=utf8mb4_unicode_ci;

--
-- Tablo döküm verisi `main_variant_value_langs`
--

INSERT INTO `main_variant_value_langs` (`id`, `variant_value_id`, `lang_id`, `value`) VALUES
(1, 1, 1, '180 X 220'),
(2, 2, 1, '190 X 220');

-- --------------------------------------------------------

--
-- Tablo için tablo yapısı `main_videos`
--

CREATE TABLE IF NOT EXISTS `main_videos` (
  `id` int NOT NULL AUTO_INCREMENT,
  `uuid` varchar(255) COLLATE utf8mb4_unicode_ci DEFAULT NULL,
  `video_code` longtext COLLATE utf8mb4_unicode_ci,
  `image_file` varchar(255) COLLATE utf8mb4_unicode_ci DEFAULT NULL,
  `is_enabled` tinyint(1) NOT NULL,
  `created_at` datetime DEFAULT NULL,
  `updated_at` datetime DEFAULT NULL,
  PRIMARY KEY (`id`),
  UNIQUE KEY `UNIQ_B6B6DC24D17F50A6` (`uuid`)
) ENGINE=InnoDB DEFAULT CHARSET=utf8mb4 COLLATE=utf8mb4_unicode_ci;

-- --------------------------------------------------------

--
-- Tablo için tablo yapısı `main_video_langs`
--

CREATE TABLE IF NOT EXISTS `main_video_langs` (
  `id` int NOT NULL AUTO_INCREMENT,
  `video_id` int DEFAULT NULL,
  `lang_id` int DEFAULT NULL,
  `title` varchar(255) COLLATE utf8mb4_unicode_ci DEFAULT NULL,
  `alias` varchar(255) COLLATE utf8mb4_unicode_ci DEFAULT NULL,
  `description` longtext COLLATE utf8mb4_unicode_ci,
  PRIMARY KEY (`id`),
  KEY `IDX_E36207CF29C1004E` (`video_id`),
  KEY `IDX_E36207CFB213FA4` (`lang_id`)
) ENGINE=InnoDB DEFAULT CHARSET=utf8mb4 COLLATE=utf8mb4_unicode_ci;

-- --------------------------------------------------------

--
-- Tablo için tablo yapısı `main_wishlist`
--

CREATE TABLE IF NOT EXISTS `main_wishlist` (
  `id` int NOT NULL AUTO_INCREMENT,
  `user_id` int DEFAULT NULL,
  `created_at` datetime DEFAULT NULL,
  `updated_at` datetime DEFAULT NULL,
  PRIMARY KEY (`id`),
  KEY `IDX_45C33B44A76ED395` (`user_id`)
) ENGINE=InnoDB DEFAULT CHARSET=utf8mb4 COLLATE=utf8mb4_unicode_ci;

-- --------------------------------------------------------

--
-- Tablo için tablo yapısı `main_wishlist_products`
--

CREATE TABLE IF NOT EXISTS `main_wishlist_products` (
  `id` int NOT NULL AUTO_INCREMENT,
  `wishlist_id` int DEFAULT NULL,
  `product_id` int DEFAULT NULL,
  `created_at` datetime DEFAULT NULL,
  `updated_at` datetime DEFAULT NULL,
  PRIMARY KEY (`id`),
  KEY `IDX_64C31CD3FB8E54CD` (`wishlist_id`),
  KEY `IDX_64C31CD34584665A` (`product_id`)
) ENGINE=InnoDB DEFAULT CHARSET=utf8mb4 COLLATE=utf8mb4_unicode_ci;

-- --------------------------------------------------------

--
-- Tablo için tablo yapısı `messenger_messages`
--

CREATE TABLE IF NOT EXISTS `messenger_messages` (
  `id` bigint NOT NULL AUTO_INCREMENT,
  `body` longtext COLLATE utf8mb4_unicode_ci NOT NULL,
  `headers` longtext COLLATE utf8mb4_unicode_ci NOT NULL,
  `queue_name` varchar(190) COLLATE utf8mb4_unicode_ci NOT NULL,
  `created_at` datetime NOT NULL COMMENT '(DC2Type:datetime_immutable)',
  `available_at` datetime NOT NULL COMMENT '(DC2Type:datetime_immutable)',
  `delivered_at` datetime DEFAULT NULL COMMENT '(DC2Type:datetime_immutable)',
  PRIMARY KEY (`id`),
  KEY `IDX_75EA56E0FB7336F0` (`queue_name`),
  KEY `IDX_75EA56E0E3BD61CE` (`available_at`),
  KEY `IDX_75EA56E016BA31DB` (`delivered_at`)
) ENGINE=InnoDB DEFAULT CHARSET=utf8mb4 COLLATE=utf8mb4_unicode_ci;

-- --------------------------------------------------------

--
-- Tablo için tablo yapısı `sys_cities`
--

CREATE TABLE IF NOT EXISTS `sys_cities` (
  `id` int NOT NULL AUTO_INCREMENT,
  `country_id` int DEFAULT NULL,
  `title` varchar(255) COLLATE utf8mb4_unicode_ci NOT NULL,
  `plaque` varchar(255) COLLATE utf8mb4_unicode_ci DEFAULT NULL,
  `area_code` varchar(10) COLLATE utf8mb4_unicode_ci DEFAULT NULL,
  `status` tinyint(1) DEFAULT NULL,
  PRIMARY KEY (`id`),
  KEY `IDX_3D293C86F92F3E70` (`country_id`)
) ENGINE=InnoDB AUTO_INCREMENT=4157 DEFAULT CHARSET=utf8mb4 COLLATE=utf8mb4_unicode_ci;

--
-- Tablo döküm verisi `sys_cities`
--

INSERT INTO `sys_cities` (`id`, `country_id`, `title`, `plaque`, `area_code`, `status`) VALUES
(1, 101, 'Andaman and Nicobar Islands', NULL, NULL, 1),
(2, 101, 'Andhra Pradesh', NULL, NULL, 1),
(3, 101, 'Arunachal Pradesh', NULL, NULL, 1),
(4, 101, 'Assam', NULL, NULL, 1),
(5, 101, 'Bihar', NULL, NULL, 1),
(6, 101, 'Chandigarh', NULL, NULL, 1),
(7, 101, 'Chhattisgarh', NULL, NULL, 1),
(8, 101, 'Dadra and Nagar Haveli', NULL, NULL, 1),
(9, 101, 'Daman and Diu', NULL, NULL, 1),
(10, 101, 'Delhi', NULL, NULL, 1),
(11, 101, 'Goa', NULL, NULL, 1),
(12, 101, 'Gujarat', NULL, NULL, 1),
(13, 101, 'Haryana', NULL, NULL, 1),
(14, 101, 'Himachal Pradesh', NULL, NULL, 1),
(15, 101, 'Jammu and Kashmir', NULL, NULL, 1),
(16, 101, 'Jharkhand', NULL, NULL, 1),
(17, 101, 'Karnataka', NULL, NULL, 1),
(18, 101, 'Kenmore', NULL, NULL, 1),
(19, 101, 'Kerala', NULL, NULL, 1),
(20, 101, 'Lakshadweep', NULL, NULL, 1),
(21, 101, 'Madhya Pradesh', NULL, NULL, 1),
(22, 101, 'Maharashtra', NULL, NULL, 1),
(23, 101, 'Manipur', NULL, NULL, 1),
(24, 101, 'Meghalaya', NULL, NULL, 1),
(25, 101, 'Mizoram', NULL, NULL, 1),
(26, 101, 'Nagaland', NULL, NULL, 1),
(27, 101, 'Narora', NULL, NULL, 1),
(28, 101, 'Natwar', NULL, NULL, 1),
(29, 101, 'Odisha', NULL, NULL, 1),
(30, 101, 'Paschim Medinipur', NULL, NULL, 1),
(31, 101, 'Pondicherry', NULL, NULL, 1),
(32, 101, 'Punjab', NULL, NULL, 1),
(33, 101, 'Rajasthan', NULL, NULL, 1),
(34, 101, 'Sikkim', NULL, NULL, 1),
(35, 101, 'Tamil Nadu', NULL, NULL, 1),
(36, 101, 'Telangana', NULL, NULL, 1),
(37, 101, 'Tripura', NULL, NULL, 1),
(38, 101, 'Uttar Pradesh', NULL, NULL, 1),
(39, 101, 'Uttarakhand', NULL, NULL, 1),
(40, 101, 'Vaishali', NULL, NULL, 1),
(41, 101, 'West Bengal', NULL, NULL, 1),
(42, 1, 'Badakhshan', NULL, NULL, 1),
(43, 1, 'Badgis', NULL, NULL, 1),
(44, 1, 'Baglan', NULL, NULL, 1),
(45, 1, 'Balkh', NULL, NULL, 1),
(46, 1, 'Bamiyan', NULL, NULL, 1),
(47, 1, 'Farah', NULL, NULL, 1),
(48, 1, 'Faryab', NULL, NULL, 1),
(49, 1, 'Gawr', NULL, NULL, 1),
(50, 1, 'Gazni', NULL, NULL, 1),
(51, 1, 'Herat', NULL, NULL, 1),
(52, 1, 'Hilmand', NULL, NULL, 1),
(53, 1, 'Jawzjan', NULL, NULL, 1),
(54, 1, 'Kabul', NULL, NULL, 1),
(55, 1, 'Kapisa', NULL, NULL, 1),
(56, 1, 'Khawst', NULL, NULL, 1),
(57, 1, 'Kunar', NULL, NULL, 1),
(58, 1, 'Lagman', NULL, NULL, 1),
(59, 1, 'Lawghar', NULL, NULL, 1),
(60, 1, 'Nangarhar', NULL, NULL, 1),
(61, 1, 'Nimruz', NULL, NULL, 1),
(62, 1, 'Nuristan', NULL, NULL, 1),
(63, 1, 'Paktika', NULL, NULL, 1),
(64, 1, 'Paktiya', NULL, NULL, 1),
(65, 1, 'Parwan', NULL, NULL, 1),
(66, 1, 'Qandahar', NULL, NULL, 1),
(67, 1, 'Qunduz', NULL, NULL, 1),
(68, 1, 'Samangan', NULL, NULL, 1),
(69, 1, 'Sar-e Pul', NULL, NULL, 1),
(70, 1, 'Takhar', NULL, NULL, 1),
(71, 1, 'Uruzgan', NULL, NULL, 1),
(72, 1, 'Wardag', NULL, NULL, 1),
(73, 1, 'Zabul', NULL, NULL, 1),
(74, 2, 'Berat', NULL, NULL, 1),
(75, 2, 'Bulqize', NULL, NULL, 1),
(76, 2, 'Delvine', NULL, NULL, 1),
(77, 2, 'Devoll', NULL, NULL, 1),
(78, 2, 'Dibre', NULL, NULL, 1),
(79, 2, 'Durres', NULL, NULL, 1),
(80, 2, 'Elbasan', NULL, NULL, 1),
(81, 2, 'Fier', NULL, NULL, 1),
(82, 2, 'Gjirokaster', NULL, NULL, 1),
(83, 2, 'Gramsh', NULL, NULL, 1),
(84, 2, 'Has', NULL, NULL, 1),
(85, 2, 'Kavaje', NULL, NULL, 1),
(86, 2, 'Kolonje', NULL, NULL, 1),
(87, 2, 'Korce', NULL, NULL, 1),
(88, 2, 'Kruje', NULL, NULL, 1),
(89, 2, 'Kucove', NULL, NULL, 1),
(90, 2, 'Kukes', NULL, NULL, 1),
(91, 2, 'Kurbin', NULL, NULL, 1),
(92, 2, 'Lezhe', NULL, NULL, 1),
(93, 2, 'Librazhd', NULL, NULL, 1),
(94, 2, 'Lushnje', NULL, NULL, 1),
(95, 2, 'Mallakaster', NULL, NULL, 1),
(96, 2, 'Malsi e Madhe', NULL, NULL, 1),
(97, 2, 'Mat', NULL, NULL, 1),
(98, 2, 'Mirdite', NULL, NULL, 1),
(99, 2, 'Peqin', NULL, NULL, 1),
(100, 2, 'Permet', NULL, NULL, 1),
(101, 2, 'Pogradec', NULL, NULL, 1),
(102, 2, 'Puke', NULL, NULL, 1),
(103, 2, 'Sarande', NULL, NULL, 1),
(104, 2, 'Shkoder', NULL, NULL, 1),
(105, 2, 'Skrapar', NULL, NULL, 1),
(106, 2, 'Tepelene', NULL, NULL, 1),
(107, 2, 'Tirane', NULL, NULL, 1),
(108, 2, 'Tropoje', NULL, NULL, 1),
(109, 2, 'Vlore', NULL, NULL, 1),
(110, 3, '\'Ayn Daflah', NULL, NULL, 1),
(111, 3, '\'Ayn Tamushanat', NULL, NULL, 1),
(112, 3, 'Adrar', NULL, NULL, 1),
(113, 3, 'Algiers', NULL, NULL, 1),
(114, 3, 'Annabah', NULL, NULL, 1),
(115, 3, 'Bashshar', NULL, NULL, 1),
(116, 3, 'Batnah', NULL, NULL, 1),
(117, 3, 'Bijayah', NULL, NULL, 1),
(118, 3, 'Biskrah', NULL, NULL, 1),
(119, 3, 'Blidah', NULL, NULL, 1),
(120, 3, 'Buirah', NULL, NULL, 1),
(121, 3, 'Bumardas', NULL, NULL, 1),
(122, 3, 'Burj Bu Arririj', NULL, NULL, 1),
(123, 3, 'Ghalizan', NULL, NULL, 1),
(124, 3, 'Ghardayah', NULL, NULL, 1),
(125, 3, 'Ilizi', NULL, NULL, 1),
(126, 3, 'Jijili', NULL, NULL, 1),
(127, 3, 'Jilfah', NULL, NULL, 1),
(128, 3, 'Khanshalah', NULL, NULL, 1),
(129, 3, 'Masilah', NULL, NULL, 1),
(130, 3, 'Midyah', NULL, NULL, 1),
(131, 3, 'Milah', NULL, NULL, 1),
(132, 3, 'Muaskar', NULL, NULL, 1),
(133, 3, 'Mustaghanam', NULL, NULL, 1),
(134, 3, 'Naama', NULL, NULL, 1),
(135, 3, 'Oran', NULL, NULL, 1),
(136, 3, 'Ouargla', NULL, NULL, 1),
(137, 3, 'Qalmah', NULL, NULL, 1),
(138, 3, 'Qustantinah', NULL, NULL, 1),
(139, 3, 'Sakikdah', NULL, NULL, 1),
(140, 3, 'Satif', NULL, NULL, 1),
(141, 3, 'Sayda\'', NULL, NULL, 1),
(142, 3, 'Sidi ban-al-\'Abbas', NULL, NULL, 1),
(143, 3, 'Suq Ahras', NULL, NULL, 1),
(144, 3, 'Tamanghasat', NULL, NULL, 1),
(145, 3, 'Tibazah', NULL, NULL, 1),
(146, 3, 'Tibissah', NULL, NULL, 1),
(147, 3, 'Tilimsan', NULL, NULL, 1),
(148, 3, 'Tinduf', NULL, NULL, 1),
(149, 3, 'Tisamsilt', NULL, NULL, 1),
(150, 3, 'Tiyarat', NULL, NULL, 1),
(151, 3, 'Tizi Wazu', NULL, NULL, 1),
(152, 3, 'Umm-al-Bawaghi', NULL, NULL, 1),
(153, 3, 'Wahran', NULL, NULL, 1),
(154, 3, 'Warqla', NULL, NULL, 1),
(155, 3, 'Wilaya d Alger', NULL, NULL, 1),
(156, 3, 'Wilaya de Bejaia', NULL, NULL, 1),
(157, 3, 'Wilaya de Constantine', NULL, NULL, 1),
(158, 3, 'al-Aghwat', NULL, NULL, 1),
(159, 3, 'al-Bayadh', NULL, NULL, 1),
(160, 3, 'al-Jaza\'ir', NULL, NULL, 1),
(161, 3, 'al-Wad', NULL, NULL, 1),
(162, 3, 'ash-Shalif', NULL, NULL, 1),
(163, 3, 'at-Tarif', NULL, NULL, 1),
(164, 4, 'Eastern', NULL, NULL, 1),
(165, 4, 'Manu\'a', NULL, NULL, 1),
(166, 4, 'Swains Island', NULL, NULL, 1),
(167, 4, 'Western', NULL, NULL, 1),
(168, 5, 'Andorra la Vella', NULL, NULL, 1),
(169, 5, 'Canillo', NULL, NULL, 1),
(170, 5, 'Encamp', NULL, NULL, 1),
(171, 5, 'La Massana', NULL, NULL, 1),
(172, 5, 'Les Escaldes', NULL, NULL, 1),
(173, 5, 'Ordino', NULL, NULL, 1),
(174, 5, 'Sant Julia de Loria', NULL, NULL, 1),
(175, 6, 'Bengo', NULL, NULL, 1),
(176, 6, 'Benguela', NULL, NULL, 1),
(177, 6, 'Bie', NULL, NULL, 1),
(178, 6, 'Cabinda', NULL, NULL, 1),
(179, 6, 'Cunene', NULL, NULL, 1),
(180, 6, 'Huambo', NULL, NULL, 1),
(181, 6, 'Huila', NULL, NULL, 1),
(182, 6, 'Kuando-Kubango', NULL, NULL, 1),
(183, 6, 'Kwanza Norte', NULL, NULL, 1),
(184, 6, 'Kwanza Sul', NULL, NULL, 1),
(185, 6, 'Luanda', NULL, NULL, 1),
(186, 6, 'Lunda Norte', NULL, NULL, 1),
(187, 6, 'Lunda Sul', NULL, NULL, 1),
(188, 6, 'Malanje', NULL, NULL, 1),
(189, 6, 'Moxico', NULL, NULL, 1),
(190, 6, 'Namibe', NULL, NULL, 1),
(191, 6, 'Uige', NULL, NULL, 1),
(192, 6, 'Zaire', NULL, NULL, 1),
(193, 7, 'Other Provinces', NULL, NULL, 1),
(194, 8, 'Sector claimed by Argentina/Ch', NULL, NULL, 1),
(195, 8, 'Sector claimed by Argentina/UK', NULL, NULL, 1),
(196, 8, 'Sector claimed by Australia', NULL, NULL, 1),
(197, 8, 'Sector claimed by France', NULL, NULL, 1),
(198, 8, 'Sector claimed by New Zealand', NULL, NULL, 1),
(199, 8, 'Sector claimed by Norway', NULL, NULL, 1),
(200, 8, 'Unclaimed Sector', NULL, NULL, 1),
(201, 9, 'Barbuda', NULL, NULL, 1),
(202, 9, 'Saint George', NULL, NULL, 1),
(203, 9, 'Saint John', NULL, NULL, 1),
(204, 9, 'Saint Mary', NULL, NULL, 1),
(205, 9, 'Saint Paul', NULL, NULL, 1),
(206, 9, 'Saint Peter', NULL, NULL, 1),
(207, 9, 'Saint Philip', NULL, NULL, 1),
(208, 10, 'Buenos Aires', NULL, NULL, 1),
(209, 10, 'Catamarca', NULL, NULL, 1),
(210, 10, 'Chaco', NULL, NULL, 1),
(211, 10, 'Chubut', NULL, NULL, 1),
(212, 10, 'Cordoba', NULL, NULL, 1),
(213, 10, 'Corrientes', NULL, NULL, 1),
(214, 10, 'Distrito Federal', NULL, NULL, 1),
(215, 10, 'Entre Rios', NULL, NULL, 1),
(216, 10, 'Formosa', NULL, NULL, 1),
(217, 10, 'Jujuy', NULL, NULL, 1),
(218, 10, 'La Pampa', NULL, NULL, 1),
(219, 10, 'La Rioja', NULL, NULL, 1),
(220, 10, 'Mendoza', NULL, NULL, 1),
(221, 10, 'Misiones', NULL, NULL, 1),
(222, 10, 'Neuquen', NULL, NULL, 1),
(223, 10, 'Rio Negro', NULL, NULL, 1),
(224, 10, 'Salta', NULL, NULL, 1),
(225, 10, 'San Juan', NULL, NULL, 1),
(226, 10, 'San Luis', NULL, NULL, 1),
(227, 10, 'Santa Cruz', NULL, NULL, 1),
(228, 10, 'Santa Fe', NULL, NULL, 1),
(229, 10, 'Santiago del Estero', NULL, NULL, 1),
(230, 10, 'Tierra del Fuego', NULL, NULL, 1),
(231, 10, 'Tucuman', NULL, NULL, 1),
(232, 11, 'Aragatsotn', NULL, NULL, 1),
(233, 11, 'Ararat', NULL, NULL, 1),
(234, 11, 'Armavir', NULL, NULL, 1),
(235, 11, 'Gegharkunik', NULL, NULL, 1),
(236, 11, 'Kotaik', NULL, NULL, 1),
(237, 11, 'Lori', NULL, NULL, 1),
(238, 11, 'Shirak', NULL, NULL, 1),
(239, 11, 'Stepanakert', NULL, NULL, 1),
(240, 11, 'Syunik', NULL, NULL, 1),
(241, 11, 'Tavush', NULL, NULL, 1),
(242, 11, 'Vayots Dzor', NULL, NULL, 1),
(243, 11, 'Yerevan', NULL, NULL, 1),
(244, 12, 'Aruba', NULL, NULL, 1),
(245, 13, 'Auckland', NULL, NULL, 1),
(246, 13, 'Australian Capital Territory', NULL, NULL, 1),
(247, 13, 'Balgowlah', NULL, NULL, 1),
(248, 13, 'Balmain', NULL, NULL, 1),
(249, 13, 'Bankstown', NULL, NULL, 1),
(250, 13, 'Baulkham Hills', NULL, NULL, 1),
(251, 13, 'Bonnet Bay', NULL, NULL, 1),
(252, 13, 'Camberwell', NULL, NULL, 1),
(253, 13, 'Carole Park', NULL, NULL, 1),
(254, 13, 'Castle Hill', NULL, NULL, 1),
(255, 13, 'Caulfield', NULL, NULL, 1),
(256, 13, 'Chatswood', NULL, NULL, 1),
(257, 13, 'Cheltenham', NULL, NULL, 1),
(258, 13, 'Cherrybrook', NULL, NULL, 1),
(259, 13, 'Clayton', NULL, NULL, 1),
(260, 13, 'Collingwood', NULL, NULL, 1),
(261, 13, 'Frenchs Forest', NULL, NULL, 1),
(262, 13, 'Hawthorn', NULL, NULL, 1),
(263, 13, 'Jannnali', NULL, NULL, 1),
(264, 13, 'Knoxfield', NULL, NULL, 1),
(265, 13, 'Melbourne', NULL, NULL, 1),
(266, 13, 'New South Wales', NULL, NULL, 1),
(267, 13, 'Northern Territory', NULL, NULL, 1),
(268, 13, 'Perth', NULL, NULL, 1),
(269, 13, 'Queensland', NULL, NULL, 1),
(270, 13, 'South Australia', NULL, NULL, 1),
(271, 13, 'Tasmania', NULL, NULL, 1),
(272, 13, 'Templestowe', NULL, NULL, 1),
(273, 13, 'Victoria', NULL, NULL, 1),
(274, 13, 'Werribee south', NULL, NULL, 1),
(275, 13, 'Western Australia', NULL, NULL, 1),
(276, 13, 'Wheeler', NULL, NULL, 1),
(277, 14, 'Bundesland Salzburg', NULL, NULL, 1),
(278, 14, 'Bundesland Steiermark', NULL, NULL, 1),
(279, 14, 'Bundesland Tirol', NULL, NULL, 1),
(280, 14, 'Burgenland', NULL, NULL, 1),
(281, 14, 'Carinthia', NULL, NULL, 1),
(282, 14, 'Karnten', NULL, NULL, 1),
(283, 14, 'Liezen', NULL, NULL, 1),
(284, 14, 'Lower Austria', NULL, NULL, 1),
(285, 14, 'Niederosterreich', NULL, NULL, 1),
(286, 14, 'Oberosterreich', NULL, NULL, 1),
(287, 14, 'Salzburg', NULL, NULL, 1),
(288, 14, 'Schleswig-Holstein', NULL, NULL, 1),
(289, 14, 'Steiermark', NULL, NULL, 1),
(290, 14, 'Styria', NULL, NULL, 1),
(291, 14, 'Tirol', NULL, NULL, 1),
(292, 14, 'Upper Austria', NULL, NULL, 1),
(293, 14, 'Vorarlberg', NULL, NULL, 1),
(294, 14, 'Wien', NULL, NULL, 1),
(295, 15, 'Abseron', NULL, NULL, 1),
(296, 15, 'Baki Sahari', NULL, NULL, 1),
(297, 15, 'Ganca', NULL, NULL, 1),
(298, 15, 'Ganja', NULL, NULL, 1),
(299, 15, 'Kalbacar', NULL, NULL, 1),
(300, 15, 'Lankaran', NULL, NULL, 1),
(301, 15, 'Mil-Qarabax', NULL, NULL, 1),
(302, 15, 'Mugan-Salyan', NULL, NULL, 1),
(303, 15, 'Nagorni-Qarabax', NULL, NULL, 1),
(304, 15, 'Naxcivan', NULL, NULL, 1),
(305, 15, 'Priaraks', NULL, NULL, 1),
(306, 15, 'Qazax', NULL, NULL, 1),
(307, 15, 'Saki', NULL, NULL, 1),
(308, 15, 'Sirvan', NULL, NULL, 1),
(309, 15, 'Xacmaz', NULL, NULL, 1),
(310, 16, 'Abaco', NULL, NULL, 1),
(311, 16, 'Acklins Island', NULL, NULL, 1),
(312, 16, 'Andros', NULL, NULL, 1),
(313, 16, 'Berry Islands', NULL, NULL, 1),
(314, 16, 'Biminis', NULL, NULL, 1),
(315, 16, 'Cat Island', NULL, NULL, 1),
(316, 16, 'Crooked Island', NULL, NULL, 1),
(317, 16, 'Eleuthera', NULL, NULL, 1),
(318, 16, 'Exuma and Cays', NULL, NULL, 1),
(319, 16, 'Grand Bahama', NULL, NULL, 1),
(320, 16, 'Inagua Islands', NULL, NULL, 1),
(321, 16, 'Long Island', NULL, NULL, 1),
(322, 16, 'Mayaguana', NULL, NULL, 1),
(323, 16, 'New Providence', NULL, NULL, 1),
(324, 16, 'Ragged Island', NULL, NULL, 1),
(325, 16, 'Rum Cay', NULL, NULL, 1),
(326, 16, 'San Salvador', NULL, NULL, 1),
(327, 17, '\'Isa', NULL, NULL, 1),
(328, 17, 'Badiyah', NULL, NULL, 1),
(329, 17, 'Hidd', NULL, NULL, 1),
(330, 17, 'Jidd Hafs', NULL, NULL, 1),
(331, 17, 'Mahama', NULL, NULL, 1),
(332, 17, 'Manama', NULL, NULL, 1),
(333, 17, 'Sitrah', NULL, NULL, 1),
(334, 17, 'al-Manamah', NULL, NULL, 1),
(335, 17, 'al-Muharraq', NULL, NULL, 1),
(336, 17, 'ar-Rifa\'a', NULL, NULL, 1),
(337, 18, 'Bagar Hat', NULL, NULL, 1),
(338, 18, 'Bandarban', NULL, NULL, 1),
(339, 18, 'Barguna', NULL, NULL, 1),
(340, 18, 'Barisal', NULL, NULL, 1),
(341, 18, 'Bhola', NULL, NULL, 1),
(342, 18, 'Bogora', NULL, NULL, 1),
(343, 18, 'Brahman Bariya', NULL, NULL, 1),
(344, 18, 'Chandpur', NULL, NULL, 1),
(345, 18, 'Chattagam', NULL, NULL, 1),
(346, 18, 'Chittagong Division', NULL, NULL, 1),
(347, 18, 'Chuadanga', NULL, NULL, 1),
(348, 18, 'Dhaka', NULL, NULL, 1),
(349, 18, 'Dinajpur', NULL, NULL, 1),
(350, 18, 'Faridpur', NULL, NULL, 1),
(351, 18, 'Feni', NULL, NULL, 1),
(352, 18, 'Gaybanda', NULL, NULL, 1),
(353, 18, 'Gazipur', NULL, NULL, 1),
(354, 18, 'Gopalganj', NULL, NULL, 1),
(355, 18, 'Habiganj', NULL, NULL, 1),
(356, 18, 'Jaipur Hat', NULL, NULL, 1),
(357, 18, 'Jamalpur', NULL, NULL, 1),
(358, 18, 'Jessor', NULL, NULL, 1),
(359, 18, 'Jhalakati', NULL, NULL, 1),
(360, 18, 'Jhanaydah', NULL, NULL, 1),
(361, 18, 'Khagrachhari', NULL, NULL, 1),
(362, 18, 'Khulna', NULL, NULL, 1),
(363, 18, 'Kishorganj', NULL, NULL, 1),
(364, 18, 'Koks Bazar', NULL, NULL, 1),
(365, 18, 'Komilla', NULL, NULL, 1),
(366, 18, 'Kurigram', NULL, NULL, 1),
(367, 18, 'Kushtiya', NULL, NULL, 1),
(368, 18, 'Lakshmipur', NULL, NULL, 1),
(369, 18, 'Lalmanir Hat', NULL, NULL, 1),
(370, 18, 'Madaripur', NULL, NULL, 1),
(371, 18, 'Magura', NULL, NULL, 1),
(372, 18, 'Maimansingh', NULL, NULL, 1),
(373, 18, 'Manikganj', NULL, NULL, 1),
(374, 18, 'Maulvi Bazar', NULL, NULL, 1),
(375, 18, 'Meherpur', NULL, NULL, 1),
(376, 18, 'Munshiganj', NULL, NULL, 1),
(377, 18, 'Naral', NULL, NULL, 1),
(378, 18, 'Narayanganj', NULL, NULL, 1),
(379, 18, 'Narsingdi', NULL, NULL, 1),
(380, 18, 'Nator', NULL, NULL, 1),
(381, 18, 'Naugaon', NULL, NULL, 1),
(382, 18, 'Nawabganj', NULL, NULL, 1),
(383, 18, 'Netrakona', NULL, NULL, 1),
(384, 18, 'Nilphamari', NULL, NULL, 1),
(385, 18, 'Noakhali', NULL, NULL, 1),
(386, 18, 'Pabna', NULL, NULL, 1),
(387, 18, 'Panchagarh', NULL, NULL, 1),
(388, 18, 'Patuakhali', NULL, NULL, 1),
(389, 18, 'Pirojpur', NULL, NULL, 1),
(390, 18, 'Rajbari', NULL, NULL, 1),
(391, 18, 'Rajshahi', NULL, NULL, 1),
(392, 18, 'Rangamati', NULL, NULL, 1),
(393, 18, 'Rangpur', NULL, NULL, 1),
(394, 18, 'Satkhira', NULL, NULL, 1),
(395, 18, 'Shariatpur', NULL, NULL, 1),
(396, 18, 'Sherpur', NULL, NULL, 1),
(397, 18, 'Silhat', NULL, NULL, 1),
(398, 18, 'Sirajganj', NULL, NULL, 1),
(399, 18, 'Sunamganj', NULL, NULL, 1),
(400, 18, 'Tangayal', NULL, NULL, 1),
(401, 18, 'Thakurgaon', NULL, NULL, 1),
(402, 19, 'Christ Church', NULL, NULL, 1),
(403, 19, 'Saint Andrew', NULL, NULL, 1),
(404, 19, 'Saint George', NULL, NULL, 1),
(405, 19, 'Saint James', NULL, NULL, 1),
(406, 19, 'Saint John', NULL, NULL, 1),
(407, 19, 'Saint Joseph', NULL, NULL, 1),
(408, 19, 'Saint Lucy', NULL, NULL, 1),
(409, 19, 'Saint Michael', NULL, NULL, 1),
(410, 19, 'Saint Peter', NULL, NULL, 1),
(411, 19, 'Saint Philip', NULL, NULL, 1),
(412, 19, 'Saint Thomas', NULL, NULL, 1),
(413, 20, 'Brest', NULL, NULL, 1),
(414, 20, 'Homjel\'', NULL, NULL, 1),
(415, 20, 'Hrodna', NULL, NULL, 1),
(416, 20, 'Mahiljow', NULL, NULL, 1),
(417, 20, 'Mahilyowskaya Voblasts', NULL, NULL, 1),
(418, 20, 'Minsk', NULL, NULL, 1),
(419, 20, 'Minskaja Voblasts\'', NULL, NULL, 1),
(420, 20, 'Petrik', NULL, NULL, 1),
(421, 20, 'Vicebsk', NULL, NULL, 1),
(422, 21, 'Antwerpen', NULL, NULL, 1),
(423, 21, 'Berchem', NULL, NULL, 1),
(424, 21, 'Brabant', NULL, NULL, 1),
(425, 21, 'Brabant Wallon', NULL, NULL, 1),
(426, 21, 'Brussel', NULL, NULL, 1),
(427, 21, 'East Flanders', NULL, NULL, 1),
(428, 21, 'Hainaut', NULL, NULL, 1),
(429, 21, 'Liege', NULL, NULL, 1),
(430, 21, 'Limburg', NULL, NULL, 1),
(431, 21, 'Luxembourg', NULL, NULL, 1),
(432, 21, 'Namur', NULL, NULL, 1),
(433, 21, 'Ontario', NULL, NULL, 1),
(434, 21, 'Oost-Vlaanderen', NULL, NULL, 1),
(435, 21, 'Provincie Brabant', NULL, NULL, 1),
(436, 21, 'Vlaams-Brabant', NULL, NULL, 1),
(437, 21, 'Wallonne', NULL, NULL, 1),
(438, 21, 'West-Vlaanderen', NULL, NULL, 1),
(439, 22, 'Belize', NULL, NULL, 1),
(440, 22, 'Cayo', NULL, NULL, 1),
(441, 22, 'Corozal', NULL, NULL, 1),
(442, 22, 'Orange Walk', NULL, NULL, 1),
(443, 22, 'Stann Creek', NULL, NULL, 1),
(444, 22, 'Toledo', NULL, NULL, 1),
(445, 23, 'Alibori', NULL, NULL, 1),
(446, 23, 'Atacora', NULL, NULL, 1),
(447, 23, 'Atlantique', NULL, NULL, 1),
(448, 23, 'Borgou', NULL, NULL, 1),
(449, 23, 'Collines', NULL, NULL, 1),
(450, 23, 'Couffo', NULL, NULL, 1),
(451, 23, 'Donga', NULL, NULL, 1),
(452, 23, 'Littoral', NULL, NULL, 1),
(453, 23, 'Mono', NULL, NULL, 1),
(454, 23, 'Oueme', NULL, NULL, 1),
(455, 23, 'Plateau', NULL, NULL, 1),
(456, 23, 'Zou', NULL, NULL, 1),
(457, 24, 'Hamilton', NULL, NULL, 1),
(458, 24, 'Saint George', NULL, NULL, 1),
(459, 25, 'Bumthang', NULL, NULL, 1),
(460, 25, 'Chhukha', NULL, NULL, 1),
(461, 25, 'Chirang', NULL, NULL, 1),
(462, 25, 'Daga', NULL, NULL, 1),
(463, 25, 'Geylegphug', NULL, NULL, 1),
(464, 25, 'Ha', NULL, NULL, 1),
(465, 25, 'Lhuntshi', NULL, NULL, 1),
(466, 25, 'Mongar', NULL, NULL, 1),
(467, 25, 'Pemagatsel', NULL, NULL, 1),
(468, 25, 'Punakha', NULL, NULL, 1),
(469, 25, 'Rinpung', NULL, NULL, 1),
(470, 25, 'Samchi', NULL, NULL, 1),
(471, 25, 'Samdrup Jongkhar', NULL, NULL, 1),
(472, 25, 'Shemgang', NULL, NULL, 1),
(473, 25, 'Tashigang', NULL, NULL, 1),
(474, 25, 'Timphu', NULL, NULL, 1),
(475, 25, 'Tongsa', NULL, NULL, 1),
(476, 25, 'Wangdiphodrang', NULL, NULL, 1),
(477, 26, 'Beni', NULL, NULL, 1),
(478, 26, 'Chuquisaca', NULL, NULL, 1),
(479, 26, 'Cochabamba', NULL, NULL, 1),
(480, 26, 'La Paz', NULL, NULL, 1),
(481, 26, 'Oruro', NULL, NULL, 1),
(482, 26, 'Pando', NULL, NULL, 1),
(483, 26, 'Potosi', NULL, NULL, 1),
(484, 26, 'Santa Cruz', NULL, NULL, 1),
(485, 26, 'Tarija', NULL, NULL, 1),
(486, 27, 'Federacija Bosna i Hercegovina', NULL, NULL, 1),
(487, 27, 'Republika Srpska', NULL, NULL, 1),
(488, 28, 'Central Bobonong', NULL, NULL, 1),
(489, 28, 'Central Boteti', NULL, NULL, 1),
(490, 28, 'Central Mahalapye', NULL, NULL, 1),
(491, 28, 'Central Serowe-Palapye', NULL, NULL, 1),
(492, 28, 'Central Tutume', NULL, NULL, 1),
(493, 28, 'Chobe', NULL, NULL, 1),
(494, 28, 'Francistown', NULL, NULL, 1),
(495, 28, 'Gaborone', NULL, NULL, 1),
(496, 28, 'Ghanzi', NULL, NULL, 1),
(497, 28, 'Jwaneng', NULL, NULL, 1),
(498, 28, 'Kgalagadi North', NULL, NULL, 1),
(499, 28, 'Kgalagadi South', NULL, NULL, 1),
(500, 28, 'Kgatleng', NULL, NULL, 1),
(501, 28, 'Kweneng', NULL, NULL, 1),
(502, 28, 'Lobatse', NULL, NULL, 1),
(503, 28, 'Ngamiland', NULL, NULL, 1),
(504, 28, 'Ngwaketse', NULL, NULL, 1),
(505, 28, 'North East', NULL, NULL, 1),
(506, 28, 'Okavango', NULL, NULL, 1),
(507, 28, 'Orapa', NULL, NULL, 1),
(508, 28, 'Selibe Phikwe', NULL, NULL, 1),
(509, 28, 'South East', NULL, NULL, 1),
(510, 28, 'Sowa', NULL, NULL, 1),
(511, 29, 'Bouvet Island', NULL, NULL, 1),
(512, 30, 'Acre', NULL, NULL, 1),
(513, 30, 'Alagoas', NULL, NULL, 1),
(514, 30, 'Amapa', NULL, NULL, 1),
(515, 30, 'Amazonas', NULL, NULL, 1),
(516, 30, 'Bahia', NULL, NULL, 1),
(517, 30, 'Ceara', NULL, NULL, 1),
(518, 30, 'Distrito Federal', NULL, NULL, 1),
(519, 30, 'Espirito Santo', NULL, NULL, 1),
(520, 30, 'Estado de Sao Paulo', NULL, NULL, 1),
(521, 30, 'Goias', NULL, NULL, 1),
(522, 30, 'Maranhao', NULL, NULL, 1),
(523, 30, 'Mato Grosso', NULL, NULL, 1),
(524, 30, 'Mato Grosso do Sul', NULL, NULL, 1),
(525, 30, 'Minas Gerais', NULL, NULL, 1),
(526, 30, 'Para', NULL, NULL, 1),
(527, 30, 'Paraiba', NULL, NULL, 1),
(528, 30, 'Parana', NULL, NULL, 1),
(529, 30, 'Pernambuco', NULL, NULL, 1),
(530, 30, 'Piaui', NULL, NULL, 1),
(531, 30, 'Rio Grande do Norte', NULL, NULL, 1),
(532, 30, 'Rio Grande do Sul', NULL, NULL, 1),
(533, 30, 'Rio de Janeiro', NULL, NULL, 1),
(534, 30, 'Rondonia', NULL, NULL, 1),
(535, 30, 'Roraima', NULL, NULL, 1),
(536, 30, 'Santa Catarina', NULL, NULL, 1),
(537, 30, 'Sao Paulo', NULL, NULL, 1),
(538, 30, 'Sergipe', NULL, NULL, 1),
(539, 30, 'Tocantins', NULL, NULL, 1),
(540, 31, 'British Indian Ocean Territory', NULL, NULL, 1),
(541, 32, 'Belait', NULL, NULL, 1),
(542, 32, 'Brunei-Muara', NULL, NULL, 1),
(543, 32, 'Temburong', NULL, NULL, 1),
(544, 32, 'Tutong', NULL, NULL, 1),
(545, 33, 'Blagoevgrad', NULL, NULL, 1),
(546, 33, 'Burgas', NULL, NULL, 1),
(547, 33, 'Dobrich', NULL, NULL, 1),
(548, 33, 'Gabrovo', NULL, NULL, 1),
(549, 33, 'Haskovo', NULL, NULL, 1),
(550, 33, 'Jambol', NULL, NULL, 1),
(551, 33, 'Kardzhali', NULL, NULL, 1),
(552, 33, 'Kjustendil', NULL, NULL, 1),
(553, 33, 'Lovech', NULL, NULL, 1),
(554, 33, 'Montana', NULL, NULL, 1),
(555, 33, 'Oblast Sofiya-Grad', NULL, NULL, 1),
(556, 33, 'Pazardzhik', NULL, NULL, 1),
(557, 33, 'Pernik', NULL, NULL, 1),
(558, 33, 'Pleven', NULL, NULL, 1),
(559, 33, 'Plovdiv', NULL, NULL, 1),
(560, 33, 'Razgrad', NULL, NULL, 1),
(561, 33, 'Ruse', NULL, NULL, 1),
(562, 33, 'Shumen', NULL, NULL, 1),
(563, 33, 'Silistra', NULL, NULL, 1),
(564, 33, 'Sliven', NULL, NULL, 1),
(565, 33, 'Smoljan', NULL, NULL, 1),
(566, 33, 'Sofija grad', NULL, NULL, 1),
(567, 33, 'Sofijska oblast', NULL, NULL, 1),
(568, 33, 'Stara Zagora', NULL, NULL, 1),
(569, 33, 'Targovishte', NULL, NULL, 1),
(570, 33, 'Varna', NULL, NULL, 1),
(571, 33, 'Veliko Tarnovo', NULL, NULL, 1),
(572, 33, 'Vidin', NULL, NULL, 1),
(573, 33, 'Vraca', NULL, NULL, 1),
(574, 33, 'Yablaniza', NULL, NULL, 1),
(575, 34, 'Bale', NULL, NULL, 1),
(576, 34, 'Bam', NULL, NULL, 1),
(577, 34, 'Bazega', NULL, NULL, 1),
(578, 34, 'Bougouriba', NULL, NULL, 1),
(579, 34, 'Boulgou', NULL, NULL, 1),
(580, 34, 'Boulkiemde', NULL, NULL, 1),
(581, 34, 'Comoe', NULL, NULL, 1),
(582, 34, 'Ganzourgou', NULL, NULL, 1),
(583, 34, 'Gnagna', NULL, NULL, 1),
(584, 34, 'Gourma', NULL, NULL, 1),
(585, 34, 'Houet', NULL, NULL, 1),
(586, 34, 'Ioba', NULL, NULL, 1),
(587, 34, 'Kadiogo', NULL, NULL, 1),
(588, 34, 'Kenedougou', NULL, NULL, 1),
(589, 34, 'Komandjari', NULL, NULL, 1),
(590, 34, 'Kompienga', NULL, NULL, 1),
(591, 34, 'Kossi', NULL, NULL, 1),
(592, 34, 'Kouritenga', NULL, NULL, 1),
(593, 34, 'Kourweogo', NULL, NULL, 1),
(594, 34, 'Leraba', NULL, NULL, 1),
(595, 34, 'Mouhoun', NULL, NULL, 1),
(596, 34, 'Nahouri', NULL, NULL, 1),
(597, 34, 'Namentenga', NULL, NULL, 1),
(598, 34, 'Noumbiel', NULL, NULL, 1),
(599, 34, 'Oubritenga', NULL, NULL, 1),
(600, 34, 'Oudalan', NULL, NULL, 1),
(601, 34, 'Passore', NULL, NULL, 1),
(602, 34, 'Poni', NULL, NULL, 1),
(603, 34, 'Sanguie', NULL, NULL, 1),
(604, 34, 'Sanmatenga', NULL, NULL, 1),
(605, 34, 'Seno', NULL, NULL, 1),
(606, 34, 'Sissili', NULL, NULL, 1),
(607, 34, 'Soum', NULL, NULL, 1),
(608, 34, 'Sourou', NULL, NULL, 1),
(609, 34, 'Tapoa', NULL, NULL, 1),
(610, 34, 'Tuy', NULL, NULL, 1),
(611, 34, 'Yatenga', NULL, NULL, 1),
(612, 34, 'Zondoma', NULL, NULL, 1),
(613, 34, 'Zoundweogo', NULL, NULL, 1),
(614, 35, 'Bubanza', NULL, NULL, 1),
(615, 35, 'Bujumbura', NULL, NULL, 1),
(616, 35, 'Bururi', NULL, NULL, 1),
(617, 35, 'Cankuzo', NULL, NULL, 1),
(618, 35, 'Cibitoke', NULL, NULL, 1),
(619, 35, 'Gitega', NULL, NULL, 1),
(620, 35, 'Karuzi', NULL, NULL, 1),
(621, 35, 'Kayanza', NULL, NULL, 1),
(622, 35, 'Kirundo', NULL, NULL, 1),
(623, 35, 'Makamba', NULL, NULL, 1),
(624, 35, 'Muramvya', NULL, NULL, 1),
(625, 35, 'Muyinga', NULL, NULL, 1),
(626, 35, 'Ngozi', NULL, NULL, 1),
(627, 35, 'Rutana', NULL, NULL, 1),
(628, 35, 'Ruyigi', NULL, NULL, 1),
(629, 36, 'Banteay Mean Chey', NULL, NULL, 1),
(630, 36, 'Bat Dambang', NULL, NULL, 1),
(631, 36, 'Kampong Cham', NULL, NULL, 1),
(632, 36, 'Kampong Chhnang', NULL, NULL, 1),
(633, 36, 'Kampong Spoeu', NULL, NULL, 1),
(634, 36, 'Kampong Thum', NULL, NULL, 1),
(635, 36, 'Kampot', NULL, NULL, 1),
(636, 36, 'Kandal', NULL, NULL, 1),
(637, 36, 'Kaoh Kong', NULL, NULL, 1),
(638, 36, 'Kracheh', NULL, NULL, 1),
(639, 36, 'Krong Kaeb', NULL, NULL, 1),
(640, 36, 'Krong Pailin', NULL, NULL, 1),
(641, 36, 'Krong Preah Sihanouk', NULL, NULL, 1),
(642, 36, 'Mondol Kiri', NULL, NULL, 1),
(643, 36, 'Otdar Mean Chey', NULL, NULL, 1),
(644, 36, 'Phnum Penh', NULL, NULL, 1),
(645, 36, 'Pousat', NULL, NULL, 1),
(646, 36, 'Preah Vihear', NULL, NULL, 1),
(647, 36, 'Prey Veaeng', NULL, NULL, 1),
(648, 36, 'Rotanak Kiri', NULL, NULL, 1),
(649, 36, 'Siem Reab', NULL, NULL, 1),
(650, 36, 'Stueng Traeng', NULL, NULL, 1),
(651, 36, 'Svay Rieng', NULL, NULL, 1),
(652, 36, 'Takaev', NULL, NULL, 1),
(653, 37, 'Adamaoua', NULL, NULL, 1),
(654, 37, 'Centre', NULL, NULL, 1),
(655, 37, 'Est', NULL, NULL, 1),
(656, 37, 'Littoral', NULL, NULL, 1),
(657, 37, 'Nord', NULL, NULL, 1),
(658, 37, 'Nord Extreme', NULL, NULL, 1),
(659, 37, 'Nordouest', NULL, NULL, 1),
(660, 37, 'Ouest', NULL, NULL, 1),
(661, 37, 'Sud', NULL, NULL, 1),
(662, 37, 'Sudouest', NULL, NULL, 1),
(663, 38, 'Alberta', NULL, NULL, 1),
(664, 38, 'British Columbia', NULL, NULL, 1),
(665, 38, 'Manitoba', NULL, NULL, 1),
(666, 38, 'New Brunswick', NULL, NULL, 1),
(667, 38, 'Newfoundland and Labrador', NULL, NULL, 1),
(668, 38, 'Northwest Territories', NULL, NULL, 1),
(669, 38, 'Nova Scotia', NULL, NULL, 1),
(670, 38, 'Nunavut', NULL, NULL, 1),
(671, 38, 'Ontario', NULL, NULL, 1),
(672, 38, 'Prince Edward Island', NULL, NULL, 1),
(673, 38, 'Quebec', NULL, NULL, 1),
(674, 38, 'Saskatchewan', NULL, NULL, 1),
(675, 38, 'Yukon', NULL, NULL, 1),
(676, 39, 'Boavista', NULL, NULL, 1),
(677, 39, 'Brava', NULL, NULL, 1),
(678, 39, 'Fogo', NULL, NULL, 1),
(679, 39, 'Maio', NULL, NULL, 1),
(680, 39, 'Sal', NULL, NULL, 1),
(681, 39, 'Santo Antao', NULL, NULL, 1),
(682, 39, 'Sao Nicolau', NULL, NULL, 1),
(683, 39, 'Sao Tiago', NULL, NULL, 1),
(684, 39, 'Sao Vicente', NULL, NULL, 1),
(685, 40, 'Grand Cayman', NULL, NULL, 1),
(686, 41, 'Bamingui-Bangoran', NULL, NULL, 1),
(687, 41, 'Bangui', NULL, NULL, 1),
(688, 41, 'Basse-Kotto', NULL, NULL, 1),
(689, 41, 'Haut-Mbomou', NULL, NULL, 1),
(690, 41, 'Haute-Kotto', NULL, NULL, 1),
(691, 41, 'Kemo', NULL, NULL, 1),
(692, 41, 'Lobaye', NULL, NULL, 1),
(693, 41, 'Mambere-Kadei', NULL, NULL, 1),
(694, 41, 'Mbomou', NULL, NULL, 1),
(695, 41, 'Nana-Gribizi', NULL, NULL, 1),
(696, 41, 'Nana-Mambere', NULL, NULL, 1),
(697, 41, 'Ombella Mpoko', NULL, NULL, 1),
(698, 41, 'Ouaka', NULL, NULL, 1),
(699, 41, 'Ouham', NULL, NULL, 1),
(700, 41, 'Ouham-Pende', NULL, NULL, 1),
(701, 41, 'Sangha-Mbaere', NULL, NULL, 1),
(702, 41, 'Vakaga', NULL, NULL, 1),
(703, 42, 'Batha', NULL, NULL, 1),
(704, 42, 'Biltine', NULL, NULL, 1),
(705, 42, 'Bourkou-Ennedi-Tibesti', NULL, NULL, 1),
(706, 42, 'Chari-Baguirmi', NULL, NULL, 1),
(707, 42, 'Guera', NULL, NULL, 1),
(708, 42, 'Kanem', NULL, NULL, 1),
(709, 42, 'Lac', NULL, NULL, 1),
(710, 42, 'Logone Occidental', NULL, NULL, 1),
(711, 42, 'Logone Oriental', NULL, NULL, 1),
(712, 42, 'Mayo-Kebbi', NULL, NULL, 1),
(713, 42, 'Moyen-Chari', NULL, NULL, 1),
(714, 42, 'Ouaddai', NULL, NULL, 1),
(715, 42, 'Salamat', NULL, NULL, 1),
(716, 42, 'Tandjile', NULL, NULL, 1),
(717, 43, 'Aisen', NULL, NULL, 1),
(718, 43, 'Antofagasta', NULL, NULL, 1),
(719, 43, 'Araucania', NULL, NULL, 1),
(720, 43, 'Atacama', NULL, NULL, 1),
(721, 43, 'Bio Bio', NULL, NULL, 1),
(722, 43, 'Coquimbo', NULL, NULL, 1),
(723, 43, 'Libertador General Bernardo O\'', NULL, NULL, 1),
(724, 43, 'Los Lagos', NULL, NULL, 1),
(725, 43, 'Magellanes', NULL, NULL, 1),
(726, 43, 'Maule', NULL, NULL, 1),
(727, 43, 'Metropolitana', NULL, NULL, 1),
(728, 43, 'Metropolitana de Santiago', NULL, NULL, 1),
(729, 43, 'Tarapaca', NULL, NULL, 1),
(730, 43, 'Valparaiso', NULL, NULL, 1),
(731, 44, 'Anhui', NULL, NULL, 1),
(734, 44, 'Aomen', NULL, NULL, 1),
(735, 44, 'Beijing', NULL, NULL, 1),
(736, 44, 'Beijing Shi', NULL, NULL, 1),
(737, 44, 'Chongqing', NULL, NULL, 1),
(738, 44, 'Fujian', NULL, NULL, 1),
(740, 44, 'Gansu', NULL, NULL, 1),
(741, 44, 'Guangdong', NULL, NULL, 1),
(743, 44, 'Guangxi', NULL, NULL, 1),
(744, 44, 'Guizhou', NULL, NULL, 1),
(745, 44, 'Hainan', NULL, NULL, 1),
(746, 44, 'Hebei', NULL, NULL, 1),
(747, 44, 'Heilongjiang', NULL, NULL, 1),
(748, 44, 'Henan', NULL, NULL, 1),
(749, 44, 'Hubei', NULL, NULL, 1),
(750, 44, 'Hunan', NULL, NULL, 1),
(751, 44, 'Jiangsu', NULL, NULL, 1),
(753, 44, 'Jiangxi', NULL, NULL, 1),
(754, 44, 'Jilin', NULL, NULL, 1),
(755, 44, 'Liaoning', NULL, NULL, 1),
(757, 44, 'Nei Monggol', NULL, NULL, 1),
(758, 44, 'Ningxia Hui', NULL, NULL, 1),
(759, 44, 'Qinghai', NULL, NULL, 1),
(760, 44, 'Shaanxi', NULL, NULL, 1),
(761, 44, 'Shandong', NULL, NULL, 1),
(763, 44, 'Shanghai', NULL, NULL, 1),
(764, 44, 'Shanxi', NULL, NULL, 1),
(765, 44, 'Sichuan', NULL, NULL, 1),
(766, 44, 'Tianjin', NULL, NULL, 1),
(767, 44, 'Xianggang', NULL, NULL, 1),
(768, 44, 'Xinjiang', NULL, NULL, 1),
(769, 44, 'Xizang', NULL, NULL, 1),
(770, 44, 'Yunnan', NULL, NULL, 1),
(771, 44, 'Zhejiang', NULL, NULL, 1),
(773, 45, 'Christmas Island', NULL, NULL, 1),
(774, 46, 'Cocos (Keeling) Islands', NULL, NULL, 1),
(775, 47, 'Amazonas', NULL, NULL, 1),
(776, 47, 'Antioquia', NULL, NULL, 1),
(777, 47, 'Arauca', NULL, NULL, 1),
(778, 47, 'Atlantico', NULL, NULL, 1),
(779, 47, 'Bogota', NULL, NULL, 1),
(780, 47, 'Bolivar', NULL, NULL, 1),
(781, 47, 'Boyaca', NULL, NULL, 1),
(782, 47, 'Caldas', NULL, NULL, 1),
(783, 47, 'Caqueta', NULL, NULL, 1),
(784, 47, 'Casanare', NULL, NULL, 1),
(785, 47, 'Cauca', NULL, NULL, 1),
(786, 47, 'Cesar', NULL, NULL, 1),
(787, 47, 'Choco', NULL, NULL, 1),
(788, 47, 'Cordoba', NULL, NULL, 1),
(789, 47, 'Cundinamarca', NULL, NULL, 1),
(790, 47, 'Guainia', NULL, NULL, 1),
(791, 47, 'Guaviare', NULL, NULL, 1),
(792, 47, 'Huila', NULL, NULL, 1),
(793, 47, 'La Guajira', NULL, NULL, 1),
(794, 47, 'Magdalena', NULL, NULL, 1),
(795, 47, 'Meta', NULL, NULL, 1),
(796, 47, 'Narino', NULL, NULL, 1),
(797, 47, 'Norte de Santander', NULL, NULL, 1),
(798, 47, 'Putumayo', NULL, NULL, 1),
(799, 47, 'Quindio', NULL, NULL, 1),
(800, 47, 'Risaralda', NULL, NULL, 1),
(801, 47, 'San Andres y Providencia', NULL, NULL, 1),
(802, 47, 'Santander', NULL, NULL, 1),
(803, 47, 'Sucre', NULL, NULL, 1),
(804, 47, 'Tolima', NULL, NULL, 1),
(805, 47, 'Valle del Cauca', NULL, NULL, 1),
(806, 47, 'Vaupes', NULL, NULL, 1),
(807, 47, 'Vichada', NULL, NULL, 1),
(808, 48, 'Mwali', NULL, NULL, 1),
(809, 48, 'Njazidja', NULL, NULL, 1),
(810, 48, 'Nzwani', NULL, NULL, 1),
(811, 49, 'Bouenza', NULL, NULL, 1),
(812, 49, 'Brazzaville', NULL, NULL, 1),
(813, 49, 'Cuvette', NULL, NULL, 1),
(814, 49, 'Kouilou', NULL, NULL, 1),
(815, 49, 'Lekoumou', NULL, NULL, 1),
(816, 49, 'Likouala', NULL, NULL, 1),
(817, 49, 'Niari', NULL, NULL, 1),
(818, 49, 'Plateaux', NULL, NULL, 1),
(819, 49, 'Pool', NULL, NULL, 1),
(820, 49, 'Sangha', NULL, NULL, 1),
(821, 50, 'Bandundu', NULL, NULL, 1),
(822, 50, 'Bas-Congo', NULL, NULL, 1),
(823, 50, 'Equateur', NULL, NULL, 1),
(824, 50, 'Haut-Congo', NULL, NULL, 1),
(825, 50, 'Kasai-Occidental', NULL, NULL, 1),
(826, 50, 'Kasai-Oriental', NULL, NULL, 1),
(827, 50, 'Katanga', NULL, NULL, 1),
(828, 50, 'Kinshasa', NULL, NULL, 1),
(829, 50, 'Maniema', NULL, NULL, 1),
(830, 50, 'Nord-Kivu', NULL, NULL, 1),
(831, 50, 'Sud-Kivu', NULL, NULL, 1),
(832, 51, 'Aitutaki', NULL, NULL, 1),
(833, 51, 'Atiu', NULL, NULL, 1),
(834, 51, 'Mangaia', NULL, NULL, 1),
(835, 51, 'Manihiki', NULL, NULL, 1),
(836, 51, 'Mauke', NULL, NULL, 1),
(837, 51, 'Mitiaro', NULL, NULL, 1),
(838, 51, 'Nassau', NULL, NULL, 1),
(839, 51, 'Pukapuka', NULL, NULL, 1),
(840, 51, 'Rakahanga', NULL, NULL, 1),
(841, 51, 'Rarotonga', NULL, NULL, 1),
(842, 51, 'Tongareva', NULL, NULL, 1),
(843, 52, 'Alajuela', NULL, NULL, 1),
(844, 52, 'Cartago', NULL, NULL, 1),
(845, 52, 'Guanacaste', NULL, NULL, 1),
(846, 52, 'Heredia', NULL, NULL, 1),
(847, 52, 'Limon', NULL, NULL, 1),
(848, 52, 'Puntarenas', NULL, NULL, 1),
(849, 52, 'San Jose', NULL, NULL, 1),
(850, 53, 'Abidjan', NULL, NULL, 1),
(851, 53, 'Agneby', NULL, NULL, 1),
(852, 53, 'Bafing', NULL, NULL, 1),
(853, 53, 'Denguele', NULL, NULL, 1),
(854, 53, 'Dix-huit Montagnes', NULL, NULL, 1),
(855, 53, 'Fromager', NULL, NULL, 1),
(856, 53, 'Haut-Sassandra', NULL, NULL, 1),
(857, 53, 'Lacs', NULL, NULL, 1),
(858, 53, 'Lagunes', NULL, NULL, 1),
(859, 53, 'Marahoue', NULL, NULL, 1),
(860, 53, 'Moyen-Cavally', NULL, NULL, 1),
(861, 53, 'Moyen-Comoe', NULL, NULL, 1),
(862, 53, 'N\'zi-Comoe', NULL, NULL, 1),
(863, 53, 'Sassandra', NULL, NULL, 1),
(864, 53, 'Savanes', NULL, NULL, 1),
(865, 53, 'Sud-Bandama', NULL, NULL, 1),
(866, 53, 'Sud-Comoe', NULL, NULL, 1),
(867, 53, 'Vallee du Bandama', NULL, NULL, 1),
(868, 53, 'Worodougou', NULL, NULL, 1),
(869, 53, 'Zanzan', NULL, NULL, 1),
(870, 54, 'Bjelovar-Bilogora', NULL, NULL, 1),
(871, 54, 'Dubrovnik-Neretva', NULL, NULL, 1),
(872, 54, 'Grad Zagreb', NULL, NULL, 1),
(873, 54, 'Istra', NULL, NULL, 1),
(874, 54, 'Karlovac', NULL, NULL, 1),
(875, 54, 'Koprivnica-Krizhevci', NULL, NULL, 1),
(876, 54, 'Krapina-Zagorje', NULL, NULL, 1),
(877, 54, 'Lika-Senj', NULL, NULL, 1),
(878, 54, 'Medhimurje', NULL, NULL, 1),
(879, 54, 'Medimurska Zupanija', NULL, NULL, 1),
(880, 54, 'Osijek-Baranja', NULL, NULL, 1),
(881, 54, 'Osjecko-Baranjska Zupanija', NULL, NULL, 1),
(882, 54, 'Pozhega-Slavonija', NULL, NULL, 1),
(883, 54, 'Primorje-Gorski Kotar', NULL, NULL, 1),
(884, 54, 'Shibenik-Knin', NULL, NULL, 1),
(885, 54, 'Sisak-Moslavina', NULL, NULL, 1),
(886, 54, 'Slavonski Brod-Posavina', NULL, NULL, 1),
(887, 54, 'Split-Dalmacija', NULL, NULL, 1),
(888, 54, 'Varazhdin', NULL, NULL, 1),
(889, 54, 'Virovitica-Podravina', NULL, NULL, 1),
(890, 54, 'Vukovar-Srijem', NULL, NULL, 1),
(891, 54, 'Zadar', NULL, NULL, 1),
(892, 54, 'Zagreb', NULL, NULL, 1),
(893, 55, 'Camaguey', NULL, NULL, 1),
(894, 55, 'Ciego de Avila', NULL, NULL, 1),
(895, 55, 'Cienfuegos', NULL, NULL, 1),
(896, 55, 'Ciudad de la Habana', NULL, NULL, 1),
(897, 55, 'Granma', NULL, NULL, 1),
(898, 55, 'Guantanamo', NULL, NULL, 1),
(899, 55, 'Habana', NULL, NULL, 1),
(900, 55, 'Holguin', NULL, NULL, 1),
(901, 55, 'Isla de la Juventud', NULL, NULL, 1),
(902, 55, 'La Habana', NULL, NULL, 1),
(903, 55, 'Las Tunas', NULL, NULL, 1),
(904, 55, 'Matanzas', NULL, NULL, 1),
(905, 55, 'Pinar del Rio', NULL, NULL, 1),
(906, 55, 'Sancti Spiritus', NULL, NULL, 1),
(907, 55, 'Santiago de Cuba', NULL, NULL, 1),
(908, 55, 'Villa Clara', NULL, NULL, 1),
(909, 56, 'Government controlled area', NULL, NULL, 1),
(910, 56, 'Limassol', NULL, NULL, 1),
(911, 56, 'Nicosia District', NULL, NULL, 1),
(912, 56, 'Paphos', NULL, NULL, 1),
(913, 56, 'Turkish controlled area', NULL, NULL, 1),
(914, 57, 'Central Bohemian', NULL, NULL, 1),
(915, 57, 'Frycovice', NULL, NULL, 1),
(916, 57, 'Jihocesky Kraj', NULL, NULL, 1),
(917, 57, 'Jihochesky', NULL, NULL, 1),
(918, 57, 'Jihomoravsky', NULL, NULL, 1),
(919, 57, 'Karlovarsky', NULL, NULL, 1),
(920, 57, 'Klecany', NULL, NULL, 1),
(921, 57, 'Kralovehradecky', NULL, NULL, 1),
(922, 57, 'Liberecky', NULL, NULL, 1),
(923, 57, 'Lipov', NULL, NULL, 1),
(924, 57, 'Moravskoslezsky', NULL, NULL, 1),
(925, 57, 'Olomoucky', NULL, NULL, 1),
(926, 57, 'Olomoucky Kraj', NULL, NULL, 1),
(927, 57, 'Pardubicky', NULL, NULL, 1),
(928, 57, 'Plzensky', NULL, NULL, 1),
(929, 57, 'Praha', NULL, NULL, 1),
(930, 57, 'Rajhrad', NULL, NULL, 1),
(931, 57, 'Smirice', NULL, NULL, 1),
(932, 57, 'South Moravian', NULL, NULL, 1),
(933, 57, 'Straz nad Nisou', NULL, NULL, 1),
(934, 57, 'Stredochesky', NULL, NULL, 1),
(935, 57, 'Unicov', NULL, NULL, 1),
(936, 57, 'Ustecky', NULL, NULL, 1),
(937, 57, 'Valletta', NULL, NULL, 1),
(938, 57, 'Velesin', NULL, NULL, 1),
(939, 57, 'Vysochina', NULL, NULL, 1),
(940, 57, 'Zlinsky', NULL, NULL, 1),
(941, 58, 'Arhus', NULL, NULL, 1),
(942, 58, 'Bornholm', NULL, NULL, 1),
(943, 58, 'Frederiksborg', NULL, NULL, 1),
(944, 58, 'Fyn', NULL, NULL, 1),
(945, 58, 'Hovedstaden', NULL, NULL, 1),
(946, 58, 'Kobenhavn', NULL, NULL, 1),
(947, 58, 'Kobenhavns Amt', NULL, NULL, 1),
(948, 58, 'Kobenhavns Kommune', NULL, NULL, 1),
(949, 58, 'Nordjylland', NULL, NULL, 1),
(950, 58, 'Ribe', NULL, NULL, 1),
(951, 58, 'Ringkobing', NULL, NULL, 1),
(952, 58, 'Roervig', NULL, NULL, 1),
(953, 58, 'Roskilde', NULL, NULL, 1),
(954, 58, 'Roslev', NULL, NULL, 1),
(955, 58, 'Sjaelland', NULL, NULL, 1),
(956, 58, 'Soeborg', NULL, NULL, 1),
(957, 58, 'Sonderjylland', NULL, NULL, 1),
(958, 58, 'Storstrom', NULL, NULL, 1),
(959, 58, 'Syddanmark', NULL, NULL, 1),
(960, 58, 'Toelloese', NULL, NULL, 1),
(961, 58, 'Vejle', NULL, NULL, 1),
(962, 58, 'Vestsjalland', NULL, NULL, 1),
(963, 58, 'Viborg', NULL, NULL, 1),
(964, 59, '\'Ali Sabih', NULL, NULL, 1),
(965, 59, 'Dikhil', NULL, NULL, 1),
(966, 59, 'Jibuti', NULL, NULL, 1),
(967, 59, 'Tajurah', NULL, NULL, 1),
(968, 59, 'Ubuk', NULL, NULL, 1),
(969, 60, 'Saint Andrew', NULL, NULL, 1),
(970, 60, 'Saint David', NULL, NULL, 1),
(971, 60, 'Saint George', NULL, NULL, 1),
(972, 60, 'Saint John', NULL, NULL, 1),
(973, 60, 'Saint Joseph', NULL, NULL, 1),
(974, 60, 'Saint Luke', NULL, NULL, 1),
(975, 60, 'Saint Mark', NULL, NULL, 1),
(976, 60, 'Saint Patrick', NULL, NULL, 1),
(977, 60, 'Saint Paul', NULL, NULL, 1),
(978, 60, 'Saint Peter', NULL, NULL, 1),
(979, 61, 'Azua', NULL, NULL, 1),
(980, 61, 'Bahoruco', NULL, NULL, 1),
(981, 61, 'Barahona', NULL, NULL, 1),
(982, 61, 'Dajabon', NULL, NULL, 1),
(983, 61, 'Distrito Nacional', NULL, NULL, 1),
(984, 61, 'Duarte', NULL, NULL, 1),
(985, 61, 'El Seybo', NULL, NULL, 1),
(986, 61, 'Elias Pina', NULL, NULL, 1),
(987, 61, 'Espaillat', NULL, NULL, 1),
(988, 61, 'Hato Mayor', NULL, NULL, 1),
(989, 61, 'Independencia', NULL, NULL, 1),
(990, 61, 'La Altagracia', NULL, NULL, 1),
(991, 61, 'La Romana', NULL, NULL, 1),
(992, 61, 'La Vega', NULL, NULL, 1),
(993, 61, 'Maria Trinidad Sanchez', NULL, NULL, 1),
(994, 61, 'Monsenor Nouel', NULL, NULL, 1),
(995, 61, 'Monte Cristi', NULL, NULL, 1),
(996, 61, 'Monte Plata', NULL, NULL, 1),
(997, 61, 'Pedernales', NULL, NULL, 1),
(998, 61, 'Peravia', NULL, NULL, 1),
(999, 61, 'Puerto Plata', NULL, NULL, 1),
(1000, 61, 'Salcedo', NULL, NULL, 1),
(1001, 61, 'Samana', NULL, NULL, 1),
(1002, 61, 'San Cristobal', NULL, NULL, 1),
(1003, 61, 'San Juan', NULL, NULL, 1),
(1004, 61, 'San Pedro de Macoris', NULL, NULL, 1),
(1005, 61, 'Sanchez Ramirez', NULL, NULL, 1),
(1006, 61, 'Santiago', NULL, NULL, 1),
(1007, 61, 'Santiago Rodriguez', NULL, NULL, 1),
(1008, 61, 'Valverde', NULL, NULL, 1),
(1009, 62, 'Aileu', NULL, NULL, 1),
(1010, 62, 'Ainaro', NULL, NULL, 1),
(1011, 62, 'Ambeno', NULL, NULL, 1),
(1012, 62, 'Baucau', NULL, NULL, 1),
(1013, 62, 'Bobonaro', NULL, NULL, 1),
(1014, 62, 'Cova Lima', NULL, NULL, 1),
(1015, 62, 'Dili', NULL, NULL, 1),
(1016, 62, 'Ermera', NULL, NULL, 1),
(1017, 62, 'Lautem', NULL, NULL, 1),
(1018, 62, 'Liquica', NULL, NULL, 1),
(1019, 62, 'Manatuto', NULL, NULL, 1),
(1020, 62, 'Manufahi', NULL, NULL, 1),
(1021, 62, 'Viqueque', NULL, NULL, 1),
(1022, 63, 'Azuay', NULL, NULL, 1),
(1023, 63, 'Bolivar', NULL, NULL, 1),
(1024, 63, 'Canar', NULL, NULL, 1),
(1025, 63, 'Carchi', NULL, NULL, 1),
(1026, 63, 'Chimborazo', NULL, NULL, 1),
(1027, 63, 'Cotopaxi', NULL, NULL, 1),
(1028, 63, 'El Oro', NULL, NULL, 1),
(1029, 63, 'Esmeraldas', NULL, NULL, 1),
(1030, 63, 'Galapagos', NULL, NULL, 1),
(1031, 63, 'Guayas', NULL, NULL, 1),
(1032, 63, 'Imbabura', NULL, NULL, 1),
(1033, 63, 'Loja', NULL, NULL, 1),
(1034, 63, 'Los Rios', NULL, NULL, 1),
(1035, 63, 'Manabi', NULL, NULL, 1),
(1036, 63, 'Morona Santiago', NULL, NULL, 1),
(1037, 63, 'Napo', NULL, NULL, 1),
(1038, 63, 'Orellana', NULL, NULL, 1),
(1039, 63, 'Pastaza', NULL, NULL, 1),
(1040, 63, 'Pichincha', NULL, NULL, 1),
(1041, 63, 'Sucumbios', NULL, NULL, 1),
(1042, 63, 'Tungurahua', NULL, NULL, 1),
(1043, 63, 'Zamora Chinchipe', NULL, NULL, 1),
(1044, 64, 'Aswan', NULL, NULL, 1),
(1045, 64, 'Asyut', NULL, NULL, 1),
(1046, 64, 'Bani Suwayf', NULL, NULL, 1),
(1047, 64, 'Bur Sa\'id', NULL, NULL, 1),
(1048, 64, 'Cairo', NULL, NULL, 1),
(1049, 64, 'Dumyat', NULL, NULL, 1),
(1050, 64, 'Kafr-ash-Shaykh', NULL, NULL, 1),
(1051, 64, 'Matruh', NULL, NULL, 1),
(1052, 64, 'Muhafazat ad Daqahliyah', NULL, NULL, 1),
(1053, 64, 'Muhafazat al Fayyum', NULL, NULL, 1),
(1054, 64, 'Muhafazat al Gharbiyah', NULL, NULL, 1),
(1055, 64, 'Muhafazat al Iskandariyah', NULL, NULL, 1),
(1056, 64, 'Muhafazat al Qahirah', NULL, NULL, 1),
(1057, 64, 'Qina', NULL, NULL, 1),
(1058, 64, 'Sawhaj', NULL, NULL, 1),
(1059, 64, 'Sina al-Janubiyah', NULL, NULL, 1),
(1060, 64, 'Sina ash-Shamaliyah', NULL, NULL, 1),
(1061, 64, 'ad-Daqahliyah', NULL, NULL, 1),
(1062, 64, 'al-Bahr-al-Ahmar', NULL, NULL, 1),
(1063, 64, 'al-Buhayrah', NULL, NULL, 1),
(1064, 64, 'al-Fayyum', NULL, NULL, 1),
(1065, 64, 'al-Gharbiyah', NULL, NULL, 1),
(1066, 64, 'al-Iskandariyah', NULL, NULL, 1),
(1067, 64, 'al-Ismailiyah', NULL, NULL, 1),
(1068, 64, 'al-Jizah', NULL, NULL, 1),
(1069, 64, 'al-Minufiyah', NULL, NULL, 1),
(1070, 64, 'al-Minya', NULL, NULL, 1),
(1071, 64, 'al-Qahira', NULL, NULL, 1),
(1072, 64, 'al-Qalyubiyah', NULL, NULL, 1),
(1073, 64, 'al-Uqsur', NULL, NULL, 1),
(1074, 64, 'al-Wadi al-Jadid', NULL, NULL, 1),
(1075, 64, 'as-Suways', NULL, NULL, 1),
(1076, 64, 'ash-Sharqiyah', NULL, NULL, 1),
(1077, 65, 'Ahuachapan', NULL, NULL, 1),
(1078, 65, 'Cabanas', NULL, NULL, 1),
(1079, 65, 'Chalatenango', NULL, NULL, 1),
(1080, 65, 'Cuscatlan', NULL, NULL, 1),
(1081, 65, 'La Libertad', NULL, NULL, 1),
(1082, 65, 'La Paz', NULL, NULL, 1),
(1083, 65, 'La Union', NULL, NULL, 1),
(1084, 65, 'Morazan', NULL, NULL, 1),
(1085, 65, 'San Miguel', NULL, NULL, 1),
(1086, 65, 'San Salvador', NULL, NULL, 1),
(1087, 65, 'San Vicente', NULL, NULL, 1),
(1088, 65, 'Santa Ana', NULL, NULL, 1),
(1089, 65, 'Sonsonate', NULL, NULL, 1),
(1090, 65, 'Usulutan', NULL, NULL, 1),
(1091, 66, 'Annobon', NULL, NULL, 1),
(1092, 66, 'Bioko Norte', NULL, NULL, 1),
(1093, 66, 'Bioko Sur', NULL, NULL, 1),
(1094, 66, 'Centro Sur', NULL, NULL, 1),
(1095, 66, 'Kie-Ntem', NULL, NULL, 1),
(1096, 66, 'Litoral', NULL, NULL, 1),
(1097, 66, 'Wele-Nzas', NULL, NULL, 1),
(1098, 67, 'Anseba', NULL, NULL, 1),
(1099, 67, 'Debub', NULL, NULL, 1),
(1100, 67, 'Debub-Keih-Bahri', NULL, NULL, 1),
(1101, 67, 'Gash-Barka', NULL, NULL, 1),
(1102, 67, 'Maekel', NULL, NULL, 1),
(1103, 67, 'Semien-Keih-Bahri', NULL, NULL, 1),
(1104, 68, 'Harju', NULL, NULL, 1),
(1105, 68, 'Hiiu', NULL, NULL, 1),
(1106, 68, 'Ida-Viru', NULL, NULL, 1),
(1107, 68, 'Jarva', NULL, NULL, 1),
(1108, 68, 'Jogeva', NULL, NULL, 1),
(1109, 68, 'Laane', NULL, NULL, 1),
(1110, 68, 'Laane-Viru', NULL, NULL, 1),
(1111, 68, 'Parnu', NULL, NULL, 1),
(1112, 68, 'Polva', NULL, NULL, 1),
(1113, 68, 'Rapla', NULL, NULL, 1),
(1114, 68, 'Saare', NULL, NULL, 1),
(1115, 68, 'Tartu', NULL, NULL, 1),
(1116, 68, 'Valga', NULL, NULL, 1),
(1117, 68, 'Viljandi', NULL, NULL, 1),
(1118, 68, 'Voru', NULL, NULL, 1),
(1119, 69, 'Addis Abeba', NULL, NULL, 1),
(1120, 69, 'Afar', NULL, NULL, 1),
(1121, 69, 'Amhara', NULL, NULL, 1),
(1122, 69, 'Benishangul', NULL, NULL, 1),
(1123, 69, 'Diredawa', NULL, NULL, 1),
(1124, 69, 'Gambella', NULL, NULL, 1),
(1125, 69, 'Harar', NULL, NULL, 1),
(1126, 69, 'Jigjiga', NULL, NULL, 1),
(1127, 69, 'Mekele', NULL, NULL, 1),
(1128, 69, 'Oromia', NULL, NULL, 1),
(1129, 69, 'Somali', NULL, NULL, 1),
(1130, 69, 'Southern', NULL, NULL, 1),
(1131, 69, 'Tigray', NULL, NULL, 1),
(1132, 70, 'Christmas Island', NULL, NULL, 1),
(1133, 70, 'Cocos Islands', NULL, NULL, 1),
(1134, 70, 'Coral Sea Islands', NULL, NULL, 1),
(1135, 71, 'Falkland Islands', NULL, NULL, 1),
(1136, 71, 'South Georgia', NULL, NULL, 1),
(1137, 72, 'Klaksvik', NULL, NULL, 1),
(1138, 72, 'Nor ara Eysturoy', NULL, NULL, 1),
(1139, 72, 'Nor oy', NULL, NULL, 1),
(1140, 72, 'Sandoy', NULL, NULL, 1),
(1141, 72, 'Streymoy', NULL, NULL, 1),
(1142, 72, 'Su uroy', NULL, NULL, 1),
(1143, 72, 'Sy ra Eysturoy', NULL, NULL, 1),
(1144, 72, 'Torshavn', NULL, NULL, 1),
(1145, 72, 'Vaga', NULL, NULL, 1),
(1146, 73, 'Central', NULL, NULL, 1),
(1147, 73, 'Eastern', NULL, NULL, 1),
(1148, 73, 'Northern', NULL, NULL, 1),
(1149, 73, 'South Pacific', NULL, NULL, 1),
(1150, 73, 'Western', NULL, NULL, 1),
(1151, 74, 'Ahvenanmaa', NULL, NULL, 1),
(1152, 74, 'Etela-Karjala', NULL, NULL, 1),
(1153, 74, 'Etela-Pohjanmaa', NULL, NULL, 1),
(1154, 74, 'Etela-Savo', NULL, NULL, 1),
(1155, 74, 'Etela-Suomen Laani', NULL, NULL, 1),
(1156, 74, 'Ita-Suomen Laani', NULL, NULL, 1),
(1157, 74, 'Ita-Uusimaa', NULL, NULL, 1),
(1158, 74, 'Kainuu', NULL, NULL, 1),
(1159, 74, 'Kanta-Hame', NULL, NULL, 1),
(1160, 74, 'Keski-Pohjanmaa', NULL, NULL, 1),
(1161, 74, 'Keski-Suomi', NULL, NULL, 1),
(1162, 74, 'Kymenlaakso', NULL, NULL, 1),
(1163, 74, 'Lansi-Suomen Laani', NULL, NULL, 1),
(1164, 74, 'Lappi', NULL, NULL, 1),
(1165, 74, 'Northern Savonia', NULL, NULL, 1),
(1166, 74, 'Ostrobothnia', NULL, NULL, 1),
(1167, 74, 'Oulun Laani', NULL, NULL, 1),
(1168, 74, 'Paijat-Hame', NULL, NULL, 1),
(1169, 74, 'Pirkanmaa', NULL, NULL, 1),
(1170, 74, 'Pohjanmaa', NULL, NULL, 1),
(1171, 74, 'Pohjois-Karjala', NULL, NULL, 1),
(1172, 74, 'Pohjois-Pohjanmaa', NULL, NULL, 1),
(1173, 74, 'Pohjois-Savo', NULL, NULL, 1),
(1174, 74, 'Saarijarvi', NULL, NULL, 1),
(1175, 74, 'Satakunta', NULL, NULL, 1),
(1176, 74, 'Southern Savonia', NULL, NULL, 1),
(1177, 74, 'Tavastia Proper', NULL, NULL, 1),
(1178, 74, 'Uleaborgs Lan', NULL, NULL, 1),
(1179, 74, 'Uusimaa', NULL, NULL, 1),
(1180, 74, 'Varsinais-Suomi', NULL, NULL, 1),
(1181, 75, 'Ain', NULL, NULL, 1),
(1182, 75, 'Aisne', NULL, NULL, 1),
(1183, 75, 'Albi Le Sequestre', NULL, NULL, 1),
(1184, 75, 'Allier', NULL, NULL, 1),
(1185, 75, 'Alpes-Cote dAzur', NULL, NULL, 1),
(1186, 75, 'Alpes-Maritimes', NULL, NULL, 1),
(1187, 75, 'Alpes-de-Haute-Provence', NULL, NULL, 1),
(1188, 75, 'Alsace', NULL, NULL, 1),
(1189, 75, 'Aquitaine', NULL, NULL, 1),
(1190, 75, 'Ardeche', NULL, NULL, 1),
(1191, 75, 'Ardennes', NULL, NULL, 1),
(1192, 75, 'Ariege', NULL, NULL, 1),
(1193, 75, 'Aube', NULL, NULL, 1),
(1194, 75, 'Aude', NULL, NULL, 1),
(1195, 75, 'Auvergne', NULL, NULL, 1),
(1196, 75, 'Aveyron', NULL, NULL, 1),
(1197, 75, 'Bas-Rhin', NULL, NULL, 1),
(1198, 75, 'Basse-Normandie', NULL, NULL, 1),
(1199, 75, 'Bouches-du-Rhone', NULL, NULL, 1),
(1200, 75, 'Bourgogne', NULL, NULL, 1),
(1201, 75, 'Bretagne', NULL, NULL, 1),
(1202, 75, 'Brittany', NULL, NULL, 1),
(1203, 75, 'Burgundy', NULL, NULL, 1),
(1204, 75, 'Calvados', NULL, NULL, 1),
(1205, 75, 'Cantal', NULL, NULL, 1),
(1206, 75, 'Cedex', NULL, NULL, 1),
(1207, 75, 'Centre', NULL, NULL, 1),
(1208, 75, 'Charente', NULL, NULL, 1),
(1209, 75, 'Charente-Maritime', NULL, NULL, 1),
(1210, 75, 'Cher', NULL, NULL, 1),
(1211, 75, 'Correze', NULL, NULL, 1),
(1212, 75, 'Corse-du-Sud', NULL, NULL, 1),
(1213, 75, 'Cote-d\'Or', NULL, NULL, 1),
(1214, 75, 'Cotes-d\'Armor', NULL, NULL, 1),
(1215, 75, 'Creuse', NULL, NULL, 1),
(1216, 75, 'Crolles', NULL, NULL, 1),
(1217, 75, 'Deux-Sevres', NULL, NULL, 1),
(1218, 75, 'Dordogne', NULL, NULL, 1),
(1219, 75, 'Doubs', NULL, NULL, 1),
(1220, 75, 'Drome', NULL, NULL, 1),
(1221, 75, 'Essonne', NULL, NULL, 1),
(1222, 75, 'Eure', NULL, NULL, 1),
(1223, 75, 'Eure-et-Loir', NULL, NULL, 1),
(1224, 75, 'Feucherolles', NULL, NULL, 1),
(1225, 75, 'Finistere', NULL, NULL, 1),
(1226, 75, 'Franche-Comte', NULL, NULL, 1),
(1227, 75, 'Gard', NULL, NULL, 1),
(1228, 75, 'Gers', NULL, NULL, 1),
(1229, 75, 'Gironde', NULL, NULL, 1),
(1230, 75, 'Haut-Rhin', NULL, NULL, 1),
(1231, 75, 'Haute-Corse', NULL, NULL, 1),
(1232, 75, 'Haute-Garonne', NULL, NULL, 1),
(1233, 75, 'Haute-Loire', NULL, NULL, 1),
(1234, 75, 'Haute-Marne', NULL, NULL, 1),
(1235, 75, 'Haute-Saone', NULL, NULL, 1),
(1236, 75, 'Haute-Savoie', NULL, NULL, 1),
(1237, 75, 'Haute-Vienne', NULL, NULL, 1),
(1238, 75, 'Hautes-Alpes', NULL, NULL, 1),
(1239, 75, 'Hautes-Pyrenees', NULL, NULL, 1),
(1240, 75, 'Hauts-de-Seine', NULL, NULL, 1),
(1241, 75, 'Herault', NULL, NULL, 1),
(1242, 75, 'Ile-de-France', NULL, NULL, 1),
(1243, 75, 'Ille-et-Vilaine', NULL, NULL, 1),
(1244, 75, 'Indre', NULL, NULL, 1),
(1245, 75, 'Indre-et-Loire', NULL, NULL, 1),
(1246, 75, 'Isere', NULL, NULL, 1),
(1247, 75, 'Jura', NULL, NULL, 1),
(1248, 75, 'Klagenfurt', NULL, NULL, 1),
(1249, 75, 'Landes', NULL, NULL, 1),
(1250, 75, 'Languedoc-Roussillon', NULL, NULL, 1),
(1251, 75, 'Larcay', NULL, NULL, 1),
(1252, 75, 'Le Castellet', NULL, NULL, 1),
(1253, 75, 'Le Creusot', NULL, NULL, 1),
(1254, 75, 'Limousin', NULL, NULL, 1),
(1255, 75, 'Loir-et-Cher', NULL, NULL, 1),
(1256, 75, 'Loire', NULL, NULL, 1),
(1257, 75, 'Loire-Atlantique', NULL, NULL, 1),
(1258, 75, 'Loiret', NULL, NULL, 1),
(1259, 75, 'Lorraine', NULL, NULL, 1),
(1260, 75, 'Lot', NULL, NULL, 1),
(1261, 75, 'Lot-et-Garonne', NULL, NULL, 1),
(1262, 75, 'Lower Normandy', NULL, NULL, 1),
(1263, 75, 'Lozere', NULL, NULL, 1),
(1264, 75, 'Maine-et-Loire', NULL, NULL, 1),
(1265, 75, 'Manche', NULL, NULL, 1),
(1266, 75, 'Marne', NULL, NULL, 1),
(1267, 75, 'Mayenne', NULL, NULL, 1),
(1268, 75, 'Meurthe-et-Moselle', NULL, NULL, 1),
(1269, 75, 'Meuse', NULL, NULL, 1),
(1270, 75, 'Midi-Pyrenees', NULL, NULL, 1),
(1271, 75, 'Morbihan', NULL, NULL, 1),
(1272, 75, 'Moselle', NULL, NULL, 1),
(1273, 75, 'Nievre', NULL, NULL, 1),
(1274, 75, 'Nord', NULL, NULL, 1),
(1275, 75, 'Nord-Pas-de-Calais', NULL, NULL, 1),
(1276, 75, 'Oise', NULL, NULL, 1),
(1277, 75, 'Orne', NULL, NULL, 1),
(1278, 75, 'Paris', NULL, NULL, 1),
(1279, 75, 'Pas-de-Calais', NULL, NULL, 1),
(1280, 75, 'Pays de la Loire', NULL, NULL, 1),
(1281, 75, 'Pays-de-la-Loire', NULL, NULL, 1),
(1282, 75, 'Picardy', NULL, NULL, 1),
(1283, 75, 'Puy-de-Dome', NULL, NULL, 1),
(1284, 75, 'Pyrenees-Atlantiques', NULL, NULL, 1),
(1285, 75, 'Pyrenees-Orientales', NULL, NULL, 1),
(1286, 75, 'Quelmes', NULL, NULL, 1),
(1287, 75, 'Rhone', NULL, NULL, 1),
(1288, 75, 'Rhone-Alpes', NULL, NULL, 1),
(1289, 75, 'Saint Ouen', NULL, NULL, 1),
(1290, 75, 'Saint Viatre', NULL, NULL, 1),
(1291, 75, 'Saone-et-Loire', NULL, NULL, 1),
(1292, 75, 'Sarthe', NULL, NULL, 1),
(1293, 75, 'Savoie', NULL, NULL, 1),
(1294, 75, 'Seine-Maritime', NULL, NULL, 1),
(1295, 75, 'Seine-Saint-Denis', NULL, NULL, 1),
(1296, 75, 'Seine-et-Marne', NULL, NULL, 1),
(1297, 75, 'Somme', NULL, NULL, 1),
(1298, 75, 'Sophia Antipolis', NULL, NULL, 1),
(1299, 75, 'Souvans', NULL, NULL, 1),
(1300, 75, 'Tarn', NULL, NULL, 1),
(1301, 75, 'Tarn-et-Garonne', NULL, NULL, 1),
(1302, 75, 'Territoire de Belfort', NULL, NULL, 1),
(1303, 75, 'Treignac', NULL, NULL, 1),
(1304, 75, 'Upper Normandy', NULL, NULL, 1),
(1305, 75, 'Val-d\'Oise', NULL, NULL, 1),
(1306, 75, 'Val-de-Marne', NULL, NULL, 1),
(1307, 75, 'Var', NULL, NULL, 1),
(1308, 75, 'Vaucluse', NULL, NULL, 1),
(1309, 75, 'Vellise', NULL, NULL, 1),
(1310, 75, 'Vendee', NULL, NULL, 1),
(1311, 75, 'Vienne', NULL, NULL, 1),
(1312, 75, 'Vosges', NULL, NULL, 1),
(1313, 75, 'Yonne', NULL, NULL, 1),
(1314, 75, 'Yvelines', NULL, NULL, 1),
(1315, 76, 'Cayenne', NULL, NULL, 1),
(1316, 76, 'Saint-Laurent-du-Maroni', NULL, NULL, 1),
(1317, 77, 'Iles du Vent', NULL, NULL, 1),
(1318, 77, 'Iles sous le Vent', NULL, NULL, 1),
(1319, 77, 'Marquesas', NULL, NULL, 1),
(1320, 77, 'Tuamotu', NULL, NULL, 1),
(1321, 77, 'Tubuai', NULL, NULL, 1),
(1322, 78, 'Amsterdam', NULL, NULL, 1),
(1323, 78, 'Crozet Islands', NULL, NULL, 1),
(1324, 78, 'Kerguelen', NULL, NULL, 1),
(1325, 79, 'Estuaire', NULL, NULL, 1),
(1326, 79, 'Haut-Ogooue', NULL, NULL, 1),
(1327, 79, 'Moyen-Ogooue', NULL, NULL, 1),
(1328, 79, 'Ngounie', NULL, NULL, 1),
(1329, 79, 'Nyanga', NULL, NULL, 1),
(1330, 79, 'Ogooue-Ivindo', NULL, NULL, 1),
(1331, 79, 'Ogooue-Lolo', NULL, NULL, 1),
(1332, 79, 'Ogooue-Maritime', NULL, NULL, 1),
(1333, 79, 'Woleu-Ntem', NULL, NULL, 1),
(1334, 80, 'Banjul', NULL, NULL, 1),
(1335, 80, 'Basse', NULL, NULL, 1),
(1336, 80, 'Brikama', NULL, NULL, 1),
(1337, 80, 'Janjanbureh', NULL, NULL, 1),
(1338, 80, 'Kanifing', NULL, NULL, 1),
(1339, 80, 'Kerewan', NULL, NULL, 1),
(1340, 80, 'Kuntaur', NULL, NULL, 1),
(1341, 80, 'Mansakonko', NULL, NULL, 1),
(1342, 81, 'Abhasia', NULL, NULL, 1);
INSERT INTO `sys_cities` (`id`, `country_id`, `title`, `plaque`, `area_code`, `status`) VALUES
(1344, 81, 'Guria', NULL, NULL, 1),
(1345, 81, 'Imereti', NULL, NULL, 1),
(1346, 81, 'Kaheti', NULL, NULL, 1),
(1347, 81, 'Kvemo Kartli', NULL, NULL, 1),
(1348, 81, 'Mcheta-Mtianeti', NULL, NULL, 1),
(1349, 81, 'Racha', NULL, NULL, 1),
(1350, 81, 'Samagrelo-Zemo Svaneti', NULL, NULL, 1),
(1351, 81, 'Samche-Zhavaheti', NULL, NULL, 1),
(1352, 81, 'Shida Kartli', NULL, NULL, 1),
(1353, 81, 'Tbilisi', NULL, NULL, 1),
(1354, 82, 'Auvergne', NULL, NULL, 1),
(1355, 82, 'Baden-Wurttemberg', NULL, NULL, 1),
(1356, 82, 'Bavaria', NULL, NULL, 1),
(1357, 82, 'Bayern', NULL, NULL, 1),
(1358, 82, 'Beilstein Wurtt', NULL, NULL, 1),
(1359, 82, 'Berlin', NULL, NULL, 1),
(1360, 82, 'Brandenburg', NULL, NULL, 1),
(1361, 82, 'Bremen', NULL, NULL, 1),
(1362, 82, 'Dreisbach', NULL, NULL, 1),
(1363, 82, 'Freistaat Bayern', NULL, NULL, 1),
(1364, 82, 'Hamburg', NULL, NULL, 1),
(1365, 82, 'Hannover', NULL, NULL, 1),
(1366, 82, 'Heroldstatt', NULL, NULL, 1),
(1367, 82, 'Hessen', NULL, NULL, 1),
(1368, 82, 'Kortenberg', NULL, NULL, 1),
(1369, 82, 'Laasdorf', NULL, NULL, 1),
(1370, 82, 'Land Baden-Wurttemberg', NULL, NULL, 1),
(1371, 82, 'Land Bayern', NULL, NULL, 1),
(1372, 82, 'Land Brandenburg', NULL, NULL, 1),
(1373, 82, 'Land Hessen', NULL, NULL, 1),
(1374, 82, 'Land Mecklenburg-Vorpommern', NULL, NULL, 1),
(1375, 82, 'Land Nordrhein-Westfalen', NULL, NULL, 1),
(1376, 82, 'Land Rheinland-Pfalz', NULL, NULL, 1),
(1377, 82, 'Land Sachsen', NULL, NULL, 1),
(1378, 82, 'Land Sachsen-Anhalt', NULL, NULL, 1),
(1379, 82, 'Land Thuringen', NULL, NULL, 1),
(1380, 82, 'Lower Saxony', NULL, NULL, 1),
(1381, 82, 'Mecklenburg-Vorpommern', NULL, NULL, 1),
(1382, 82, 'Mulfingen', NULL, NULL, 1),
(1383, 82, 'Munich', NULL, NULL, 1),
(1384, 82, 'Neubeuern', NULL, NULL, 1),
(1385, 82, 'Niedersachsen', NULL, NULL, 1),
(1386, 82, 'Noord-Holland', NULL, NULL, 1),
(1387, 82, 'Nordrhein-Westfalen', NULL, NULL, 1),
(1388, 82, 'North Rhine-Westphalia', NULL, NULL, 1),
(1389, 82, 'Osterode', NULL, NULL, 1),
(1390, 82, 'Rheinland-Pfalz', NULL, NULL, 1),
(1391, 82, 'Rhineland-Palatinate', NULL, NULL, 1),
(1392, 82, 'Saarland', NULL, NULL, 1),
(1393, 82, 'Sachsen', NULL, NULL, 1),
(1394, 82, 'Sachsen-Anhalt', NULL, NULL, 1),
(1395, 82, 'Saxony', NULL, NULL, 1),
(1396, 82, 'Schleswig-Holstein', NULL, NULL, 1),
(1397, 82, 'Thuringia', NULL, NULL, 1),
(1398, 82, 'Webling', NULL, NULL, 1),
(1399, 82, 'Weinstrabe', NULL, NULL, 1),
(1400, 82, 'schlobborn', NULL, NULL, 1),
(1401, 83, 'Ashanti', NULL, NULL, 1),
(1402, 83, 'Brong-Ahafo', NULL, NULL, 1),
(1403, 83, 'Central', NULL, NULL, 1),
(1404, 83, 'Eastern', NULL, NULL, 1),
(1405, 83, 'Greater Accra', NULL, NULL, 1),
(1406, 83, 'Northern', NULL, NULL, 1),
(1407, 83, 'Upper East', NULL, NULL, 1),
(1408, 83, 'Upper West', NULL, NULL, 1),
(1409, 83, 'Volta', NULL, NULL, 1),
(1410, 83, 'Western', NULL, NULL, 1),
(1411, 84, 'Gibraltar', NULL, NULL, 1),
(1412, 85, 'Acharnes', NULL, NULL, 1),
(1413, 85, 'Ahaia', NULL, NULL, 1),
(1414, 85, 'Aitolia kai Akarnania', NULL, NULL, 1),
(1415, 85, 'Argolis', NULL, NULL, 1),
(1416, 85, 'Arkadia', NULL, NULL, 1),
(1417, 85, 'Arta', NULL, NULL, 1),
(1418, 85, 'Attica', NULL, NULL, 1),
(1419, 85, 'Attiki', NULL, NULL, 1),
(1420, 85, 'Ayion Oros', NULL, NULL, 1),
(1421, 85, 'Crete', NULL, NULL, 1),
(1422, 85, 'Dodekanisos', NULL, NULL, 1),
(1423, 85, 'Drama', NULL, NULL, 1),
(1424, 85, 'Evia', NULL, NULL, 1),
(1425, 85, 'Evritania', NULL, NULL, 1),
(1426, 85, 'Evros', NULL, NULL, 1),
(1427, 85, 'Evvoia', NULL, NULL, 1),
(1428, 85, 'Florina', NULL, NULL, 1),
(1429, 85, 'Fokis', NULL, NULL, 1),
(1430, 85, 'Fthiotis', NULL, NULL, 1),
(1431, 85, 'Grevena', NULL, NULL, 1),
(1432, 85, 'Halandri', NULL, NULL, 1),
(1433, 85, 'Halkidiki', NULL, NULL, 1),
(1434, 85, 'Hania', NULL, NULL, 1),
(1435, 85, 'Heraklion', NULL, NULL, 1),
(1436, 85, 'Hios', NULL, NULL, 1),
(1437, 85, 'Ilia', NULL, NULL, 1),
(1438, 85, 'Imathia', NULL, NULL, 1),
(1439, 85, 'Ioannina', NULL, NULL, 1),
(1440, 85, 'Iraklion', NULL, NULL, 1),
(1441, 85, 'Karditsa', NULL, NULL, 1),
(1442, 85, 'Kastoria', NULL, NULL, 1),
(1443, 85, 'Kavala', NULL, NULL, 1),
(1444, 85, 'Kefallinia', NULL, NULL, 1),
(1445, 85, 'Kerkira', NULL, NULL, 1),
(1446, 85, 'Kiklades', NULL, NULL, 1),
(1447, 85, 'Kilkis', NULL, NULL, 1),
(1448, 85, 'Korinthia', NULL, NULL, 1),
(1449, 85, 'Kozani', NULL, NULL, 1),
(1450, 85, 'Lakonia', NULL, NULL, 1),
(1451, 85, 'Larisa', NULL, NULL, 1),
(1452, 85, 'Lasithi', NULL, NULL, 1),
(1453, 85, 'Lesvos', NULL, NULL, 1),
(1454, 85, 'Levkas', NULL, NULL, 1),
(1455, 85, 'Magnisia', NULL, NULL, 1),
(1456, 85, 'Messinia', NULL, NULL, 1),
(1457, 85, 'Nomos Attikis', NULL, NULL, 1),
(1458, 85, 'Nomos Zakynthou', NULL, NULL, 1),
(1459, 85, 'Pella', NULL, NULL, 1),
(1460, 85, 'Pieria', NULL, NULL, 1),
(1461, 85, 'Piraios', NULL, NULL, 1),
(1462, 85, 'Preveza', NULL, NULL, 1),
(1463, 85, 'Rethimni', NULL, NULL, 1),
(1464, 85, 'Rodopi', NULL, NULL, 1),
(1465, 85, 'Samos', NULL, NULL, 1),
(1466, 85, 'Serrai', NULL, NULL, 1),
(1467, 85, 'Thesprotia', NULL, NULL, 1),
(1468, 85, 'Thessaloniki', NULL, NULL, 1),
(1469, 85, 'Trikala', NULL, NULL, 1),
(1470, 85, 'Voiotia', NULL, NULL, 1),
(1471, 85, 'West Greece', NULL, NULL, 1),
(1472, 85, 'Xanthi', NULL, NULL, 1),
(1473, 85, 'Zakinthos', NULL, NULL, 1),
(1474, 86, 'Aasiaat', NULL, NULL, 1),
(1475, 86, 'Ammassalik', NULL, NULL, 1),
(1476, 86, 'Illoqqortoormiut', NULL, NULL, 1),
(1477, 86, 'Ilulissat', NULL, NULL, 1),
(1478, 86, 'Ivittuut', NULL, NULL, 1),
(1479, 86, 'Kangaatsiaq', NULL, NULL, 1),
(1480, 86, 'Maniitsoq', NULL, NULL, 1),
(1481, 86, 'Nanortalik', NULL, NULL, 1),
(1482, 86, 'Narsaq', NULL, NULL, 1),
(1483, 86, 'Nuuk', NULL, NULL, 1),
(1484, 86, 'Paamiut', NULL, NULL, 1),
(1485, 86, 'Qaanaaq', NULL, NULL, 1),
(1486, 86, 'Qaqortoq', NULL, NULL, 1),
(1487, 86, 'Qasigiannguit', NULL, NULL, 1),
(1488, 86, 'Qeqertarsuaq', NULL, NULL, 1),
(1489, 86, 'Sisimiut', NULL, NULL, 1),
(1490, 86, 'Udenfor kommunal inddeling', NULL, NULL, 1),
(1491, 86, 'Upernavik', NULL, NULL, 1),
(1492, 86, 'Uummannaq', NULL, NULL, 1),
(1493, 87, 'Carriacou-Petite Martinique', NULL, NULL, 1),
(1494, 87, 'Saint Andrew', NULL, NULL, 1),
(1495, 87, 'Saint Davids', NULL, NULL, 1),
(1496, 87, 'Saint George\'s', NULL, NULL, 1),
(1497, 87, 'Saint John', NULL, NULL, 1),
(1498, 87, 'Saint Mark', NULL, NULL, 1),
(1499, 87, 'Saint Patrick', NULL, NULL, 1),
(1500, 88, 'Basse-Terre', NULL, NULL, 1),
(1501, 88, 'Grande-Terre', NULL, NULL, 1),
(1502, 88, 'Iles des Saintes', NULL, NULL, 1),
(1503, 88, 'La Desirade', NULL, NULL, 1),
(1504, 88, 'Marie-Galante', NULL, NULL, 1),
(1505, 88, 'Saint Barthelemy', NULL, NULL, 1),
(1506, 88, 'Saint Martin', NULL, NULL, 1),
(1507, 89, 'Agana Heights', NULL, NULL, 1),
(1508, 89, 'Agat', NULL, NULL, 1),
(1509, 89, 'Barrigada', NULL, NULL, 1),
(1510, 89, 'Chalan-Pago-Ordot', NULL, NULL, 1),
(1511, 89, 'Dededo', NULL, NULL, 1),
(1512, 89, 'Hagatna', NULL, NULL, 1),
(1513, 89, 'Inarajan', NULL, NULL, 1),
(1514, 89, 'Mangilao', NULL, NULL, 1),
(1515, 89, 'Merizo', NULL, NULL, 1),
(1516, 89, 'Mongmong-Toto-Maite', NULL, NULL, 1),
(1517, 89, 'Santa Rita', NULL, NULL, 1),
(1518, 89, 'Sinajana', NULL, NULL, 1),
(1519, 89, 'Talofofo', NULL, NULL, 1),
(1520, 89, 'Tamuning', NULL, NULL, 1),
(1521, 89, 'Yigo', NULL, NULL, 1),
(1522, 89, 'Yona', NULL, NULL, 1),
(1523, 90, 'Alta Verapaz', NULL, NULL, 1),
(1524, 90, 'Baja Verapaz', NULL, NULL, 1),
(1525, 90, 'Chimaltenango', NULL, NULL, 1),
(1526, 90, 'Chiquimula', NULL, NULL, 1),
(1527, 90, 'El Progreso', NULL, NULL, 1),
(1528, 90, 'Escuintla', NULL, NULL, 1),
(1529, 90, 'Guatemala', NULL, NULL, 1),
(1530, 90, 'Huehuetenango', NULL, NULL, 1),
(1531, 90, 'Izabal', NULL, NULL, 1),
(1532, 90, 'Jalapa', NULL, NULL, 1),
(1533, 90, 'Jutiapa', NULL, NULL, 1),
(1534, 90, 'Peten', NULL, NULL, 1),
(1535, 90, 'Quezaltenango', NULL, NULL, 1),
(1536, 90, 'Quiche', NULL, NULL, 1),
(1537, 90, 'Retalhuleu', NULL, NULL, 1),
(1538, 90, 'Sacatepequez', NULL, NULL, 1),
(1539, 90, 'San Marcos', NULL, NULL, 1),
(1540, 90, 'Santa Rosa', NULL, NULL, 1),
(1541, 90, 'Solola', NULL, NULL, 1),
(1542, 90, 'Suchitepequez', NULL, NULL, 1),
(1543, 90, 'Totonicapan', NULL, NULL, 1),
(1544, 90, 'Zacapa', NULL, NULL, 1),
(1545, 91, 'Alderney', NULL, NULL, 1),
(1546, 91, 'Castel', NULL, NULL, 1),
(1547, 91, 'Forest', NULL, NULL, 1),
(1548, 91, 'Saint Andrew', NULL, NULL, 1),
(1549, 91, 'Saint Martin', NULL, NULL, 1),
(1550, 91, 'Saint Peter Port', NULL, NULL, 1),
(1551, 91, 'Saint Pierre du Bois', NULL, NULL, 1),
(1552, 91, 'Saint Sampson', NULL, NULL, 1),
(1553, 91, 'Saint Saviour', NULL, NULL, 1),
(1554, 91, 'Sark', NULL, NULL, 1),
(1555, 91, 'Torteval', NULL, NULL, 1),
(1556, 91, 'Vale', NULL, NULL, 1),
(1557, 92, 'Beyla', NULL, NULL, 1),
(1558, 92, 'Boffa', NULL, NULL, 1),
(1559, 92, 'Boke', NULL, NULL, 1),
(1560, 92, 'Conakry', NULL, NULL, 1),
(1561, 92, 'Coyah', NULL, NULL, 1),
(1562, 92, 'Dabola', NULL, NULL, 1),
(1563, 92, 'Dalaba', NULL, NULL, 1),
(1564, 92, 'Dinguiraye', NULL, NULL, 1),
(1565, 92, 'Faranah', NULL, NULL, 1),
(1566, 92, 'Forecariah', NULL, NULL, 1),
(1567, 92, 'Fria', NULL, NULL, 1),
(1568, 92, 'Gaoual', NULL, NULL, 1),
(1569, 92, 'Gueckedou', NULL, NULL, 1),
(1570, 92, 'Kankan', NULL, NULL, 1),
(1571, 92, 'Kerouane', NULL, NULL, 1),
(1572, 92, 'Kindia', NULL, NULL, 1),
(1573, 92, 'Kissidougou', NULL, NULL, 1),
(1574, 92, 'Koubia', NULL, NULL, 1),
(1575, 92, 'Koundara', NULL, NULL, 1),
(1576, 92, 'Kouroussa', NULL, NULL, 1),
(1577, 92, 'Labe', NULL, NULL, 1),
(1578, 92, 'Lola', NULL, NULL, 1),
(1579, 92, 'Macenta', NULL, NULL, 1),
(1580, 92, 'Mali', NULL, NULL, 1),
(1581, 92, 'Mamou', NULL, NULL, 1),
(1582, 92, 'Mandiana', NULL, NULL, 1),
(1583, 92, 'Nzerekore', NULL, NULL, 1),
(1584, 92, 'Pita', NULL, NULL, 1),
(1585, 92, 'Siguiri', NULL, NULL, 1),
(1586, 92, 'Telimele', NULL, NULL, 1),
(1587, 92, 'Tougue', NULL, NULL, 1),
(1588, 92, 'Yomou', NULL, NULL, 1),
(1589, 93, 'Bafata', NULL, NULL, 1),
(1590, 93, 'Bissau', NULL, NULL, 1),
(1591, 93, 'Bolama', NULL, NULL, 1),
(1592, 93, 'Cacheu', NULL, NULL, 1),
(1593, 93, 'Gabu', NULL, NULL, 1),
(1594, 93, 'Oio', NULL, NULL, 1),
(1595, 93, 'Quinara', NULL, NULL, 1),
(1596, 93, 'Tombali', NULL, NULL, 1),
(1597, 94, 'Barima-Waini', NULL, NULL, 1),
(1598, 94, 'Cuyuni-Mazaruni', NULL, NULL, 1),
(1599, 94, 'Demerara-Mahaica', NULL, NULL, 1),
(1600, 94, 'East Berbice-Corentyne', NULL, NULL, 1),
(1601, 94, 'Essequibo Islands-West Demerar', NULL, NULL, 1),
(1602, 94, 'Mahaica-Berbice', NULL, NULL, 1),
(1603, 94, 'Pomeroon-Supenaam', NULL, NULL, 1),
(1604, 94, 'Potaro-Siparuni', NULL, NULL, 1),
(1605, 94, 'Upper Demerara-Berbice', NULL, NULL, 1),
(1606, 94, 'Upper Takutu-Upper Essequibo', NULL, NULL, 1),
(1607, 95, 'Artibonite', NULL, NULL, 1),
(1608, 95, 'Centre', NULL, NULL, 1),
(1609, 95, 'Grand\'Anse', NULL, NULL, 1),
(1610, 95, 'Nord', NULL, NULL, 1),
(1611, 95, 'Nord-Est', NULL, NULL, 1),
(1612, 95, 'Nord-Ouest', NULL, NULL, 1),
(1613, 95, 'Ouest', NULL, NULL, 1),
(1614, 95, 'Sud', NULL, NULL, 1),
(1615, 95, 'Sud-Est', NULL, NULL, 1),
(1616, 96, 'Heard and McDonald Islands', NULL, NULL, 1),
(1617, 97, 'Atlantida', NULL, NULL, 1),
(1618, 97, 'Choluteca', NULL, NULL, 1),
(1619, 97, 'Colon', NULL, NULL, 1),
(1620, 97, 'Comayagua', NULL, NULL, 1),
(1621, 97, 'Copan', NULL, NULL, 1),
(1622, 97, 'Cortes', NULL, NULL, 1),
(1623, 97, 'Distrito Central', NULL, NULL, 1),
(1624, 97, 'El Paraiso', NULL, NULL, 1),
(1625, 97, 'Francisco Morazan', NULL, NULL, 1),
(1626, 97, 'Gracias a Dios', NULL, NULL, 1),
(1627, 97, 'Intibuca', NULL, NULL, 1),
(1628, 97, 'Islas de la Bahia', NULL, NULL, 1),
(1629, 97, 'La Paz', NULL, NULL, 1),
(1630, 97, 'Lempira', NULL, NULL, 1),
(1631, 97, 'Ocotepeque', NULL, NULL, 1),
(1632, 97, 'Olancho', NULL, NULL, 1),
(1633, 97, 'Santa Barbara', NULL, NULL, 1),
(1634, 97, 'Valle', NULL, NULL, 1),
(1635, 97, 'Yoro', NULL, NULL, 1),
(1636, 98, 'Hong Kong', NULL, NULL, 1),
(1637, 99, 'Bacs-Kiskun', NULL, NULL, 1),
(1638, 99, 'Baranya', NULL, NULL, 1),
(1639, 99, 'Bekes', NULL, NULL, 1),
(1640, 99, 'Borsod-Abauj-Zemplen', NULL, NULL, 1),
(1641, 99, 'Budapest', NULL, NULL, 1),
(1642, 99, 'Csongrad', NULL, NULL, 1),
(1643, 99, 'Fejer', NULL, NULL, 1),
(1644, 99, 'Gyor-Moson-Sopron', NULL, NULL, 1),
(1645, 99, 'Hajdu-Bihar', NULL, NULL, 1),
(1646, 99, 'Heves', NULL, NULL, 1),
(1647, 99, 'Jasz-Nagykun-Szolnok', NULL, NULL, 1),
(1648, 99, 'Komarom-Esztergom', NULL, NULL, 1),
(1649, 99, 'Nograd', NULL, NULL, 1),
(1650, 99, 'Pest', NULL, NULL, 1),
(1651, 99, 'Somogy', NULL, NULL, 1),
(1652, 99, 'Szabolcs-Szatmar-Bereg', NULL, NULL, 1),
(1653, 99, 'Tolna', NULL, NULL, 1),
(1654, 99, 'Vas', NULL, NULL, 1),
(1655, 99, 'Veszprem', NULL, NULL, 1),
(1656, 99, 'Zala', NULL, NULL, 1),
(1657, 100, 'Austurland', NULL, NULL, 1),
(1658, 100, 'Gullbringusysla', NULL, NULL, 1),
(1659, 100, 'Hofu borgarsva i', NULL, NULL, 1),
(1660, 100, 'Nor urland eystra', NULL, NULL, 1),
(1661, 100, 'Nor urland vestra', NULL, NULL, 1),
(1662, 100, 'Su urland', NULL, NULL, 1),
(1663, 100, 'Su urnes', NULL, NULL, 1),
(1664, 100, 'Vestfir ir', NULL, NULL, 1),
(1665, 100, 'Vesturland', NULL, NULL, 1),
(1666, 102, 'Aceh', NULL, NULL, 1),
(1667, 102, 'Bali', NULL, NULL, 1),
(1668, 102, 'Bangka-Belitung', NULL, NULL, 1),
(1669, 102, 'Banten', NULL, NULL, 1),
(1670, 102, 'Bengkulu', NULL, NULL, 1),
(1671, 102, 'Gandaria', NULL, NULL, 1),
(1672, 102, 'Gorontalo', NULL, NULL, 1),
(1673, 102, 'Jakarta', NULL, NULL, 1),
(1674, 102, 'Jambi', NULL, NULL, 1),
(1675, 102, 'Jawa Barat', NULL, NULL, 1),
(1676, 102, 'Jawa Tengah', NULL, NULL, 1),
(1677, 102, 'Jawa Timur', NULL, NULL, 1),
(1678, 102, 'Kalimantan Barat', NULL, NULL, 1),
(1679, 102, 'Kalimantan Selatan', NULL, NULL, 1),
(1680, 102, 'Kalimantan Tengah', NULL, NULL, 1),
(1681, 102, 'Kalimantan Timur', NULL, NULL, 1),
(1682, 102, 'Kendal', NULL, NULL, 1),
(1683, 102, 'Lampung', NULL, NULL, 1),
(1684, 102, 'Maluku', NULL, NULL, 1),
(1685, 102, 'Maluku Utara', NULL, NULL, 1),
(1686, 102, 'Nusa Tenggara Barat', NULL, NULL, 1),
(1687, 102, 'Nusa Tenggara Timur', NULL, NULL, 1),
(1688, 102, 'Papua', NULL, NULL, 1),
(1689, 102, 'Riau', NULL, NULL, 1),
(1690, 102, 'Riau Kepulauan', NULL, NULL, 1),
(1691, 102, 'Solo', NULL, NULL, 1),
(1692, 102, 'Sulawesi Selatan', NULL, NULL, 1),
(1693, 102, 'Sulawesi Tengah', NULL, NULL, 1),
(1694, 102, 'Sulawesi Tenggara', NULL, NULL, 1),
(1695, 102, 'Sulawesi Utara', NULL, NULL, 1),
(1696, 102, 'Sumatera Barat', NULL, NULL, 1),
(1697, 102, 'Sumatera Selatan', NULL, NULL, 1),
(1698, 102, 'Sumatera Utara', NULL, NULL, 1),
(1699, 102, 'Yogyakarta', NULL, NULL, 1),
(1700, 103, 'Ardabil', NULL, NULL, 1),
(1701, 103, 'Azarbayjan-e Bakhtari', NULL, NULL, 1),
(1702, 103, 'Azarbayjan-e Khavari', NULL, NULL, 1),
(1703, 103, 'Bushehr', NULL, NULL, 1),
(1704, 103, 'Chahar Mahal-e Bakhtiari', NULL, NULL, 1),
(1705, 103, 'Esfahan', NULL, NULL, 1),
(1706, 103, 'Fars', NULL, NULL, 1),
(1707, 103, 'Gilan', NULL, NULL, 1),
(1708, 103, 'Golestan', NULL, NULL, 1),
(1709, 103, 'Hamadan', NULL, NULL, 1),
(1710, 103, 'Hormozgan', NULL, NULL, 1),
(1711, 103, 'Ilam', NULL, NULL, 1),
(1712, 103, 'Kerman', NULL, NULL, 1),
(1713, 103, 'Kermanshah', NULL, NULL, 1),
(1714, 103, 'Khorasan', NULL, NULL, 1),
(1715, 103, 'Khuzestan', NULL, NULL, 1),
(1716, 103, 'Kohgiluyeh-e Boyerahmad', NULL, NULL, 1),
(1717, 103, 'Kordestan', NULL, NULL, 1),
(1718, 103, 'Lorestan', NULL, NULL, 1),
(1719, 103, 'Markazi', NULL, NULL, 1),
(1720, 103, 'Mazandaran', NULL, NULL, 1),
(1721, 103, 'Ostan-e Esfahan', NULL, NULL, 1),
(1722, 103, 'Qazvin', NULL, NULL, 1),
(1723, 103, 'Qom', NULL, NULL, 1),
(1724, 103, 'Semnan', NULL, NULL, 1),
(1725, 103, 'Sistan-e Baluchestan', NULL, NULL, 1),
(1726, 103, 'Tehran', NULL, NULL, 1),
(1727, 103, 'Yazd', NULL, NULL, 1),
(1728, 103, 'Zanjan', NULL, NULL, 1),
(1729, 104, 'Babil', NULL, NULL, 1),
(1730, 104, 'Baghdad', NULL, NULL, 1),
(1731, 104, 'Dahuk', NULL, NULL, 1),
(1732, 104, 'Dhi Qar', NULL, NULL, 1),
(1733, 104, 'Diyala', NULL, NULL, 1),
(1734, 104, 'Erbil', NULL, NULL, 1),
(1735, 104, 'Irbil', NULL, NULL, 1),
(1736, 104, 'Karbala', NULL, NULL, 1),
(1737, 104, 'Kurdistan', NULL, NULL, 1),
(1738, 104, 'Maysan', NULL, NULL, 1),
(1739, 104, 'Ninawa', NULL, NULL, 1),
(1740, 104, 'Salah-ad-Din', NULL, NULL, 1),
(1741, 104, 'Wasit', NULL, NULL, 1),
(1742, 104, 'al-Anbar', NULL, NULL, 1),
(1743, 104, 'al-Basrah', NULL, NULL, 1),
(1744, 104, 'al-Muthanna', NULL, NULL, 1),
(1745, 104, 'al-Qadisiyah', NULL, NULL, 1),
(1746, 104, 'an-Najaf', NULL, NULL, 1),
(1747, 104, 'as-Sulaymaniyah', NULL, NULL, 1),
(1748, 104, 'at-Ta\'mim', NULL, NULL, 1),
(1749, 105, 'Armagh', NULL, NULL, 1),
(1750, 105, 'Carlow', NULL, NULL, 1),
(1751, 105, 'Cavan', NULL, NULL, 1),
(1752, 105, 'Clare', NULL, NULL, 1),
(1753, 105, 'Cork', NULL, NULL, 1),
(1754, 105, 'Donegal', NULL, NULL, 1),
(1755, 105, 'Dublin', NULL, NULL, 1),
(1756, 105, 'Galway', NULL, NULL, 1),
(1757, 105, 'Kerry', NULL, NULL, 1),
(1758, 105, 'Kildare', NULL, NULL, 1),
(1759, 105, 'Kilkenny', NULL, NULL, 1),
(1760, 105, 'Laois', NULL, NULL, 1),
(1761, 105, 'Leinster', NULL, NULL, 1),
(1762, 105, 'Leitrim', NULL, NULL, 1),
(1763, 105, 'Limerick', NULL, NULL, 1),
(1764, 105, 'Loch Garman', NULL, NULL, 1),
(1765, 105, 'Longford', NULL, NULL, 1),
(1766, 105, 'Louth', NULL, NULL, 1),
(1767, 105, 'Mayo', NULL, NULL, 1),
(1768, 105, 'Meath', NULL, NULL, 1),
(1769, 105, 'Monaghan', NULL, NULL, 1),
(1770, 105, 'Offaly', NULL, NULL, 1),
(1771, 105, 'Roscommon', NULL, NULL, 1),
(1772, 105, 'Sligo', NULL, NULL, 1),
(1773, 105, 'Tipperary North Riding', NULL, NULL, 1),
(1774, 105, 'Tipperary South Riding', NULL, NULL, 1),
(1775, 105, 'Ulster', NULL, NULL, 1),
(1776, 105, 'Waterford', NULL, NULL, 1),
(1777, 105, 'Westmeath', NULL, NULL, 1),
(1778, 105, 'Wexford', NULL, NULL, 1),
(1779, 105, 'Wicklow', NULL, NULL, 1),
(1780, 106, 'Beit Hanania', NULL, NULL, 1),
(1781, 106, 'Ben Gurion Airport', NULL, NULL, 1),
(1782, 106, 'Bethlehem', NULL, NULL, 1),
(1783, 106, 'Caesarea', NULL, NULL, 1),
(1784, 106, 'Centre', NULL, NULL, 1),
(1785, 106, 'Gaza', NULL, NULL, 1),
(1786, 106, 'Hadaron', NULL, NULL, 1),
(1787, 106, 'Haifa District', NULL, NULL, 1),
(1788, 106, 'Hamerkaz', NULL, NULL, 1),
(1789, 106, 'Hazafon', NULL, NULL, 1),
(1790, 106, 'Hebron', NULL, NULL, 1),
(1791, 106, 'Jaffa', NULL, NULL, 1),
(1792, 106, 'Jerusalem', NULL, NULL, 1),
(1793, 106, 'Khefa', NULL, NULL, 1),
(1794, 106, 'Kiryat Yam', NULL, NULL, 1),
(1795, 106, 'Lower Galilee', NULL, NULL, 1),
(1796, 106, 'Qalqilya', NULL, NULL, 1),
(1797, 106, 'Talme Elazar', NULL, NULL, 1),
(1798, 106, 'Tel Aviv', NULL, NULL, 1),
(1799, 106, 'Tsafon', NULL, NULL, 1),
(1800, 106, 'Umm El Fahem', NULL, NULL, 1),
(1801, 106, 'Yerushalayim', NULL, NULL, 1),
(1802, 107, 'Abruzzi', NULL, NULL, 1),
(1803, 107, 'Abruzzo', NULL, NULL, 1),
(1804, 107, 'Agrigento', NULL, NULL, 1),
(1805, 107, 'Alessandria', NULL, NULL, 1),
(1806, 107, 'Ancona', NULL, NULL, 1),
(1807, 107, 'Arezzo', NULL, NULL, 1),
(1808, 107, 'Ascoli Piceno', NULL, NULL, 1),
(1809, 107, 'Asti', NULL, NULL, 1),
(1810, 107, 'Avellino', NULL, NULL, 1),
(1811, 107, 'Bari', NULL, NULL, 1),
(1812, 107, 'Basilicata', NULL, NULL, 1),
(1813, 107, 'Belluno', NULL, NULL, 1),
(1814, 107, 'Benevento', NULL, NULL, 1),
(1815, 107, 'Bergamo', NULL, NULL, 1),
(1816, 107, 'Biella', NULL, NULL, 1),
(1817, 107, 'Bologna', NULL, NULL, 1),
(1818, 107, 'Bolzano', NULL, NULL, 1),
(1819, 107, 'Brescia', NULL, NULL, 1),
(1820, 107, 'Brindisi', NULL, NULL, 1),
(1821, 107, 'Calabria', NULL, NULL, 1),
(1822, 107, 'Campania', NULL, NULL, 1),
(1823, 107, 'Cartoceto', NULL, NULL, 1),
(1824, 107, 'Caserta', NULL, NULL, 1),
(1825, 107, 'Catania', NULL, NULL, 1),
(1826, 107, 'Chieti', NULL, NULL, 1),
(1827, 107, 'Como', NULL, NULL, 1),
(1828, 107, 'Cosenza', NULL, NULL, 1),
(1829, 107, 'Cremona', NULL, NULL, 1),
(1830, 107, 'Cuneo', NULL, NULL, 1),
(1831, 107, 'Emilia-Romagna', NULL, NULL, 1),
(1832, 107, 'Ferrara', NULL, NULL, 1),
(1833, 107, 'Firenze', NULL, NULL, 1),
(1834, 107, 'Florence', NULL, NULL, 1),
(1835, 107, 'Forli-Cesena ', NULL, NULL, 1),
(1836, 107, 'Friuli-Venezia Giulia', NULL, NULL, 1),
(1837, 107, 'Frosinone', NULL, NULL, 1),
(1838, 107, 'Genoa', NULL, NULL, 1),
(1839, 107, 'Gorizia', NULL, NULL, 1),
(1840, 107, 'L\'Aquila', NULL, NULL, 1),
(1841, 107, 'Lazio', NULL, NULL, 1),
(1842, 107, 'Lecce', NULL, NULL, 1),
(1843, 107, 'Lecco', NULL, NULL, 1),
(1845, 107, 'Liguria', NULL, NULL, 1),
(1846, 107, 'Lodi', NULL, NULL, 1),
(1847, 107, 'Lombardia', NULL, NULL, 1),
(1848, 107, 'Lombardy', NULL, NULL, 1),
(1849, 107, 'Macerata', NULL, NULL, 1),
(1850, 107, 'Mantova', NULL, NULL, 1),
(1851, 107, 'Marche', NULL, NULL, 1),
(1852, 107, 'Messina', NULL, NULL, 1),
(1853, 107, 'Milan', NULL, NULL, 1),
(1854, 107, 'Modena', NULL, NULL, 1),
(1855, 107, 'Molise', NULL, NULL, 1),
(1856, 107, 'Molteno', NULL, NULL, 1),
(1857, 107, 'Montenegro', NULL, NULL, 1),
(1858, 107, 'Monza and Brianza', NULL, NULL, 1),
(1859, 107, 'Naples', NULL, NULL, 1),
(1860, 107, 'Novara', NULL, NULL, 1),
(1861, 107, 'Padova', NULL, NULL, 1),
(1862, 107, 'Parma', NULL, NULL, 1),
(1863, 107, 'Pavia', NULL, NULL, 1),
(1864, 107, 'Perugia', NULL, NULL, 1),
(1865, 107, 'Pesaro-Urbino', NULL, NULL, 1),
(1866, 107, 'Piacenza', NULL, NULL, 1),
(1867, 107, 'Piedmont', NULL, NULL, 1),
(1868, 107, 'Piemonte', NULL, NULL, 1),
(1869, 107, 'Pisa', NULL, NULL, 1),
(1870, 107, 'Pordenone', NULL, NULL, 1),
(1871, 107, 'Potenza', NULL, NULL, 1),
(1872, 107, 'Puglia', NULL, NULL, 1),
(1873, 107, 'Reggio Emilia', NULL, NULL, 1),
(1874, 107, 'Rimini', NULL, NULL, 1),
(1875, 107, 'Roma', NULL, NULL, 1),
(1876, 107, 'Salerno', NULL, NULL, 1),
(1877, 107, 'Sardegna', NULL, NULL, 1),
(1878, 107, 'Sassari', NULL, NULL, 1),
(1879, 107, 'Savona', NULL, NULL, 1),
(1880, 107, 'Sicilia', NULL, NULL, 1),
(1881, 107, 'Siena', NULL, NULL, 1),
(1882, 107, 'Sondrio', NULL, NULL, 1),
(1883, 107, 'South Tyrol', NULL, NULL, 1),
(1884, 107, 'Taranto', NULL, NULL, 1),
(1885, 107, 'Teramo', NULL, NULL, 1),
(1886, 107, 'Torino', NULL, NULL, 1),
(1887, 107, 'Toscana', NULL, NULL, 1),
(1888, 107, 'Trapani', NULL, NULL, 1),
(1889, 107, 'Trentino-Alto Adige', NULL, NULL, 1),
(1890, 107, 'Trento', NULL, NULL, 1),
(1891, 107, 'Treviso', NULL, NULL, 1),
(1892, 107, 'Udine', NULL, NULL, 1),
(1893, 107, 'Umbria', NULL, NULL, 1),
(1894, 107, 'Valle d\'Aosta', NULL, NULL, 1),
(1895, 107, 'Varese', NULL, NULL, 1),
(1896, 107, 'Veneto', NULL, NULL, 1),
(1897, 107, 'Venezia', NULL, NULL, 1),
(1898, 107, 'Verbano-Cusio-Ossola', NULL, NULL, 1),
(1899, 107, 'Vercelli', NULL, NULL, 1),
(1900, 107, 'Verona', NULL, NULL, 1),
(1901, 107, 'Vicenza', NULL, NULL, 1),
(1902, 107, 'Viterbo', NULL, NULL, 1),
(1903, 108, 'Buxoro Viloyati', NULL, NULL, 1),
(1904, 108, 'Clarendon', NULL, NULL, 1),
(1905, 108, 'Hanover', NULL, NULL, 1),
(1906, 108, 'Kingston', NULL, NULL, 1),
(1907, 108, 'Manchester', NULL, NULL, 1),
(1908, 108, 'Portland', NULL, NULL, 1),
(1909, 108, 'Saint Andrews', NULL, NULL, 1),
(1910, 108, 'Saint Ann', NULL, NULL, 1),
(1911, 108, 'Saint Catherine', NULL, NULL, 1),
(1912, 108, 'Saint Elizabeth', NULL, NULL, 1),
(1913, 108, 'Saint James', NULL, NULL, 1),
(1914, 108, 'Saint Mary', NULL, NULL, 1),
(1915, 108, 'Saint Thomas', NULL, NULL, 1),
(1916, 108, 'Trelawney', NULL, NULL, 1),
(1917, 108, 'Westmoreland', NULL, NULL, 1),
(1918, 109, 'Aichi', NULL, NULL, 1),
(1919, 109, 'Akita', NULL, NULL, 1),
(1920, 109, 'Aomori', NULL, NULL, 1),
(1921, 109, 'Chiba', NULL, NULL, 1),
(1922, 109, 'Ehime', NULL, NULL, 1),
(1923, 109, 'Fukui', NULL, NULL, 1),
(1924, 109, 'Fukuoka', NULL, NULL, 1),
(1925, 109, 'Fukushima', NULL, NULL, 1),
(1926, 109, 'Gifu', NULL, NULL, 1),
(1927, 109, 'Gumma', NULL, NULL, 1),
(1928, 109, 'Hiroshima', NULL, NULL, 1),
(1929, 109, 'Hokkaido', NULL, NULL, 1),
(1930, 109, 'Hyogo', NULL, NULL, 1),
(1931, 109, 'Ibaraki', NULL, NULL, 1),
(1932, 109, 'Ishikawa', NULL, NULL, 1),
(1933, 109, 'Iwate', NULL, NULL, 1),
(1934, 109, 'Kagawa', NULL, NULL, 1),
(1935, 109, 'Kagoshima', NULL, NULL, 1),
(1936, 109, 'Kanagawa', NULL, NULL, 1),
(1937, 109, 'Kanto', NULL, NULL, 1),
(1938, 109, 'Kochi', NULL, NULL, 1),
(1939, 109, 'Kumamoto', NULL, NULL, 1),
(1940, 109, 'Kyoto', NULL, NULL, 1),
(1941, 109, 'Mie', NULL, NULL, 1),
(1942, 109, 'Miyagi', NULL, NULL, 1),
(1943, 109, 'Miyazaki', NULL, NULL, 1),
(1944, 109, 'Nagano', NULL, NULL, 1),
(1945, 109, 'Nagasaki', NULL, NULL, 1),
(1946, 109, 'Nara', NULL, NULL, 1),
(1947, 109, 'Niigata', NULL, NULL, 1),
(1948, 109, 'Oita', NULL, NULL, 1),
(1949, 109, 'Okayama', NULL, NULL, 1),
(1950, 109, 'Okinawa', NULL, NULL, 1),
(1951, 109, 'Osaka', NULL, NULL, 1),
(1952, 109, 'Saga', NULL, NULL, 1),
(1953, 109, 'Saitama', NULL, NULL, 1),
(1954, 109, 'Shiga', NULL, NULL, 1),
(1955, 109, 'Shimane', NULL, NULL, 1),
(1956, 109, 'Shizuoka', NULL, NULL, 1),
(1957, 109, 'Tochigi', NULL, NULL, 1),
(1958, 109, 'Tokushima', NULL, NULL, 1),
(1959, 109, 'Tokyo', NULL, NULL, 1),
(1960, 109, 'Tottori', NULL, NULL, 1),
(1961, 109, 'Toyama', NULL, NULL, 1),
(1962, 109, 'Wakayama', NULL, NULL, 1),
(1963, 109, 'Yamagata', NULL, NULL, 1),
(1964, 109, 'Yamaguchi', NULL, NULL, 1),
(1965, 109, 'Yamanashi', NULL, NULL, 1),
(1966, 110, 'Grouville', NULL, NULL, 1),
(1967, 110, 'Saint Brelade', NULL, NULL, 1),
(1968, 110, 'Saint Clement', NULL, NULL, 1),
(1969, 110, 'Saint Helier', NULL, NULL, 1),
(1970, 110, 'Saint John', NULL, NULL, 1),
(1971, 110, 'Saint Lawrence', NULL, NULL, 1),
(1972, 110, 'Saint Martin', NULL, NULL, 1),
(1973, 110, 'Saint Mary', NULL, NULL, 1),
(1974, 110, 'Saint Peter', NULL, NULL, 1),
(1975, 110, 'Saint Saviour', NULL, NULL, 1),
(1976, 110, 'Trinity', NULL, NULL, 1),
(1977, 111, '\'Ajlun', NULL, NULL, 1),
(1978, 111, 'Amman', NULL, NULL, 1),
(1979, 111, 'Irbid', NULL, NULL, 1),
(1980, 111, 'Jarash', NULL, NULL, 1),
(1981, 111, 'Ma\'an', NULL, NULL, 1),
(1982, 111, 'Madaba', NULL, NULL, 1),
(1983, 111, 'al-\'Aqabah', NULL, NULL, 1),
(1984, 111, 'al-Balqa\'', NULL, NULL, 1),
(1985, 111, 'al-Karak', NULL, NULL, 1),
(1986, 111, 'al-Mafraq', NULL, NULL, 1),
(1987, 111, 'at-Tafilah', NULL, NULL, 1),
(1988, 111, 'az-Zarqa\'', NULL, NULL, 1),
(1989, 112, 'Akmecet', NULL, NULL, 1),
(1990, 112, 'Akmola', NULL, NULL, 1),
(1991, 112, 'Aktobe', NULL, NULL, 1),
(1992, 112, 'Almati', NULL, NULL, 1),
(1993, 112, 'Atirau', NULL, NULL, 1),
(1994, 112, 'Batis Kazakstan', NULL, NULL, 1),
(1995, 112, 'Burlinsky Region', NULL, NULL, 1),
(1996, 112, 'Karagandi', NULL, NULL, 1),
(1997, 112, 'Kostanay', NULL, NULL, 1),
(1998, 112, 'Mankistau', NULL, NULL, 1),
(1999, 112, 'Ontustik Kazakstan', NULL, NULL, 1),
(2000, 112, 'Pavlodar', NULL, NULL, 1),
(2001, 112, 'Sigis Kazakstan', NULL, NULL, 1),
(2002, 112, 'Soltustik Kazakstan', NULL, NULL, 1),
(2003, 112, 'Taraz', NULL, NULL, 1),
(2004, 113, 'Central', NULL, NULL, 1),
(2005, 113, 'Coast', NULL, NULL, 1),
(2006, 113, 'Eastern', NULL, NULL, 1),
(2007, 113, 'Nairobi', NULL, NULL, 1),
(2008, 113, 'North Eastern', NULL, NULL, 1),
(2009, 113, 'Nyanza', NULL, NULL, 1),
(2010, 113, 'Rift Valley', NULL, NULL, 1),
(2011, 113, 'Western', NULL, NULL, 1),
(2012, 114, 'Abaiang', NULL, NULL, 1),
(2013, 114, 'Abemana', NULL, NULL, 1),
(2014, 114, 'Aranuka', NULL, NULL, 1),
(2015, 114, 'Arorae', NULL, NULL, 1),
(2016, 114, 'Banaba', NULL, NULL, 1),
(2017, 114, 'Beru', NULL, NULL, 1),
(2018, 114, 'Butaritari', NULL, NULL, 1),
(2019, 114, 'Kiritimati', NULL, NULL, 1),
(2020, 114, 'Kuria', NULL, NULL, 1),
(2021, 114, 'Maiana', NULL, NULL, 1),
(2022, 114, 'Makin', NULL, NULL, 1),
(2023, 114, 'Marakei', NULL, NULL, 1),
(2024, 114, 'Nikunau', NULL, NULL, 1),
(2025, 114, 'Nonouti', NULL, NULL, 1),
(2026, 114, 'Onotoa', NULL, NULL, 1),
(2027, 114, 'Phoenix Islands', NULL, NULL, 1),
(2028, 114, 'Tabiteuea North', NULL, NULL, 1),
(2029, 114, 'Tabiteuea South', NULL, NULL, 1),
(2030, 114, 'Tabuaeran', NULL, NULL, 1),
(2031, 114, 'Tamana', NULL, NULL, 1),
(2032, 114, 'Tarawa North', NULL, NULL, 1),
(2033, 114, 'Tarawa South', NULL, NULL, 1),
(2034, 114, 'Teraina', NULL, NULL, 1),
(2035, 115, 'Chagangdo', NULL, NULL, 1),
(2036, 115, 'Hamgyeongbukto', NULL, NULL, 1),
(2037, 115, 'Hamgyeongnamdo', NULL, NULL, 1),
(2038, 115, 'Hwanghaebukto', NULL, NULL, 1),
(2039, 115, 'Hwanghaenamdo', NULL, NULL, 1),
(2040, 115, 'Kaeseong', NULL, NULL, 1),
(2041, 115, 'Kangweon', NULL, NULL, 1),
(2042, 115, 'Nampo', NULL, NULL, 1),
(2043, 115, 'Pyeonganbukto', NULL, NULL, 1),
(2044, 115, 'Pyeongannamdo', NULL, NULL, 1),
(2045, 115, 'Pyeongyang', NULL, NULL, 1),
(2046, 115, 'Yanggang', NULL, NULL, 1),
(2047, 116, 'Busan', NULL, NULL, 1),
(2048, 116, 'Cheju', NULL, NULL, 1),
(2049, 116, 'Chollabuk', NULL, NULL, 1),
(2050, 116, 'Chollanam', NULL, NULL, 1),
(2051, 116, 'Chungbuk', NULL, NULL, 1),
(2052, 116, 'Chungcheongbuk', NULL, NULL, 1),
(2053, 116, 'Chungcheongnam', NULL, NULL, 1),
(2054, 116, 'Chungnam', NULL, NULL, 1),
(2055, 116, 'Daegu', NULL, NULL, 1),
(2056, 116, 'Gangwon-do', NULL, NULL, 1),
(2057, 116, 'Goyang-si', NULL, NULL, 1),
(2058, 116, 'Gyeonggi-do', NULL, NULL, 1),
(2059, 116, 'Gyeongsang ', NULL, NULL, 1),
(2060, 116, 'Gyeongsangnam-do', NULL, NULL, 1),
(2061, 116, 'Incheon', NULL, NULL, 1),
(2062, 116, 'Jeju-Si', NULL, NULL, 1),
(2063, 116, 'Jeonbuk', NULL, NULL, 1),
(2064, 116, 'Kangweon', NULL, NULL, 1),
(2065, 116, 'Kwangju', NULL, NULL, 1),
(2066, 116, 'Kyeonggi', NULL, NULL, 1),
(2067, 116, 'Kyeongsangbuk', NULL, NULL, 1),
(2068, 116, 'Kyeongsangnam', NULL, NULL, 1),
(2069, 116, 'Kyonggi-do', NULL, NULL, 1),
(2070, 116, 'Kyungbuk-Do', NULL, NULL, 1),
(2071, 116, 'Kyunggi-Do', NULL, NULL, 1),
(2072, 116, 'Kyunggi-do', NULL, NULL, 1),
(2073, 116, 'Pusan', NULL, NULL, 1),
(2074, 116, 'Seoul', NULL, NULL, 1),
(2075, 116, 'Sudogwon', NULL, NULL, 1),
(2076, 116, 'Taegu', NULL, NULL, 1),
(2077, 116, 'Taejeon', NULL, NULL, 1),
(2078, 116, 'Taejon-gwangyoksi', NULL, NULL, 1),
(2079, 116, 'Ulsan', NULL, NULL, 1),
(2080, 116, 'Wonju', NULL, NULL, 1),
(2081, 116, 'gwangyoksi', NULL, NULL, 1),
(2082, 117, 'Al Asimah', NULL, NULL, 1),
(2083, 117, 'Hawalli', NULL, NULL, 1),
(2084, 117, 'Mishref', NULL, NULL, 1),
(2085, 117, 'Qadesiya', NULL, NULL, 1),
(2086, 117, 'Safat', NULL, NULL, 1),
(2087, 117, 'Salmiya', NULL, NULL, 1),
(2088, 117, 'al-Ahmadi', NULL, NULL, 1),
(2089, 117, 'al-Farwaniyah', NULL, NULL, 1),
(2090, 117, 'al-Jahra', NULL, NULL, 1),
(2091, 117, 'al-Kuwayt', NULL, NULL, 1),
(2092, 118, 'Batken', NULL, NULL, 1),
(2093, 118, 'Bishkek', NULL, NULL, 1),
(2094, 118, 'Chui', NULL, NULL, 1),
(2095, 118, 'Issyk-Kul', NULL, NULL, 1),
(2096, 118, 'Jalal-Abad', NULL, NULL, 1),
(2097, 118, 'Naryn', NULL, NULL, 1),
(2098, 118, 'Osh', NULL, NULL, 1),
(2099, 118, 'Talas', NULL, NULL, 1),
(2100, 119, 'Attopu', NULL, NULL, 1),
(2101, 119, 'Bokeo', NULL, NULL, 1),
(2102, 119, 'Bolikhamsay', NULL, NULL, 1),
(2103, 119, 'Champasak', NULL, NULL, 1),
(2104, 119, 'Houaphanh', NULL, NULL, 1),
(2105, 119, 'Khammouane', NULL, NULL, 1),
(2106, 119, 'Luang Nam Tha', NULL, NULL, 1),
(2107, 119, 'Luang Prabang', NULL, NULL, 1),
(2108, 119, 'Oudomxay', NULL, NULL, 1),
(2109, 119, 'Phongsaly', NULL, NULL, 1),
(2110, 119, 'Saravan', NULL, NULL, 1),
(2111, 119, 'Savannakhet', NULL, NULL, 1),
(2112, 119, 'Sekong', NULL, NULL, 1),
(2113, 119, 'Viangchan Prefecture', NULL, NULL, 1),
(2114, 119, 'Viangchan Province', NULL, NULL, 1),
(2115, 119, 'Xaignabury', NULL, NULL, 1),
(2116, 119, 'Xiang Khuang', NULL, NULL, 1),
(2117, 120, 'Aizkraukles', NULL, NULL, 1),
(2118, 120, 'Aluksnes', NULL, NULL, 1),
(2119, 120, 'Balvu', NULL, NULL, 1),
(2120, 120, 'Bauskas', NULL, NULL, 1),
(2121, 120, 'Cesu', NULL, NULL, 1),
(2122, 120, 'Daugavpils', NULL, NULL, 1),
(2123, 120, 'Daugavpils City', NULL, NULL, 1),
(2124, 120, 'Dobeles', NULL, NULL, 1),
(2125, 120, 'Gulbenes', NULL, NULL, 1),
(2126, 120, 'Jekabspils', NULL, NULL, 1),
(2127, 120, 'Jelgava', NULL, NULL, 1),
(2128, 120, 'Jelgavas', NULL, NULL, 1),
(2129, 120, 'Jurmala City', NULL, NULL, 1),
(2130, 120, 'Kraslavas', NULL, NULL, 1),
(2131, 120, 'Kuldigas', NULL, NULL, 1),
(2132, 120, 'Liepaja', NULL, NULL, 1),
(2133, 120, 'Liepajas', NULL, NULL, 1),
(2134, 120, 'Limbazhu', NULL, NULL, 1),
(2135, 120, 'Ludzas', NULL, NULL, 1),
(2136, 120, 'Madonas', NULL, NULL, 1),
(2137, 120, 'Ogres', NULL, NULL, 1),
(2138, 120, 'Preilu', NULL, NULL, 1),
(2139, 120, 'Rezekne', NULL, NULL, 1),
(2140, 120, 'Rezeknes', NULL, NULL, 1),
(2141, 120, 'Riga', NULL, NULL, 1),
(2142, 120, 'Rigas', NULL, NULL, 1),
(2143, 120, 'Saldus', NULL, NULL, 1),
(2144, 120, 'Talsu', NULL, NULL, 1),
(2145, 120, 'Tukuma', NULL, NULL, 1),
(2146, 120, 'Valkas', NULL, NULL, 1),
(2147, 120, 'Valmieras', NULL, NULL, 1),
(2148, 120, 'Ventspils', NULL, NULL, 1),
(2149, 120, 'Ventspils City', NULL, NULL, 1),
(2150, 121, 'Beirut', NULL, NULL, 1),
(2151, 121, 'Jabal Lubnan', NULL, NULL, 1),
(2152, 121, 'Mohafazat Liban-Nord', NULL, NULL, 1),
(2153, 121, 'Mohafazat Mont-Liban', NULL, NULL, 1),
(2154, 121, 'Sidon', NULL, NULL, 1),
(2155, 121, 'al-Biqa', NULL, NULL, 1),
(2156, 121, 'al-Janub', NULL, NULL, 1),
(2157, 121, 'an-Nabatiyah', NULL, NULL, 1),
(2158, 121, 'ash-Shamal', NULL, NULL, 1),
(2159, 122, 'Berea', NULL, NULL, 1),
(2160, 122, 'Butha-Buthe', NULL, NULL, 1),
(2161, 122, 'Leribe', NULL, NULL, 1),
(2162, 122, 'Mafeteng', NULL, NULL, 1),
(2163, 122, 'Maseru', NULL, NULL, 1),
(2164, 122, 'Mohale\'s Hoek', NULL, NULL, 1),
(2165, 122, 'Mokhotlong', NULL, NULL, 1),
(2166, 122, 'Qacha\'s Nek', NULL, NULL, 1),
(2167, 122, 'Quthing', NULL, NULL, 1),
(2168, 122, 'Thaba-Tseka', NULL, NULL, 1),
(2169, 123, 'Bomi', NULL, NULL, 1),
(2170, 123, 'Bong', NULL, NULL, 1),
(2171, 123, 'Grand Bassa', NULL, NULL, 1),
(2172, 123, 'Grand Cape Mount', NULL, NULL, 1),
(2173, 123, 'Grand Gedeh', NULL, NULL, 1),
(2174, 123, 'Loffa', NULL, NULL, 1),
(2175, 123, 'Margibi', NULL, NULL, 1),
(2176, 123, 'Maryland and Grand Kru', NULL, NULL, 1),
(2177, 123, 'Montserrado', NULL, NULL, 1),
(2178, 123, 'Nimba', NULL, NULL, 1),
(2179, 123, 'Rivercess', NULL, NULL, 1),
(2180, 123, 'Sinoe', NULL, NULL, 1),
(2181, 124, 'Ajdabiya', NULL, NULL, 1),
(2182, 124, 'Fezzan', NULL, NULL, 1),
(2183, 124, 'Banghazi', NULL, NULL, 1),
(2184, 124, 'Darnah', NULL, NULL, 1),
(2185, 124, 'Ghadamis', NULL, NULL, 1),
(2186, 124, 'Gharyan', NULL, NULL, 1),
(2187, 124, 'Misratah', NULL, NULL, 1),
(2188, 124, 'Murzuq', NULL, NULL, 1),
(2189, 124, 'Sabha', NULL, NULL, 1),
(2190, 124, 'Sawfajjin', NULL, NULL, 1),
(2191, 124, 'Surt', NULL, NULL, 1),
(2192, 124, 'Tarabulus', NULL, NULL, 1),
(2193, 124, 'Tarhunah', NULL, NULL, 1),
(2194, 124, 'Tripolitania', NULL, NULL, 1),
(2195, 124, 'Tubruq', NULL, NULL, 1),
(2196, 124, 'Yafran', NULL, NULL, 1),
(2197, 124, 'Zlitan', NULL, NULL, 1),
(2198, 124, 'al-\'Aziziyah', NULL, NULL, 1),
(2199, 124, 'al-Fatih', NULL, NULL, 1),
(2200, 124, 'al-Jabal al Akhdar', NULL, NULL, 1),
(2201, 124, 'al-Jufrah', NULL, NULL, 1),
(2202, 124, 'al-Khums', NULL, NULL, 1),
(2203, 124, 'al-Kufrah', NULL, NULL, 1),
(2204, 124, 'an-Nuqat al-Khams', NULL, NULL, 1),
(2205, 124, 'ash-Shati\'', NULL, NULL, 1),
(2206, 124, 'az-Zawiyah', NULL, NULL, 1),
(2207, 125, 'Balzers', NULL, NULL, 1),
(2208, 125, 'Eschen', NULL, NULL, 1),
(2209, 125, 'Gamprin', NULL, NULL, 1),
(2210, 125, 'Mauren', NULL, NULL, 1),
(2211, 125, 'Planken', NULL, NULL, 1),
(2212, 125, 'Ruggell', NULL, NULL, 1),
(2213, 125, 'Schaan', NULL, NULL, 1),
(2214, 125, 'Schellenberg', NULL, NULL, 1),
(2215, 125, 'Triesen', NULL, NULL, 1),
(2216, 125, 'Triesenberg', NULL, NULL, 1),
(2217, 125, 'Vaduz', NULL, NULL, 1),
(2218, 126, 'Alytaus', NULL, NULL, 1),
(2219, 126, 'Anyksciai', NULL, NULL, 1),
(2220, 126, 'Kauno', NULL, NULL, 1),
(2221, 126, 'Klaipedos', NULL, NULL, 1),
(2222, 126, 'Marijampoles', NULL, NULL, 1),
(2223, 126, 'Panevezhio', NULL, NULL, 1),
(2224, 126, 'Panevezys', NULL, NULL, 1),
(2225, 126, 'Shiauliu', NULL, NULL, 1),
(2226, 126, 'Taurages', NULL, NULL, 1),
(2227, 126, 'Telshiu', NULL, NULL, 1),
(2228, 126, 'Telsiai', NULL, NULL, 1),
(2229, 126, 'Utenos', NULL, NULL, 1),
(2230, 126, 'Vilniaus', NULL, NULL, 1),
(2231, 127, 'Capellen', NULL, NULL, 1),
(2232, 127, 'Clervaux', NULL, NULL, 1),
(2233, 127, 'Diekirch', NULL, NULL, 1),
(2234, 127, 'Echternach', NULL, NULL, 1),
(2235, 127, 'Esch-sur-Alzette', NULL, NULL, 1),
(2236, 127, 'Grevenmacher', NULL, NULL, 1),
(2237, 127, 'Luxembourg', NULL, NULL, 1),
(2238, 127, 'Mersch', NULL, NULL, 1),
(2239, 127, 'Redange', NULL, NULL, 1),
(2240, 127, 'Remich', NULL, NULL, 1),
(2241, 127, 'Vianden', NULL, NULL, 1),
(2242, 127, 'Wiltz', NULL, NULL, 1),
(2243, 128, 'Macau', NULL, NULL, 1),
(2244, 129, 'Berovo', NULL, NULL, 1),
(2245, 129, 'Bitola', NULL, NULL, 1),
(2246, 129, 'Brod', NULL, NULL, 1),
(2247, 129, 'Debar', NULL, NULL, 1),
(2248, 129, 'Delchevo', NULL, NULL, 1),
(2249, 129, 'Demir Hisar', NULL, NULL, 1),
(2250, 129, 'Gevgelija', NULL, NULL, 1),
(2251, 129, 'Gostivar', NULL, NULL, 1),
(2252, 129, 'Kavadarci', NULL, NULL, 1),
(2253, 129, 'Kichevo', NULL, NULL, 1),
(2254, 129, 'Kochani', NULL, NULL, 1),
(2255, 129, 'Kratovo', NULL, NULL, 1),
(2256, 129, 'Kriva Palanka', NULL, NULL, 1),
(2257, 129, 'Krushevo', NULL, NULL, 1),
(2258, 129, 'Kumanovo', NULL, NULL, 1),
(2259, 129, 'Negotino', NULL, NULL, 1),
(2260, 129, 'Ohrid', NULL, NULL, 1),
(2261, 129, 'Prilep', NULL, NULL, 1),
(2262, 129, 'Probishtip', NULL, NULL, 1),
(2263, 129, 'Radovish', NULL, NULL, 1),
(2264, 129, 'Resen', NULL, NULL, 1),
(2265, 129, 'Shtip', NULL, NULL, 1),
(2266, 129, 'Skopje', NULL, NULL, 1),
(2267, 129, 'Struga', NULL, NULL, 1),
(2268, 129, 'Strumica', NULL, NULL, 1),
(2269, 129, 'Sveti Nikole', NULL, NULL, 1),
(2270, 129, 'Tetovo', NULL, NULL, 1),
(2271, 129, 'Valandovo', NULL, NULL, 1),
(2272, 129, 'Veles', NULL, NULL, 1),
(2273, 129, 'Vinica', NULL, NULL, 1),
(2274, 130, 'Antananarivo', NULL, NULL, 1),
(2275, 130, 'Antsiranana', NULL, NULL, 1),
(2276, 130, 'Fianarantsoa', NULL, NULL, 1),
(2277, 130, 'Mahajanga', NULL, NULL, 1),
(2278, 130, 'Toamasina', NULL, NULL, 1),
(2279, 130, 'Toliary', NULL, NULL, 1),
(2280, 131, 'Balaka', NULL, NULL, 1),
(2281, 131, 'Blantyre City', NULL, NULL, 1),
(2282, 131, 'Chikwawa', NULL, NULL, 1),
(2283, 131, 'Chiradzulu', NULL, NULL, 1),
(2284, 131, 'Chitipa', NULL, NULL, 1),
(2285, 131, 'Dedza', NULL, NULL, 1),
(2286, 131, 'Dowa', NULL, NULL, 1),
(2287, 131, 'Karonga', NULL, NULL, 1),
(2288, 131, 'Kasungu', NULL, NULL, 1),
(2289, 131, 'Lilongwe City', NULL, NULL, 1),
(2290, 131, 'Machinga', NULL, NULL, 1),
(2291, 131, 'Mangochi', NULL, NULL, 1),
(2292, 131, 'Mchinji', NULL, NULL, 1),
(2293, 131, 'Mulanje', NULL, NULL, 1),
(2294, 131, 'Mwanza', NULL, NULL, 1),
(2295, 131, 'Mzimba', NULL, NULL, 1),
(2296, 131, 'Mzuzu City', NULL, NULL, 1),
(2297, 131, 'Nkhata Bay', NULL, NULL, 1),
(2298, 131, 'Nkhotakota', NULL, NULL, 1),
(2299, 131, 'Nsanje', NULL, NULL, 1),
(2300, 131, 'Ntcheu', NULL, NULL, 1),
(2301, 131, 'Ntchisi', NULL, NULL, 1),
(2302, 131, 'Phalombe', NULL, NULL, 1),
(2303, 131, 'Rumphi', NULL, NULL, 1),
(2304, 131, 'Salima', NULL, NULL, 1),
(2305, 131, 'Thyolo', NULL, NULL, 1),
(2306, 131, 'Zomba Municipality', NULL, NULL, 1),
(2307, 132, 'Johor', NULL, NULL, 1),
(2308, 132, 'Kedah', NULL, NULL, 1),
(2309, 132, 'Kelantan', NULL, NULL, 1),
(2310, 132, 'Kuala Lumpur', NULL, NULL, 1),
(2311, 132, 'Labuan', NULL, NULL, 1),
(2312, 132, 'Melaka', NULL, NULL, 1),
(2313, 132, 'Negeri Johor', NULL, NULL, 1),
(2314, 132, 'Negeri Sembilan', NULL, NULL, 1),
(2315, 132, 'Pahang', NULL, NULL, 1),
(2316, 132, 'Penang', NULL, NULL, 1),
(2317, 132, 'Perak', NULL, NULL, 1),
(2318, 132, 'Perlis', NULL, NULL, 1),
(2319, 132, 'Pulau Pinang', NULL, NULL, 1),
(2320, 132, 'Sabah', NULL, NULL, 1),
(2321, 132, 'Sarawak', NULL, NULL, 1),
(2322, 132, 'Selangor', NULL, NULL, 1),
(2323, 132, 'Sembilan', NULL, NULL, 1),
(2324, 132, 'Terengganu', NULL, NULL, 1),
(2325, 133, 'Alif Alif', NULL, NULL, 1),
(2326, 133, 'Alif Dhaal', NULL, NULL, 1),
(2327, 133, 'Baa', NULL, NULL, 1),
(2328, 133, 'Dhaal', NULL, NULL, 1),
(2329, 133, 'Faaf', NULL, NULL, 1),
(2330, 133, 'Gaaf Alif', NULL, NULL, 1),
(2331, 133, 'Gaaf Dhaal', NULL, NULL, 1),
(2332, 133, 'Ghaviyani', NULL, NULL, 1),
(2333, 133, 'Haa Alif', NULL, NULL, 1),
(2334, 133, 'Haa Dhaal', NULL, NULL, 1),
(2335, 133, 'Kaaf', NULL, NULL, 1),
(2336, 133, 'Laam', NULL, NULL, 1),
(2337, 133, 'Lhaviyani', NULL, NULL, 1),
(2338, 133, 'Male', NULL, NULL, 1),
(2339, 133, 'Miim', NULL, NULL, 1),
(2340, 133, 'Nuun', NULL, NULL, 1),
(2341, 133, 'Raa', NULL, NULL, 1),
(2342, 133, 'Shaviyani', NULL, NULL, 1),
(2343, 133, 'Siin', NULL, NULL, 1),
(2344, 133, 'Thaa', NULL, NULL, 1),
(2345, 133, 'Vaav', NULL, NULL, 1),
(2346, 134, 'Bamako', NULL, NULL, 1),
(2347, 134, 'Gao', NULL, NULL, 1),
(2348, 134, 'Kayes', NULL, NULL, 1),
(2349, 134, 'Kidal', NULL, NULL, 1),
(2350, 134, 'Koulikoro', NULL, NULL, 1),
(2351, 134, 'Mopti', NULL, NULL, 1),
(2352, 134, 'Segou', NULL, NULL, 1),
(2353, 134, 'Sikasso', NULL, NULL, 1),
(2354, 134, 'Tombouctou', NULL, NULL, 1),
(2355, 135, 'Gozo and Comino', NULL, NULL, 1),
(2356, 135, 'Inner Harbour', NULL, NULL, 1),
(2357, 135, 'Northern', NULL, NULL, 1),
(2358, 135, 'Outer Harbour', NULL, NULL, 1),
(2359, 135, 'South Eastern', NULL, NULL, 1),
(2360, 135, 'Valletta', NULL, NULL, 1),
(2361, 135, 'Western', NULL, NULL, 1),
(2362, 136, 'Castletown', NULL, NULL, 1),
(2363, 136, 'Douglas', NULL, NULL, 1),
(2364, 136, 'Laxey', NULL, NULL, 1),
(2365, 136, 'Onchan', NULL, NULL, 1),
(2366, 136, 'Peel', NULL, NULL, 1),
(2367, 136, 'Port Erin', NULL, NULL, 1),
(2368, 136, 'Port Saint Mary', NULL, NULL, 1),
(2369, 136, 'Ramsey', NULL, NULL, 1),
(2370, 137, 'Ailinlaplap', NULL, NULL, 1),
(2371, 137, 'Ailuk', NULL, NULL, 1),
(2372, 137, 'Arno', NULL, NULL, 1),
(2373, 137, 'Aur', NULL, NULL, 1),
(2374, 137, 'Bikini', NULL, NULL, 1),
(2375, 137, 'Ebon', NULL, NULL, 1),
(2376, 137, 'Enewetak', NULL, NULL, 1),
(2377, 137, 'Jabat', NULL, NULL, 1),
(2378, 137, 'Jaluit', NULL, NULL, 1),
(2379, 137, 'Kili', NULL, NULL, 1),
(2380, 137, 'Kwajalein', NULL, NULL, 1),
(2381, 137, 'Lae', NULL, NULL, 1),
(2382, 137, 'Lib', NULL, NULL, 1),
(2383, 137, 'Likiep', NULL, NULL, 1),
(2384, 137, 'Majuro', NULL, NULL, 1),
(2385, 137, 'Maloelap', NULL, NULL, 1),
(2386, 137, 'Mejit', NULL, NULL, 1),
(2387, 137, 'Mili', NULL, NULL, 1),
(2388, 137, 'Namorik', NULL, NULL, 1),
(2389, 137, 'Namu', NULL, NULL, 1),
(2390, 137, 'Rongelap', NULL, NULL, 1),
(2391, 137, 'Ujae', NULL, NULL, 1),
(2392, 137, 'Utrik', NULL, NULL, 1),
(2393, 137, 'Wotho', NULL, NULL, 1),
(2394, 137, 'Wotje', NULL, NULL, 1),
(2395, 138, 'Fort-de-France', NULL, NULL, 1),
(2396, 138, 'La Trinite', NULL, NULL, 1),
(2397, 138, 'Le Marin', NULL, NULL, 1),
(2398, 138, 'Saint-Pierre', NULL, NULL, 1),
(2399, 139, 'Adrar', NULL, NULL, 1),
(2400, 139, 'Assaba', NULL, NULL, 1),
(2401, 139, 'Brakna', NULL, NULL, 1),
(2402, 139, 'Dhakhlat Nawadibu', NULL, NULL, 1),
(2403, 139, 'Hudh-al-Gharbi', NULL, NULL, 1),
(2404, 139, 'Hudh-ash-Sharqi', NULL, NULL, 1),
(2405, 139, 'Inshiri', NULL, NULL, 1),
(2406, 139, 'Nawakshut', NULL, NULL, 1),
(2407, 139, 'Qidimagha', NULL, NULL, 1),
(2408, 139, 'Qurqul', NULL, NULL, 1),
(2409, 139, 'Taqant', NULL, NULL, 1),
(2410, 139, 'Tiris Zammur', NULL, NULL, 1),
(2411, 139, 'Trarza', NULL, NULL, 1),
(2412, 140, 'Black River', NULL, NULL, 1),
(2413, 140, 'Eau Coulee', NULL, NULL, 1),
(2414, 140, 'Flacq', NULL, NULL, 1),
(2415, 140, 'Floreal', NULL, NULL, 1),
(2416, 140, 'Grand Port', NULL, NULL, 1),
(2417, 140, 'Moka', NULL, NULL, 1),
(2418, 140, 'Pamplempousses', NULL, NULL, 1),
(2419, 140, 'Plaines Wilhelm', NULL, NULL, 1),
(2420, 140, 'Port Louis', NULL, NULL, 1),
(2421, 140, 'Riviere du Rempart', NULL, NULL, 1),
(2422, 140, 'Rodrigues', NULL, NULL, 1),
(2423, 140, 'Rose Hill', NULL, NULL, 1),
(2424, 140, 'Savanne', NULL, NULL, 1),
(2425, 141, 'Mayotte', NULL, NULL, 1),
(2426, 141, 'Pamanzi', NULL, NULL, 1),
(2427, 142, 'Aguascalientes', NULL, NULL, 1),
(2428, 142, 'Baja California', NULL, NULL, 1),
(2429, 142, 'Baja California Sur', NULL, NULL, 1),
(2430, 142, 'Campeche', NULL, NULL, 1),
(2431, 142, 'Chiapas', NULL, NULL, 1),
(2432, 142, 'Chihuahua', NULL, NULL, 1),
(2433, 142, 'Coahuila', NULL, NULL, 1),
(2434, 142, 'Colima', NULL, NULL, 1),
(2435, 142, 'Distrito Federal', NULL, NULL, 1),
(2436, 142, 'Durango', NULL, NULL, 1),
(2437, 142, 'Estado de Mexico', NULL, NULL, 1),
(2438, 142, 'Guanajuato', NULL, NULL, 1),
(2439, 142, 'Guerrero', NULL, NULL, 1),
(2440, 142, 'Hidalgo', NULL, NULL, 1),
(2441, 142, 'Jalisco', NULL, NULL, 1),
(2442, 142, 'Mexico', NULL, NULL, 1),
(2443, 142, 'Michoacan', NULL, NULL, 1),
(2444, 142, 'Morelos', NULL, NULL, 1),
(2445, 142, 'Nayarit', NULL, NULL, 1),
(2446, 142, 'Nuevo Leon', NULL, NULL, 1),
(2447, 142, 'Oaxaca', NULL, NULL, 1),
(2448, 142, 'Puebla', NULL, NULL, 1),
(2449, 142, 'Queretaro', NULL, NULL, 1),
(2450, 142, 'Quintana Roo', NULL, NULL, 1),
(2451, 142, 'San Luis Potosi', NULL, NULL, 1),
(2452, 142, 'Sinaloa', NULL, NULL, 1),
(2453, 142, 'Sonora', NULL, NULL, 1),
(2454, 142, 'Tabasco', NULL, NULL, 1),
(2455, 142, 'Tamaulipas', NULL, NULL, 1),
(2456, 142, 'Tlaxcala', NULL, NULL, 1),
(2457, 142, 'Veracruz', NULL, NULL, 1),
(2458, 142, 'Yucatan', NULL, NULL, 1),
(2459, 142, 'Zacatecas', NULL, NULL, 1),
(2460, 143, 'Chuuk', NULL, NULL, 1),
(2461, 143, 'Kusaie', NULL, NULL, 1),
(2462, 143, 'Pohnpei', NULL, NULL, 1),
(2463, 143, 'Yap', NULL, NULL, 1),
(2464, 144, 'Balti', NULL, NULL, 1),
(2465, 144, 'Cahul', NULL, NULL, 1),
(2466, 144, 'Chisinau', NULL, NULL, 1),
(2467, 144, 'Chisinau Oras', NULL, NULL, 1),
(2468, 144, 'Edinet', NULL, NULL, 1),
(2469, 144, 'Gagauzia', NULL, NULL, 1),
(2470, 144, 'Lapusna', NULL, NULL, 1),
(2471, 144, 'Orhei', NULL, NULL, 1),
(2472, 144, 'Soroca', NULL, NULL, 1),
(2473, 144, 'Taraclia', NULL, NULL, 1),
(2474, 144, 'Tighina', NULL, NULL, 1),
(2475, 144, 'Transnistria', NULL, NULL, 1),
(2476, 144, 'Ungheni', NULL, NULL, 1),
(2477, 145, 'Fontvieille', NULL, NULL, 1),
(2478, 145, 'La Condamine', NULL, NULL, 1),
(2479, 145, 'Monaco-Ville', NULL, NULL, 1),
(2480, 145, 'Monte Carlo', NULL, NULL, 1),
(2481, 146, 'Arhangaj', NULL, NULL, 1),
(2482, 146, 'Bajan-Olgij', NULL, NULL, 1),
(2483, 146, 'Bajanhongor', NULL, NULL, 1),
(2484, 146, 'Bulgan', NULL, NULL, 1),
(2485, 146, 'Darhan-Uul', NULL, NULL, 1),
(2486, 146, 'Dornod', NULL, NULL, 1),
(2487, 146, 'Dornogovi', NULL, NULL, 1),
(2488, 146, 'Dundgovi', NULL, NULL, 1),
(2489, 146, 'Govi-Altaj', NULL, NULL, 1),
(2490, 146, 'Govisumber', NULL, NULL, 1),
(2491, 146, 'Hentij', NULL, NULL, 1),
(2492, 146, 'Hovd', NULL, NULL, 1),
(2493, 146, 'Hovsgol', NULL, NULL, 1),
(2494, 146, 'Omnogovi', NULL, NULL, 1),
(2495, 146, 'Orhon', NULL, NULL, 1),
(2496, 146, 'Ovorhangaj', NULL, NULL, 1),
(2497, 146, 'Selenge', NULL, NULL, 1),
(2498, 146, 'Suhbaatar', NULL, NULL, 1),
(2499, 146, 'Tov', NULL, NULL, 1),
(2500, 146, 'Ulaanbaatar', NULL, NULL, 1),
(2501, 146, 'Uvs', NULL, NULL, 1),
(2502, 146, 'Zavhan', NULL, NULL, 1),
(2503, 147, 'Montserrat', NULL, NULL, 1),
(2504, 148, 'Agadir', NULL, NULL, 1),
(2505, 148, 'Casablanca', NULL, NULL, 1),
(2506, 148, 'Chaouia-Ouardigha', NULL, NULL, 1),
(2507, 148, 'Doukkala-Abda', NULL, NULL, 1),
(2508, 148, 'Fes-Boulemane', NULL, NULL, 1),
(2509, 148, 'Gharb-Chrarda-Beni Hssen', NULL, NULL, 1),
(2510, 148, 'Guelmim', NULL, NULL, 1),
(2511, 148, 'Kenitra', NULL, NULL, 1),
(2512, 148, 'Marrakech-Tensift-Al Haouz', NULL, NULL, 1),
(2513, 148, 'Meknes-Tafilalet', NULL, NULL, 1),
(2514, 148, 'Oriental', NULL, NULL, 1),
(2515, 148, 'Oujda', NULL, NULL, 1),
(2516, 148, 'Province de Tanger', NULL, NULL, 1),
(2517, 148, 'Rabat-Sale-Zammour-Zaer', NULL, NULL, 1),
(2518, 148, 'Sala Al Jadida', NULL, NULL, 1),
(2519, 148, 'Settat', NULL, NULL, 1),
(2520, 148, 'Souss Massa-Draa', NULL, NULL, 1),
(2521, 148, 'Tadla-Azilal', NULL, NULL, 1),
(2522, 148, 'Tangier-Tetouan', NULL, NULL, 1),
(2523, 148, 'Taza-Al Hoceima-Taounate', NULL, NULL, 1),
(2524, 148, 'Wilaya de Casablanca', NULL, NULL, 1),
(2525, 148, 'Wilaya de Rabat-Sale', NULL, NULL, 1),
(2526, 149, 'Cabo Delgado', NULL, NULL, 1),
(2527, 149, 'Gaza', NULL, NULL, 1),
(2528, 149, 'Inhambane', NULL, NULL, 1),
(2529, 149, 'Manica', NULL, NULL, 1),
(2530, 149, 'Maputo', NULL, NULL, 1),
(2531, 149, 'Maputo Provincia', NULL, NULL, 1),
(2532, 149, 'Nampula', NULL, NULL, 1),
(2533, 149, 'Niassa', NULL, NULL, 1),
(2534, 149, 'Sofala', NULL, NULL, 1),
(2535, 149, 'Tete', NULL, NULL, 1),
(2536, 149, 'Zambezia', NULL, NULL, 1),
(2537, 150, 'Ayeyarwady', NULL, NULL, 1),
(2538, 150, 'Bago', NULL, NULL, 1),
(2539, 150, 'Chin', NULL, NULL, 1),
(2540, 150, 'Kachin', NULL, NULL, 1),
(2541, 150, 'Kayah', NULL, NULL, 1),
(2542, 150, 'Kayin', NULL, NULL, 1),
(2543, 150, 'Magway', NULL, NULL, 1),
(2544, 150, 'Mandalay', NULL, NULL, 1),
(2545, 150, 'Mon', NULL, NULL, 1),
(2546, 150, 'Nay Pyi Taw', NULL, NULL, 1),
(2547, 150, 'Rakhine', NULL, NULL, 1),
(2548, 150, 'Sagaing', NULL, NULL, 1),
(2549, 150, 'Shan', NULL, NULL, 1),
(2550, 150, 'Tanintharyi', NULL, NULL, 1),
(2551, 150, 'Yangon', NULL, NULL, 1),
(2552, 151, 'Caprivi', NULL, NULL, 1),
(2553, 151, 'Erongo', NULL, NULL, 1),
(2554, 151, 'Hardap', NULL, NULL, 1),
(2555, 151, 'Karas', NULL, NULL, 1),
(2556, 151, 'Kavango', NULL, NULL, 1),
(2557, 151, 'Khomas', NULL, NULL, 1),
(2558, 151, 'Kunene', NULL, NULL, 1),
(2559, 151, 'Ohangwena', NULL, NULL, 1),
(2560, 151, 'Omaheke', NULL, NULL, 1),
(2561, 151, 'Omusati', NULL, NULL, 1),
(2562, 151, 'Oshana', NULL, NULL, 1),
(2563, 151, 'Oshikoto', NULL, NULL, 1),
(2564, 151, 'Otjozondjupa', NULL, NULL, 1),
(2565, 152, 'Yaren', NULL, NULL, 1),
(2566, 153, 'Bagmati', NULL, NULL, 1),
(2567, 153, 'Bheri', NULL, NULL, 1),
(2568, 153, 'Dhawalagiri', NULL, NULL, 1),
(2569, 153, 'Gandaki', NULL, NULL, 1),
(2570, 153, 'Janakpur', NULL, NULL, 1),
(2571, 153, 'Karnali', NULL, NULL, 1),
(2572, 153, 'Koshi', NULL, NULL, 1),
(2573, 153, 'Lumbini', NULL, NULL, 1),
(2574, 153, 'Mahakali', NULL, NULL, 1),
(2575, 153, 'Mechi', NULL, NULL, 1),
(2576, 153, 'Narayani', NULL, NULL, 1),
(2577, 153, 'Rapti', NULL, NULL, 1),
(2578, 153, 'Sagarmatha', NULL, NULL, 1),
(2579, 153, 'Seti', NULL, NULL, 1),
(2580, 154, 'Bonaire', NULL, NULL, 1),
(2581, 154, 'Curacao', NULL, NULL, 1),
(2582, 154, 'Saba', NULL, NULL, 1),
(2583, 154, 'Sint Eustatius', NULL, NULL, 1),
(2584, 154, 'Sint Maarten', NULL, NULL, 1),
(2585, 155, 'Amsterdam', NULL, NULL, 1),
(2586, 155, 'Benelux', NULL, NULL, 1),
(2587, 155, 'Drenthe', NULL, NULL, 1),
(2588, 155, 'Flevoland', NULL, NULL, 1),
(2589, 155, 'Friesland', NULL, NULL, 1),
(2590, 155, 'Gelderland', NULL, NULL, 1),
(2591, 155, 'Groningen', NULL, NULL, 1),
(2592, 155, 'Limburg', NULL, NULL, 1),
(2593, 155, 'Noord-Brabant', NULL, NULL, 1),
(2594, 155, 'Noord-Holland', NULL, NULL, 1),
(2595, 155, 'Overijssel', NULL, NULL, 1),
(2596, 155, 'South Holland', NULL, NULL, 1),
(2597, 155, 'Utrecht', NULL, NULL, 1),
(2598, 155, 'Zeeland', NULL, NULL, 1),
(2599, 155, 'Zuid-Holland', NULL, NULL, 1),
(2600, 156, 'Iles', NULL, NULL, 1),
(2601, 156, 'Nord', NULL, NULL, 1),
(2602, 156, 'Sud', NULL, NULL, 1),
(2603, 157, 'Area Outside Region', NULL, NULL, 1),
(2604, 157, 'Auckland', NULL, NULL, 1),
(2605, 157, 'Bay of Plenty', NULL, NULL, 1),
(2606, 157, 'Canterbury', NULL, NULL, 1),
(2607, 157, 'Christchurch', NULL, NULL, 1),
(2608, 157, 'Gisborne', NULL, NULL, 1),
(2609, 157, 'Hawke\'s Bay', NULL, NULL, 1),
(2610, 157, 'Manawatu-Wanganui', NULL, NULL, 1),
(2611, 157, 'Marlborough', NULL, NULL, 1),
(2612, 157, 'Nelson', NULL, NULL, 1),
(2613, 157, 'Northland', NULL, NULL, 1),
(2614, 157, 'Otago', NULL, NULL, 1),
(2615, 157, 'Rodney', NULL, NULL, 1),
(2616, 157, 'Southland', NULL, NULL, 1),
(2617, 157, 'Taranaki', NULL, NULL, 1),
(2618, 157, 'Tasman', NULL, NULL, 1),
(2619, 157, 'Waikato', NULL, NULL, 1),
(2620, 157, 'Wellington', NULL, NULL, 1),
(2621, 157, 'West Coast', NULL, NULL, 1),
(2622, 158, 'Atlantico Norte', NULL, NULL, 1),
(2623, 158, 'Atlantico Sur', NULL, NULL, 1),
(2624, 158, 'Boaco', NULL, NULL, 1),
(2625, 158, 'Carazo', NULL, NULL, 1),
(2626, 158, 'Chinandega', NULL, NULL, 1),
(2627, 158, 'Chontales', NULL, NULL, 1),
(2628, 158, 'Esteli', NULL, NULL, 1),
(2629, 158, 'Granada', NULL, NULL, 1),
(2630, 158, 'Jinotega', NULL, NULL, 1),
(2631, 158, 'Leon', NULL, NULL, 1),
(2632, 158, 'Madriz', NULL, NULL, 1),
(2633, 158, 'Managua', NULL, NULL, 1),
(2634, 158, 'Masaya', NULL, NULL, 1),
(2635, 158, 'Matagalpa', NULL, NULL, 1),
(2636, 158, 'Nueva Segovia', NULL, NULL, 1),
(2637, 158, 'Rio San Juan', NULL, NULL, 1),
(2638, 158, 'Rivas', NULL, NULL, 1),
(2639, 159, 'Agadez', NULL, NULL, 1);
INSERT INTO `sys_cities` (`id`, `country_id`, `title`, `plaque`, `area_code`, `status`) VALUES
(2640, 159, 'Diffa', NULL, NULL, 1),
(2641, 159, 'Dosso', NULL, NULL, 1),
(2642, 159, 'Maradi', NULL, NULL, 1),
(2643, 159, 'Niamey', NULL, NULL, 1),
(2644, 159, 'Tahoua', NULL, NULL, 1),
(2645, 159, 'Tillabery', NULL, NULL, 1),
(2646, 159, 'Zinder', NULL, NULL, 1),
(2647, 160, 'Abia', NULL, NULL, 1),
(2648, 160, 'Abuja Federal Capital Territor', NULL, NULL, 1),
(2649, 160, 'Adamawa', NULL, NULL, 1),
(2650, 160, 'Akwa Ibom', NULL, NULL, 1),
(2651, 160, 'Anambra', NULL, NULL, 1),
(2652, 160, 'Bauchi', NULL, NULL, 1),
(2653, 160, 'Bayelsa', NULL, NULL, 1),
(2654, 160, 'Benue', NULL, NULL, 1),
(2655, 160, 'Borno', NULL, NULL, 1),
(2656, 160, 'Cross River', NULL, NULL, 1),
(2657, 160, 'Delta', NULL, NULL, 1),
(2658, 160, 'Ebonyi', NULL, NULL, 1),
(2659, 160, 'Edo', NULL, NULL, 1),
(2660, 160, 'Ekiti', NULL, NULL, 1),
(2661, 160, 'Enugu', NULL, NULL, 1),
(2662, 160, 'Gombe', NULL, NULL, 1),
(2663, 160, 'Imo', NULL, NULL, 1),
(2664, 160, 'Jigawa', NULL, NULL, 1),
(2665, 160, 'Kaduna', NULL, NULL, 1),
(2666, 160, 'Kano', NULL, NULL, 1),
(2667, 160, 'Katsina', NULL, NULL, 1),
(2668, 160, 'Kebbi', NULL, NULL, 1),
(2669, 160, 'Kogi', NULL, NULL, 1),
(2670, 160, 'Kwara', NULL, NULL, 1),
(2671, 160, 'Lagos', NULL, NULL, 1),
(2672, 160, 'Nassarawa', NULL, NULL, 1),
(2673, 160, 'Niger', NULL, NULL, 1),
(2674, 160, 'Ogun', NULL, NULL, 1),
(2675, 160, 'Ondo', NULL, NULL, 1),
(2676, 160, 'Osun', NULL, NULL, 1),
(2677, 160, 'Oyo', NULL, NULL, 1),
(2678, 160, 'Plateau', NULL, NULL, 1),
(2679, 160, 'Rivers', NULL, NULL, 1),
(2680, 160, 'Sokoto', NULL, NULL, 1),
(2681, 160, 'Taraba', NULL, NULL, 1),
(2682, 160, 'Yobe', NULL, NULL, 1),
(2683, 160, 'Zamfara', NULL, NULL, 1),
(2684, 161, 'Niue', NULL, NULL, 1),
(2685, 162, 'Norfolk Island', NULL, NULL, 1),
(2686, 163, 'Northern Islands', NULL, NULL, 1),
(2687, 163, 'Rota', NULL, NULL, 1),
(2688, 163, 'Saipan', NULL, NULL, 1),
(2689, 163, 'Tinian', NULL, NULL, 1),
(2690, 164, 'Akershus', NULL, NULL, 1),
(2691, 164, 'Aust Agder', NULL, NULL, 1),
(2692, 164, 'Bergen', NULL, NULL, 1),
(2693, 164, 'Buskerud', NULL, NULL, 1),
(2694, 164, 'Finnmark', NULL, NULL, 1),
(2695, 164, 'Hedmark', NULL, NULL, 1),
(2696, 164, 'Hordaland', NULL, NULL, 1),
(2697, 164, 'Moere og Romsdal', NULL, NULL, 1),
(2698, 164, 'Nord Trondelag', NULL, NULL, 1),
(2699, 164, 'Nordland', NULL, NULL, 1),
(2700, 164, 'Oestfold', NULL, NULL, 1),
(2701, 164, 'Oppland', NULL, NULL, 1),
(2702, 164, 'Oslo', NULL, NULL, 1),
(2703, 164, 'Rogaland', NULL, NULL, 1),
(2704, 164, 'Soer Troendelag', NULL, NULL, 1),
(2705, 164, 'Sogn og Fjordane', NULL, NULL, 1),
(2706, 164, 'Stavern', NULL, NULL, 1),
(2707, 164, 'Sykkylven', NULL, NULL, 1),
(2708, 164, 'Telemark', NULL, NULL, 1),
(2709, 164, 'Troms', NULL, NULL, 1),
(2710, 164, 'Vest Agder', NULL, NULL, 1),
(2711, 164, 'Vestfold', NULL, NULL, 1),
(2712, 164, 'ÃƒÂ˜stfold', NULL, NULL, 1),
(2713, 165, 'Al Buraimi', NULL, NULL, 1),
(2714, 165, 'Dhufar', NULL, NULL, 1),
(2715, 165, 'Masqat', NULL, NULL, 1),
(2716, 165, 'Musandam', NULL, NULL, 1),
(2717, 165, 'Rusayl', NULL, NULL, 1),
(2718, 165, 'Wadi Kabir', NULL, NULL, 1),
(2719, 165, 'ad-Dakhiliyah', NULL, NULL, 1),
(2720, 165, 'adh-Dhahirah', NULL, NULL, 1),
(2721, 165, 'al-Batinah', NULL, NULL, 1),
(2722, 165, 'ash-Sharqiyah', NULL, NULL, 1),
(2723, 166, 'Baluchistan', NULL, NULL, 1),
(2724, 166, 'Federal Capital Area', NULL, NULL, 1),
(2725, 166, 'Federally administered Tribal ', NULL, NULL, 1),
(2726, 166, 'North-West Frontier', NULL, NULL, 1),
(2727, 166, 'Northern Areas', NULL, NULL, 1),
(2728, 166, 'Punjab', NULL, NULL, 1),
(2729, 166, 'Sind', NULL, NULL, 1),
(2730, 167, 'Aimeliik', NULL, NULL, 1),
(2731, 167, 'Airai', NULL, NULL, 1),
(2732, 167, 'Angaur', NULL, NULL, 1),
(2733, 167, 'Hatobohei', NULL, NULL, 1),
(2734, 167, 'Kayangel', NULL, NULL, 1),
(2735, 167, 'Koror', NULL, NULL, 1),
(2736, 167, 'Melekeok', NULL, NULL, 1),
(2737, 167, 'Ngaraard', NULL, NULL, 1),
(2738, 167, 'Ngardmau', NULL, NULL, 1),
(2739, 167, 'Ngaremlengui', NULL, NULL, 1),
(2740, 167, 'Ngatpang', NULL, NULL, 1),
(2741, 167, 'Ngchesar', NULL, NULL, 1),
(2742, 167, 'Ngerchelong', NULL, NULL, 1),
(2743, 167, 'Ngiwal', NULL, NULL, 1),
(2744, 167, 'Peleliu', NULL, NULL, 1),
(2745, 167, 'Sonsorol', NULL, NULL, 1),
(2746, 168, 'Ariha', NULL, NULL, 1),
(2747, 168, 'Bayt Lahm', NULL, NULL, 1),
(2748, 168, 'Bethlehem', NULL, NULL, 1),
(2749, 168, 'Dayr-al-Balah', NULL, NULL, 1),
(2750, 168, 'Ghazzah', NULL, NULL, 1),
(2751, 168, 'Ghazzah ash-Shamaliyah', NULL, NULL, 1),
(2752, 168, 'Janin', NULL, NULL, 1),
(2753, 168, 'Khan Yunis', NULL, NULL, 1),
(2754, 168, 'Nabulus', NULL, NULL, 1),
(2755, 168, 'Qalqilyah', NULL, NULL, 1),
(2756, 168, 'Rafah', NULL, NULL, 1),
(2757, 168, 'Ram Allah wal-Birah', NULL, NULL, 1),
(2758, 168, 'Salfit', NULL, NULL, 1),
(2759, 168, 'Tubas', NULL, NULL, 1),
(2760, 168, 'Tulkarm', NULL, NULL, 1),
(2761, 168, 'al-Khalil', NULL, NULL, 1),
(2762, 168, 'al-Quds', NULL, NULL, 1),
(2763, 169, 'Bocas del Toro', NULL, NULL, 1),
(2764, 169, 'Chiriqui', NULL, NULL, 1),
(2765, 169, 'Cocle', NULL, NULL, 1),
(2766, 169, 'Colon', NULL, NULL, 1),
(2767, 169, 'Darien', NULL, NULL, 1),
(2768, 169, 'Embera', NULL, NULL, 1),
(2769, 169, 'Herrera', NULL, NULL, 1),
(2770, 169, 'Kuna Yala', NULL, NULL, 1),
(2771, 169, 'Los Santos', NULL, NULL, 1),
(2772, 169, 'Ngobe Bugle', NULL, NULL, 1),
(2773, 169, 'Panama', NULL, NULL, 1),
(2774, 169, 'Veraguas', NULL, NULL, 1),
(2775, 170, 'East New Britain', NULL, NULL, 1),
(2776, 170, 'East Sepik', NULL, NULL, 1),
(2777, 170, 'Eastern Highlands', NULL, NULL, 1),
(2778, 170, 'Enga', NULL, NULL, 1),
(2779, 170, 'Fly River', NULL, NULL, 1),
(2780, 170, 'Gulf', NULL, NULL, 1),
(2781, 170, 'Madang', NULL, NULL, 1),
(2782, 170, 'Manus', NULL, NULL, 1),
(2783, 170, 'Milne Bay', NULL, NULL, 1),
(2784, 170, 'Morobe', NULL, NULL, 1),
(2785, 170, 'National Capital District', NULL, NULL, 1),
(2786, 170, 'New Ireland', NULL, NULL, 1),
(2787, 170, 'North Solomons', NULL, NULL, 1),
(2788, 170, 'Oro', NULL, NULL, 1),
(2789, 170, 'Sandaun', NULL, NULL, 1),
(2790, 170, 'Simbu', NULL, NULL, 1),
(2791, 170, 'Southern Highlands', NULL, NULL, 1),
(2792, 170, 'West New Britain', NULL, NULL, 1),
(2793, 170, 'Western Highlands', NULL, NULL, 1),
(2794, 171, 'Alto Paraguay', NULL, NULL, 1),
(2795, 171, 'Alto Parana', NULL, NULL, 1),
(2796, 171, 'Amambay', NULL, NULL, 1),
(2797, 171, 'Asuncion', NULL, NULL, 1),
(2798, 171, 'Boqueron', NULL, NULL, 1),
(2799, 171, 'Caaguazu', NULL, NULL, 1),
(2800, 171, 'Caazapa', NULL, NULL, 1),
(2801, 171, 'Canendiyu', NULL, NULL, 1),
(2802, 171, 'Central', NULL, NULL, 1),
(2803, 171, 'Concepcion', NULL, NULL, 1),
(2804, 171, 'Cordillera', NULL, NULL, 1),
(2805, 171, 'Guaira', NULL, NULL, 1),
(2806, 171, 'Itapua', NULL, NULL, 1),
(2807, 171, 'Misiones', NULL, NULL, 1),
(2808, 171, 'Neembucu', NULL, NULL, 1),
(2809, 171, 'Paraguari', NULL, NULL, 1),
(2810, 171, 'Presidente Hayes', NULL, NULL, 1),
(2811, 171, 'San Pedro', NULL, NULL, 1),
(2812, 172, 'Amazonas', NULL, NULL, 1),
(2813, 172, 'Ancash', NULL, NULL, 1),
(2814, 172, 'Apurimac', NULL, NULL, 1),
(2815, 172, 'Arequipa', NULL, NULL, 1),
(2816, 172, 'Ayacucho', NULL, NULL, 1),
(2817, 172, 'Cajamarca', NULL, NULL, 1),
(2818, 172, 'Cusco', NULL, NULL, 1),
(2819, 172, 'Huancavelica', NULL, NULL, 1),
(2820, 172, 'Huanuco', NULL, NULL, 1),
(2821, 172, 'Ica', NULL, NULL, 1),
(2822, 172, 'Junin', NULL, NULL, 1),
(2823, 172, 'La Libertad', NULL, NULL, 1),
(2824, 172, 'Lambayeque', NULL, NULL, 1),
(2825, 172, 'Lima y Callao', NULL, NULL, 1),
(2826, 172, 'Loreto', NULL, NULL, 1),
(2827, 172, 'Madre de Dios', NULL, NULL, 1),
(2828, 172, 'Moquegua', NULL, NULL, 1),
(2829, 172, 'Pasco', NULL, NULL, 1),
(2830, 172, 'Piura', NULL, NULL, 1),
(2831, 172, 'Puno', NULL, NULL, 1),
(2832, 172, 'San Martin', NULL, NULL, 1),
(2833, 172, 'Tacna', NULL, NULL, 1),
(2834, 172, 'Tumbes', NULL, NULL, 1),
(2835, 172, 'Ucayali', NULL, NULL, 1),
(2836, 173, 'Batangas', NULL, NULL, 1),
(2837, 173, 'Bicol', NULL, NULL, 1),
(2838, 173, 'Bulacan', NULL, NULL, 1),
(2839, 173, 'Cagayan', NULL, NULL, 1),
(2840, 173, 'Caraga', NULL, NULL, 1),
(2841, 173, 'Central Luzon', NULL, NULL, 1),
(2842, 173, 'Central Mindanao', NULL, NULL, 1),
(2843, 173, 'Central Visayas', NULL, NULL, 1),
(2844, 173, 'Cordillera', NULL, NULL, 1),
(2845, 173, 'Davao', NULL, NULL, 1),
(2846, 173, 'Eastern Visayas', NULL, NULL, 1),
(2847, 173, 'Greater Metropolitan Area', NULL, NULL, 1),
(2848, 173, 'Ilocos', NULL, NULL, 1),
(2849, 173, 'Laguna', NULL, NULL, 1),
(2850, 173, 'Luzon', NULL, NULL, 1),
(2851, 173, 'Mactan', NULL, NULL, 1),
(2852, 173, 'Metropolitan Manila Area', NULL, NULL, 1),
(2853, 173, 'Muslim Mindanao', NULL, NULL, 1),
(2854, 173, 'Northern Mindanao', NULL, NULL, 1),
(2855, 173, 'Southern Mindanao', NULL, NULL, 1),
(2856, 173, 'Southern Tagalog', NULL, NULL, 1),
(2857, 173, 'Western Mindanao', NULL, NULL, 1),
(2858, 173, 'Western Visayas', NULL, NULL, 1),
(2859, 174, 'Pitcairn Island', NULL, NULL, 1),
(2860, 175, 'Biale Blota', NULL, NULL, 1),
(2861, 175, 'Dobroszyce', NULL, NULL, 1),
(2862, 175, 'Dolnoslaskie', NULL, NULL, 1),
(2863, 175, 'Dziekanow Lesny', NULL, NULL, 1),
(2864, 175, 'Hopowo', NULL, NULL, 1),
(2865, 175, 'Kartuzy', NULL, NULL, 1),
(2866, 175, 'Koscian', NULL, NULL, 1),
(2867, 175, 'Krakow', NULL, NULL, 1),
(2868, 175, 'Kujawsko-Pomorskie', NULL, NULL, 1),
(2869, 175, 'Lodzkie', NULL, NULL, 1),
(2870, 175, 'Lubelskie', NULL, NULL, 1),
(2871, 175, 'Lubuskie', NULL, NULL, 1),
(2872, 175, 'Malomice', NULL, NULL, 1),
(2873, 175, 'Malopolskie', NULL, NULL, 1),
(2874, 175, 'Mazowieckie', NULL, NULL, 1),
(2875, 175, 'Mirkow', NULL, NULL, 1),
(2876, 175, 'Opolskie', NULL, NULL, 1),
(2877, 175, 'Ostrowiec', NULL, NULL, 1),
(2878, 175, 'Podkarpackie', NULL, NULL, 1),
(2879, 175, 'Podlaskie', NULL, NULL, 1),
(2880, 175, 'Polska', NULL, NULL, 1),
(2881, 175, 'Pomorskie', NULL, NULL, 1),
(2882, 175, 'Poznan', NULL, NULL, 1),
(2883, 175, 'Pruszkow', NULL, NULL, 1),
(2884, 175, 'Rymanowska', NULL, NULL, 1),
(2885, 175, 'Rzeszow', NULL, NULL, 1),
(2886, 175, 'Slaskie', NULL, NULL, 1),
(2887, 175, 'Stare Pole', NULL, NULL, 1),
(2888, 175, 'Swietokrzyskie', NULL, NULL, 1),
(2889, 175, 'Warminsko-Mazurskie', NULL, NULL, 1),
(2890, 175, 'Warsaw', NULL, NULL, 1),
(2891, 175, 'Wejherowo', NULL, NULL, 1),
(2892, 175, 'Wielkopolskie', NULL, NULL, 1),
(2893, 175, 'Wroclaw', NULL, NULL, 1),
(2894, 175, 'Zachodnio-Pomorskie', NULL, NULL, 1),
(2895, 175, 'Zukowo', NULL, NULL, 1),
(2896, 176, 'Abrantes', NULL, NULL, 1),
(2897, 176, 'Acores', NULL, NULL, 1),
(2898, 176, 'Alentejo', NULL, NULL, 1),
(2899, 176, 'Algarve', NULL, NULL, 1),
(2900, 176, 'Braga', NULL, NULL, 1),
(2901, 176, 'Centro', NULL, NULL, 1),
(2902, 176, 'Distrito de Leiria', NULL, NULL, 1),
(2903, 176, 'Distrito de Viana do Castelo', NULL, NULL, 1),
(2904, 176, 'Distrito de Vila Real', NULL, NULL, 1),
(2905, 176, 'Distrito do Porto', NULL, NULL, 1),
(2906, 176, 'Lisboa e Vale do Tejo', NULL, NULL, 1),
(2907, 176, 'Madeira', NULL, NULL, 1),
(2908, 176, 'Norte', NULL, NULL, 1),
(2909, 176, 'Paivas', NULL, NULL, 1),
(2910, 177, 'Arecibo', NULL, NULL, 1),
(2911, 177, 'Bayamon', NULL, NULL, 1),
(2912, 177, 'Carolina', NULL, NULL, 1),
(2913, 177, 'Florida', NULL, NULL, 1),
(2914, 177, 'Guayama', NULL, NULL, 1),
(2915, 177, 'Humacao', NULL, NULL, 1),
(2916, 177, 'Mayaguez-Aguadilla', NULL, NULL, 1),
(2917, 177, 'Ponce', NULL, NULL, 1),
(2918, 177, 'Salinas', NULL, NULL, 1),
(2919, 177, 'San Juan', NULL, NULL, 1),
(2920, 178, 'Doha', NULL, NULL, 1),
(2921, 178, 'Jarian-al-Batnah', NULL, NULL, 1),
(2922, 178, 'Umm Salal', NULL, NULL, 1),
(2923, 178, 'ad-Dawhah', NULL, NULL, 1),
(2924, 178, 'al-Ghuwayriyah', NULL, NULL, 1),
(2925, 178, 'al-Jumayliyah', NULL, NULL, 1),
(2926, 178, 'al-Khawr', NULL, NULL, 1),
(2927, 178, 'al-Wakrah', NULL, NULL, 1),
(2928, 178, 'ar-Rayyan', NULL, NULL, 1),
(2929, 178, 'ash-Shamal', NULL, NULL, 1),
(2930, 179, 'Saint-Benoit', NULL, NULL, 1),
(2931, 179, 'Saint-Denis', NULL, NULL, 1),
(2932, 179, 'Saint-Paul', NULL, NULL, 1),
(2933, 179, 'Saint-Pierre', NULL, NULL, 1),
(2934, 180, 'Alba', NULL, NULL, 1),
(2935, 180, 'Arad', NULL, NULL, 1),
(2936, 180, 'Arges', NULL, NULL, 1),
(2937, 180, 'Bacau', NULL, NULL, 1),
(2938, 180, 'Bihor', NULL, NULL, 1),
(2939, 180, 'Bistrita-Nasaud', NULL, NULL, 1),
(2940, 180, 'Botosani', NULL, NULL, 1),
(2941, 180, 'Braila', NULL, NULL, 1),
(2942, 180, 'Brasov', NULL, NULL, 1),
(2943, 180, 'Bucuresti', NULL, NULL, 1),
(2944, 180, 'Buzau', NULL, NULL, 1),
(2945, 180, 'Calarasi', NULL, NULL, 1),
(2946, 180, 'Caras-Severin', NULL, NULL, 1),
(2947, 180, 'Cluj', NULL, NULL, 1),
(2948, 180, 'Constanta', NULL, NULL, 1),
(2949, 180, 'Covasna', NULL, NULL, 1),
(2950, 180, 'Dambovita', NULL, NULL, 1),
(2951, 180, 'Dolj', NULL, NULL, 1),
(2952, 180, 'Galati', NULL, NULL, 1),
(2953, 180, 'Giurgiu', NULL, NULL, 1),
(2954, 180, 'Gorj', NULL, NULL, 1),
(2955, 180, 'Harghita', NULL, NULL, 1),
(2956, 180, 'Hunedoara', NULL, NULL, 1),
(2957, 180, 'Ialomita', NULL, NULL, 1),
(2958, 180, 'Iasi', NULL, NULL, 1),
(2959, 180, 'Ilfov', NULL, NULL, 1),
(2960, 180, 'Maramures', NULL, NULL, 1),
(2961, 180, 'Mehedinti', NULL, NULL, 1),
(2962, 180, 'Mures', NULL, NULL, 1),
(2963, 180, 'Neamt', NULL, NULL, 1),
(2964, 180, 'Olt', NULL, NULL, 1),
(2965, 180, 'Prahova', NULL, NULL, 1),
(2966, 180, 'Salaj', NULL, NULL, 1),
(2967, 180, 'Satu Mare', NULL, NULL, 1),
(2968, 180, 'Sibiu', NULL, NULL, 1),
(2969, 180, 'Sondelor', NULL, NULL, 1),
(2970, 180, 'Suceava', NULL, NULL, 1),
(2971, 180, 'Teleorman', NULL, NULL, 1),
(2972, 180, 'Timis', NULL, NULL, 1),
(2973, 180, 'Tulcea', NULL, NULL, 1),
(2974, 180, 'Valcea', NULL, NULL, 1),
(2975, 180, 'Vaslui', NULL, NULL, 1),
(2976, 180, 'Vrancea', NULL, NULL, 1),
(2977, 181, 'Adygeja', NULL, NULL, 1),
(2978, 181, 'Aga', NULL, NULL, 1),
(2979, 181, 'Alanija', NULL, NULL, 1),
(2980, 181, 'Altaj', NULL, NULL, 1),
(2981, 181, 'Amur', NULL, NULL, 1),
(2982, 181, 'Arhangelsk', NULL, NULL, 1),
(2983, 181, 'Astrahan', NULL, NULL, 1),
(2984, 181, 'Bashkortostan', NULL, NULL, 1),
(2985, 181, 'Belgorod', NULL, NULL, 1),
(2986, 181, 'Brjansk', NULL, NULL, 1),
(2987, 181, 'Burjatija', NULL, NULL, 1),
(2988, 181, 'Chechenija', NULL, NULL, 1),
(2989, 181, 'Cheljabinsk', NULL, NULL, 1),
(2990, 181, 'Chita', NULL, NULL, 1),
(2991, 181, 'Chukotka', NULL, NULL, 1),
(2992, 181, 'Chuvashija', NULL, NULL, 1),
(2993, 181, 'Dagestan', NULL, NULL, 1),
(2994, 181, 'Evenkija', NULL, NULL, 1),
(2995, 181, 'Gorno-Altaj', NULL, NULL, 1),
(2996, 181, 'Habarovsk', NULL, NULL, 1),
(2997, 181, 'Hakasija', NULL, NULL, 1),
(2998, 181, 'Hanty-Mansija', NULL, NULL, 1),
(2999, 181, 'Ingusetija', NULL, NULL, 1),
(3000, 181, 'Irkutsk', NULL, NULL, 1),
(3001, 181, 'Ivanovo', NULL, NULL, 1),
(3002, 181, 'Jamalo-Nenets', NULL, NULL, 1),
(3003, 181, 'Jaroslavl', NULL, NULL, 1),
(3004, 181, 'Jevrej', NULL, NULL, 1),
(3005, 181, 'Kabardino-Balkarija', NULL, NULL, 1),
(3006, 181, 'Kaliningrad', NULL, NULL, 1),
(3007, 181, 'Kalmykija', NULL, NULL, 1),
(3008, 181, 'Kaluga', NULL, NULL, 1),
(3009, 181, 'Kamchatka', NULL, NULL, 1),
(3010, 181, 'Karachaj-Cherkessija', NULL, NULL, 1),
(3011, 181, 'Karelija', NULL, NULL, 1),
(3012, 181, 'Kemerovo', NULL, NULL, 1),
(3013, 181, 'Khabarovskiy Kray', NULL, NULL, 1),
(3014, 181, 'Kirov', NULL, NULL, 1),
(3015, 181, 'Komi', NULL, NULL, 1),
(3016, 181, 'Komi-Permjakija', NULL, NULL, 1),
(3017, 181, 'Korjakija', NULL, NULL, 1),
(3018, 181, 'Kostroma', NULL, NULL, 1),
(3019, 181, 'Krasnodar', NULL, NULL, 1),
(3020, 181, 'Krasnojarsk', NULL, NULL, 1),
(3021, 181, 'Krasnoyarskiy Kray', NULL, NULL, 1),
(3022, 181, 'Kurgan', NULL, NULL, 1),
(3023, 181, 'Kursk', NULL, NULL, 1),
(3024, 181, 'Leningrad', NULL, NULL, 1),
(3025, 181, 'Lipeck', NULL, NULL, 1),
(3026, 181, 'Magadan', NULL, NULL, 1),
(3027, 181, 'Marij El', NULL, NULL, 1),
(3028, 181, 'Mordovija', NULL, NULL, 1),
(3029, 181, 'Moscow', NULL, NULL, 1),
(3030, 181, 'Moskovskaja Oblast', NULL, NULL, 1),
(3031, 181, 'Moskovskaya Oblast', NULL, NULL, 1),
(3032, 181, 'Moskva', NULL, NULL, 1),
(3033, 181, 'Murmansk', NULL, NULL, 1),
(3034, 181, 'Nenets', NULL, NULL, 1),
(3035, 181, 'Nizhnij Novgorod', NULL, NULL, 1),
(3036, 181, 'Novgorod', NULL, NULL, 1),
(3037, 181, 'Novokusnezk', NULL, NULL, 1),
(3038, 181, 'Novosibirsk', NULL, NULL, 1),
(3039, 181, 'Omsk', NULL, NULL, 1),
(3040, 181, 'Orenburg', NULL, NULL, 1),
(3041, 181, 'Orjol', NULL, NULL, 1),
(3042, 181, 'Penza', NULL, NULL, 1),
(3043, 181, 'Perm', NULL, NULL, 1),
(3044, 181, 'Primorje', NULL, NULL, 1),
(3045, 181, 'Pskov', NULL, NULL, 1),
(3046, 181, 'Pskovskaya Oblast', NULL, NULL, 1),
(3047, 181, 'Rjazan', NULL, NULL, 1),
(3048, 181, 'Rostov', NULL, NULL, 1),
(3049, 181, 'Saha', NULL, NULL, 1),
(3050, 181, 'Sahalin', NULL, NULL, 1),
(3051, 181, 'Samara', NULL, NULL, 1),
(3052, 181, 'Samarskaya', NULL, NULL, 1),
(3053, 181, 'Sankt-Peterburg', NULL, NULL, 1),
(3054, 181, 'Saratov', NULL, NULL, 1),
(3055, 181, 'Smolensk', NULL, NULL, 1),
(3056, 181, 'Stavropol', NULL, NULL, 1),
(3057, 181, 'Sverdlovsk', NULL, NULL, 1),
(3058, 181, 'Tajmyrija', NULL, NULL, 1),
(3059, 181, 'Tambov', NULL, NULL, 1),
(3060, 181, 'Tatarstan', NULL, NULL, 1),
(3061, 181, 'Tjumen', NULL, NULL, 1),
(3062, 181, 'Tomsk', NULL, NULL, 1),
(3063, 181, 'Tula', NULL, NULL, 1),
(3064, 181, 'Tver', NULL, NULL, 1),
(3065, 181, 'Tyva', NULL, NULL, 1),
(3066, 181, 'Udmurtija', NULL, NULL, 1),
(3067, 181, 'Uljanovsk', NULL, NULL, 1),
(3068, 181, 'Ulyanovskaya Oblast', NULL, NULL, 1),
(3069, 181, 'Ust-Orda', NULL, NULL, 1),
(3070, 181, 'Vladimir', NULL, NULL, 1),
(3071, 181, 'Volgograd', NULL, NULL, 1),
(3072, 181, 'Vologda', NULL, NULL, 1),
(3073, 181, 'Voronezh', NULL, NULL, 1),
(3074, 182, 'Butare', NULL, NULL, 1),
(3075, 182, 'Byumba', NULL, NULL, 1),
(3076, 182, 'Cyangugu', NULL, NULL, 1),
(3077, 182, 'Gikongoro', NULL, NULL, 1),
(3078, 182, 'Gisenyi', NULL, NULL, 1),
(3079, 182, 'Gitarama', NULL, NULL, 1),
(3080, 182, 'Kibungo', NULL, NULL, 1),
(3081, 182, 'Kibuye', NULL, NULL, 1),
(3082, 182, 'Kigali-ngali', NULL, NULL, 1),
(3083, 182, 'Ruhengeri', NULL, NULL, 1),
(3084, 183, 'Ascension', NULL, NULL, 1),
(3085, 183, 'Gough Island', NULL, NULL, 1),
(3086, 183, 'Saint Helena', NULL, NULL, 1),
(3087, 183, 'Tristan da Cunha', NULL, NULL, 1),
(3088, 184, 'Christ Church Nichola Town', NULL, NULL, 1),
(3089, 184, 'Saint Anne Sandy Point', NULL, NULL, 1),
(3090, 184, 'Saint George Basseterre', NULL, NULL, 1),
(3091, 184, 'Saint George Gingerland', NULL, NULL, 1),
(3092, 184, 'Saint James Windward', NULL, NULL, 1),
(3093, 184, 'Saint John Capesterre', NULL, NULL, 1),
(3094, 184, 'Saint John Figtree', NULL, NULL, 1),
(3095, 184, 'Saint Mary Cayon', NULL, NULL, 1),
(3096, 184, 'Saint Paul Capesterre', NULL, NULL, 1),
(3097, 184, 'Saint Paul Charlestown', NULL, NULL, 1),
(3098, 184, 'Saint Peter Basseterre', NULL, NULL, 1),
(3099, 184, 'Saint Thomas Lowland', NULL, NULL, 1),
(3100, 184, 'Saint Thomas Middle Island', NULL, NULL, 1),
(3101, 184, 'Trinity Palmetto Point', NULL, NULL, 1),
(3102, 185, 'Anse-la-Raye', NULL, NULL, 1),
(3103, 185, 'Canaries', NULL, NULL, 1),
(3104, 185, 'Castries', NULL, NULL, 1),
(3105, 185, 'Choiseul', NULL, NULL, 1),
(3106, 185, 'Dennery', NULL, NULL, 1),
(3107, 185, 'Gros Inlet', NULL, NULL, 1),
(3108, 185, 'Laborie', NULL, NULL, 1),
(3109, 185, 'Micoud', NULL, NULL, 1),
(3110, 185, 'Soufriere', NULL, NULL, 1),
(3111, 185, 'Vieux Fort', NULL, NULL, 1),
(3112, 186, 'Miquelon-Langlade', NULL, NULL, 1),
(3113, 186, 'Saint-Pierre', NULL, NULL, 1),
(3114, 187, 'Charlotte', NULL, NULL, 1),
(3115, 187, 'Grenadines', NULL, NULL, 1),
(3116, 187, 'Saint Andrew', NULL, NULL, 1),
(3117, 187, 'Saint David', NULL, NULL, 1),
(3118, 187, 'Saint George', NULL, NULL, 1),
(3119, 187, 'Saint Patrick', NULL, NULL, 1),
(3120, 188, 'A\'ana', NULL, NULL, 1),
(3121, 188, 'Aiga-i-le-Tai', NULL, NULL, 1),
(3122, 188, 'Atua', NULL, NULL, 1),
(3123, 188, 'Fa\'asaleleaga', NULL, NULL, 1),
(3124, 188, 'Gaga\'emauga', NULL, NULL, 1),
(3125, 188, 'Gagaifomauga', NULL, NULL, 1),
(3126, 188, 'Palauli', NULL, NULL, 1),
(3127, 188, 'Satupa\'itea', NULL, NULL, 1),
(3128, 188, 'Tuamasaga', NULL, NULL, 1),
(3129, 188, 'Va\'a-o-Fonoti', NULL, NULL, 1),
(3130, 188, 'Vaisigano', NULL, NULL, 1),
(3131, 189, 'Acquaviva', NULL, NULL, 1),
(3132, 189, 'Borgo Maggiore', NULL, NULL, 1),
(3133, 189, 'Chiesanuova', NULL, NULL, 1),
(3134, 189, 'Domagnano', NULL, NULL, 1),
(3135, 189, 'Faetano', NULL, NULL, 1),
(3136, 189, 'Fiorentino', NULL, NULL, 1),
(3137, 189, 'Montegiardino', NULL, NULL, 1),
(3138, 189, 'San Marino', NULL, NULL, 1),
(3139, 189, 'Serravalle', NULL, NULL, 1),
(3140, 190, 'Agua Grande', NULL, NULL, 1),
(3141, 190, 'Cantagalo', NULL, NULL, 1),
(3142, 190, 'Lemba', NULL, NULL, 1),
(3143, 190, 'Lobata', NULL, NULL, 1),
(3144, 190, 'Me-Zochi', NULL, NULL, 1),
(3145, 190, 'Pague', NULL, NULL, 1),
(3146, 191, 'Al Khobar', NULL, NULL, 1),
(3147, 191, 'Aseer', NULL, NULL, 1),
(3148, 191, 'Ash Sharqiyah', NULL, NULL, 1),
(3149, 191, 'Asir', NULL, NULL, 1),
(3150, 191, 'Central Province', NULL, NULL, 1),
(3151, 191, 'Eastern Province', NULL, NULL, 1),
(3152, 191, 'Ha\'il', NULL, NULL, 1),
(3153, 191, 'Jawf', NULL, NULL, 1),
(3154, 191, 'Jizan', NULL, NULL, 1),
(3155, 191, 'Makkah', NULL, NULL, 1),
(3156, 191, 'Najran', NULL, NULL, 1),
(3157, 191, 'Qasim', NULL, NULL, 1),
(3158, 191, 'Tabuk', NULL, NULL, 1),
(3159, 191, 'Western Province', NULL, NULL, 1),
(3160, 191, 'al-Bahah', NULL, NULL, 1),
(3161, 191, 'al-Hudud-ash-Shamaliyah', NULL, NULL, 1),
(3162, 191, 'al-Madinah', NULL, NULL, 1),
(3163, 191, 'ar-Riyad', NULL, NULL, 1),
(3164, 192, 'Dakar', NULL, NULL, 1),
(3165, 192, 'Diourbel', NULL, NULL, 1),
(3166, 192, 'Fatick', NULL, NULL, 1),
(3167, 192, 'Kaolack', NULL, NULL, 1),
(3168, 192, 'Kolda', NULL, NULL, 1),
(3169, 192, 'Louga', NULL, NULL, 1),
(3170, 192, 'Saint-Louis', NULL, NULL, 1),
(3171, 192, 'Tambacounda', NULL, NULL, 1),
(3172, 192, 'Thies', NULL, NULL, 1),
(3173, 192, 'Ziguinchor', NULL, NULL, 1),
(3174, 193, 'Central Serbia', NULL, NULL, 1),
(3175, 193, 'Kosovo and Metohija', NULL, NULL, 1),
(3176, 193, 'Vojvodina', NULL, NULL, 1),
(3177, 194, 'Anse Boileau', NULL, NULL, 1),
(3178, 194, 'Anse Royale', NULL, NULL, 1),
(3179, 194, 'Cascade', NULL, NULL, 1),
(3180, 194, 'Takamaka', NULL, NULL, 1),
(3181, 194, 'Victoria', NULL, NULL, 1),
(3182, 195, 'Eastern', NULL, NULL, 1),
(3183, 195, 'Northern', NULL, NULL, 1),
(3184, 195, 'Southern', NULL, NULL, 1),
(3185, 195, 'Western', NULL, NULL, 1),
(3186, 196, 'Singapore', NULL, NULL, 1),
(3187, 197, 'Banskobystricky', NULL, NULL, 1),
(3188, 197, 'Bratislavsky', NULL, NULL, 1),
(3189, 197, 'Kosicky', NULL, NULL, 1),
(3190, 197, 'Nitriansky', NULL, NULL, 1),
(3191, 197, 'Presovsky', NULL, NULL, 1),
(3192, 197, 'Trenciansky', NULL, NULL, 1),
(3193, 197, 'Trnavsky', NULL, NULL, 1),
(3194, 197, 'Zilinsky', NULL, NULL, 1),
(3195, 198, 'Benedikt', NULL, NULL, 1),
(3196, 198, 'Gorenjska', NULL, NULL, 1),
(3197, 198, 'Gorishka', NULL, NULL, 1),
(3198, 198, 'Jugovzhodna Slovenija', NULL, NULL, 1),
(3199, 198, 'Koroshka', NULL, NULL, 1),
(3200, 198, 'Notranjsko-krashka', NULL, NULL, 1),
(3201, 198, 'Obalno-krashka', NULL, NULL, 1),
(3202, 198, 'Obcina Domzale', NULL, NULL, 1),
(3203, 198, 'Obcina Vitanje', NULL, NULL, 1),
(3204, 198, 'Osrednjeslovenska', NULL, NULL, 1),
(3205, 198, 'Podravska', NULL, NULL, 1),
(3206, 198, 'Pomurska', NULL, NULL, 1),
(3207, 198, 'Savinjska', NULL, NULL, 1),
(3208, 198, 'Slovenian Littoral', NULL, NULL, 1),
(3209, 198, 'Spodnjeposavska', NULL, NULL, 1),
(3210, 198, 'Zasavska', NULL, NULL, 1),
(3211, 199, 'Pitcairn', NULL, NULL, 1),
(3212, 200, 'Central', NULL, NULL, 1),
(3213, 200, 'Choiseul', NULL, NULL, 1),
(3214, 200, 'Guadalcanal', NULL, NULL, 1),
(3215, 200, 'Isabel', NULL, NULL, 1),
(3216, 200, 'Makira and Ulawa', NULL, NULL, 1),
(3217, 200, 'Malaita', NULL, NULL, 1),
(3218, 200, 'Rennell and Bellona', NULL, NULL, 1),
(3219, 200, 'Temotu', NULL, NULL, 1),
(3220, 200, 'Western', NULL, NULL, 1),
(3221, 201, 'Awdal', NULL, NULL, 1),
(3222, 201, 'Bakol', NULL, NULL, 1),
(3223, 201, 'Banadir', NULL, NULL, 1),
(3224, 201, 'Bari', NULL, NULL, 1),
(3225, 201, 'Bay', NULL, NULL, 1),
(3226, 201, 'Galgudug', NULL, NULL, 1),
(3227, 201, 'Gedo', NULL, NULL, 1),
(3228, 201, 'Hiran', NULL, NULL, 1),
(3229, 201, 'Jubbada Hose', NULL, NULL, 1),
(3230, 201, 'Jubbadha Dexe', NULL, NULL, 1),
(3231, 201, 'Mudug', NULL, NULL, 1),
(3232, 201, 'Nugal', NULL, NULL, 1),
(3233, 201, 'Sanag', NULL, NULL, 1),
(3234, 201, 'Shabellaha Dhexe', NULL, NULL, 1),
(3235, 201, 'Shabellaha Hose', NULL, NULL, 1),
(3236, 201, 'Togdher', NULL, NULL, 1),
(3237, 201, 'Woqoyi Galbed', NULL, NULL, 1),
(3238, 202, 'Eastern Cape', NULL, NULL, 1),
(3239, 202, 'Free State', NULL, NULL, 1),
(3240, 202, 'Gauteng', NULL, NULL, 1),
(3241, 202, 'Kempton Park', NULL, NULL, 1),
(3242, 202, 'Kramerville', NULL, NULL, 1),
(3243, 202, 'KwaZulu Natal', NULL, NULL, 1),
(3244, 202, 'Limpopo', NULL, NULL, 1),
(3245, 202, 'Mpumalanga', NULL, NULL, 1),
(3246, 202, 'North West', NULL, NULL, 1),
(3247, 202, 'Northern Cape', NULL, NULL, 1),
(3248, 202, 'Parow', NULL, NULL, 1),
(3249, 202, 'Table View', NULL, NULL, 1),
(3250, 202, 'Umtentweni', NULL, NULL, 1),
(3251, 202, 'Western Cape', NULL, NULL, 1),
(3252, 203, 'South Georgia', NULL, NULL, 1),
(3253, 204, 'Central Equatoria', NULL, NULL, 1),
(3254, 205, 'A Coruna', NULL, NULL, 1),
(3255, 205, 'Alacant', NULL, NULL, 1),
(3256, 205, 'Alava', NULL, NULL, 1),
(3257, 205, 'Albacete', NULL, NULL, 1),
(3258, 205, 'Almeria', NULL, NULL, 1),
(3260, 205, 'Asturias', NULL, NULL, 1),
(3261, 205, 'Avila', NULL, NULL, 1),
(3262, 205, 'Badajoz', NULL, NULL, 1),
(3263, 205, 'Balears', NULL, NULL, 1),
(3264, 205, 'Barcelona', NULL, NULL, 1),
(3267, 205, 'Burgos', NULL, NULL, 1),
(3268, 205, 'Caceres', NULL, NULL, 1),
(3269, 205, 'Cadiz', NULL, NULL, 1),
(3270, 205, 'Cantabria', NULL, NULL, 1),
(3271, 205, 'Castello', NULL, NULL, 1),
(3273, 205, 'Ceuta', NULL, NULL, 1),
(3274, 205, 'Ciudad Real', NULL, NULL, 1),
(3281, 205, 'Cordoba', NULL, NULL, 1),
(3282, 205, 'Cuenca', NULL, NULL, 1),
(3284, 205, 'Girona', NULL, NULL, 1),
(3285, 205, 'Granada', NULL, NULL, 1),
(3286, 205, 'Guadalajara', NULL, NULL, 1),
(3287, 205, 'Guipuzcoa', NULL, NULL, 1),
(3288, 205, 'Huelva', NULL, NULL, 1),
(3289, 205, 'Huesca', NULL, NULL, 1),
(3290, 205, 'Jaen', NULL, NULL, 1),
(3291, 205, 'La Rioja', NULL, NULL, 1),
(3292, 205, 'Las Palmas', NULL, NULL, 1),
(3293, 205, 'Leon', NULL, NULL, 1),
(3295, 205, 'Lleida', NULL, NULL, 1),
(3296, 205, 'Lugo', NULL, NULL, 1),
(3297, 205, 'Madrid', NULL, NULL, 1),
(3298, 205, 'Malaga', NULL, NULL, 1),
(3299, 205, 'Melilla', NULL, NULL, 1),
(3300, 205, 'Murcia', NULL, NULL, 1),
(3301, 205, 'Navarra', NULL, NULL, 1),
(3302, 205, 'Ourense', NULL, NULL, 1),
(3303, 205, 'Pais Vasco', NULL, NULL, 1),
(3304, 205, 'Palencia', NULL, NULL, 1),
(3305, 205, 'Pontevedra', NULL, NULL, 1),
(3306, 205, 'Salamanca', NULL, NULL, 1),
(3308, 205, 'Segovia', NULL, NULL, 1),
(3309, 205, 'Sevilla', NULL, NULL, 1),
(3310, 205, 'Soria', NULL, NULL, 1),
(3311, 205, 'Tarragona', NULL, NULL, 1),
(3312, 205, 'Santa Cruz de Tenerife', NULL, NULL, 1),
(3313, 205, 'Teruel', NULL, NULL, 1),
(3314, 205, 'Toledo', NULL, NULL, 1),
(3315, 205, 'Valencia', NULL, NULL, 1),
(3316, 205, 'Valladolid', NULL, NULL, 1),
(3317, 205, 'Vizcaya', NULL, NULL, 1),
(3318, 205, 'Zamora', NULL, NULL, 1),
(3319, 205, 'Zaragoza', NULL, NULL, 1),
(3320, 206, 'Amparai', NULL, NULL, 1),
(3321, 206, 'Anuradhapuraya', NULL, NULL, 1),
(3322, 206, 'Badulla', NULL, NULL, 1),
(3323, 206, 'Boralesgamuwa', NULL, NULL, 1),
(3324, 206, 'Colombo', NULL, NULL, 1),
(3325, 206, 'Galla', NULL, NULL, 1),
(3326, 206, 'Gampaha', NULL, NULL, 1),
(3327, 206, 'Hambantota', NULL, NULL, 1),
(3328, 206, 'Kalatura', NULL, NULL, 1),
(3329, 206, 'Kegalla', NULL, NULL, 1),
(3330, 206, 'Kilinochchi', NULL, NULL, 1),
(3331, 206, 'Kurunegala', NULL, NULL, 1),
(3332, 206, 'Madakalpuwa', NULL, NULL, 1),
(3333, 206, 'Maha Nuwara', NULL, NULL, 1),
(3334, 206, 'Malwana', NULL, NULL, 1),
(3335, 206, 'Mannarama', NULL, NULL, 1),
(3336, 206, 'Matale', NULL, NULL, 1),
(3337, 206, 'Matara', NULL, NULL, 1),
(3338, 206, 'Monaragala', NULL, NULL, 1),
(3339, 206, 'Mullaitivu', NULL, NULL, 1),
(3340, 206, 'North Eastern Province', NULL, NULL, 1),
(3341, 206, 'North Western Province', NULL, NULL, 1),
(3342, 206, 'Nuwara Eliya', NULL, NULL, 1),
(3343, 206, 'Polonnaruwa', NULL, NULL, 1),
(3344, 206, 'Puttalama', NULL, NULL, 1),
(3345, 206, 'Ratnapuraya', NULL, NULL, 1),
(3346, 206, 'Southern Province', NULL, NULL, 1),
(3347, 206, 'Tirikunamalaya', NULL, NULL, 1),
(3348, 206, 'Tuscany', NULL, NULL, 1),
(3349, 206, 'Vavuniyawa', NULL, NULL, 1),
(3350, 206, 'Western Province', NULL, NULL, 1),
(3351, 206, 'Yapanaya', NULL, NULL, 1),
(3352, 206, 'kadawatha', NULL, NULL, 1),
(3353, 207, 'A\'ali-an-Nil', NULL, NULL, 1),
(3354, 207, 'Bahr-al-Jabal', NULL, NULL, 1),
(3355, 207, 'Central Equatoria', NULL, NULL, 1),
(3356, 207, 'Gharb Bahr-al-Ghazal', NULL, NULL, 1),
(3357, 207, 'Gharb Darfur', NULL, NULL, 1),
(3358, 207, 'Gharb Kurdufan', NULL, NULL, 1),
(3359, 207, 'Gharb-al-Istiwa\'iyah', NULL, NULL, 1),
(3360, 207, 'Janub Darfur', NULL, NULL, 1),
(3361, 207, 'Janub Kurdufan', NULL, NULL, 1),
(3362, 207, 'Junqali', NULL, NULL, 1),
(3363, 207, 'Kassala', NULL, NULL, 1),
(3364, 207, 'Nahr-an-Nil', NULL, NULL, 1),
(3365, 207, 'Shamal Bahr-al-Ghazal', NULL, NULL, 1),
(3366, 207, 'Shamal Darfur', NULL, NULL, 1),
(3367, 207, 'Shamal Kurdufan', NULL, NULL, 1),
(3368, 207, 'Sharq-al-Istiwa\'iyah', NULL, NULL, 1),
(3369, 207, 'Sinnar', NULL, NULL, 1),
(3370, 207, 'Warab', NULL, NULL, 1),
(3371, 207, 'Wilayat al Khartum', NULL, NULL, 1),
(3372, 207, 'al-Bahr-al-Ahmar', NULL, NULL, 1),
(3373, 207, 'al-Buhayrat', NULL, NULL, 1),
(3374, 207, 'al-Jazirah', NULL, NULL, 1),
(3375, 207, 'al-Khartum', NULL, NULL, 1),
(3376, 207, 'al-Qadarif', NULL, NULL, 1),
(3377, 207, 'al-Wahdah', NULL, NULL, 1),
(3378, 207, 'an-Nil-al-Abyad', NULL, NULL, 1),
(3379, 207, 'an-Nil-al-Azraq', NULL, NULL, 1),
(3380, 207, 'ash-Shamaliyah', NULL, NULL, 1),
(3381, 208, 'Brokopondo', NULL, NULL, 1),
(3382, 208, 'Commewijne', NULL, NULL, 1),
(3383, 208, 'Coronie', NULL, NULL, 1),
(3384, 208, 'Marowijne', NULL, NULL, 1),
(3385, 208, 'Nickerie', NULL, NULL, 1),
(3386, 208, 'Para', NULL, NULL, 1),
(3387, 208, 'Paramaribo', NULL, NULL, 1),
(3388, 208, 'Saramacca', NULL, NULL, 1),
(3389, 208, 'Wanica', NULL, NULL, 1),
(3390, 209, 'Svalbard', NULL, NULL, 1),
(3391, 210, 'Hhohho', NULL, NULL, 1),
(3392, 210, 'Lubombo', NULL, NULL, 1),
(3393, 210, 'Manzini', NULL, NULL, 1),
(3394, 210, 'Shiselweni', NULL, NULL, 1),
(3395, 211, 'Alvsborgs Lan', NULL, NULL, 1),
(3396, 211, 'Angermanland', NULL, NULL, 1),
(3397, 211, 'Blekinge', NULL, NULL, 1),
(3398, 211, 'Bohuslan', NULL, NULL, 1),
(3399, 211, 'Dalarna', NULL, NULL, 1),
(3400, 211, 'Gavleborg', NULL, NULL, 1),
(3401, 211, 'Gaza', NULL, NULL, 1),
(3402, 211, 'Gotland', NULL, NULL, 1),
(3403, 211, 'Halland', NULL, NULL, 1),
(3404, 211, 'Jamtland', NULL, NULL, 1),
(3405, 211, 'Jonkoping', NULL, NULL, 1),
(3406, 211, 'Kalmar', NULL, NULL, 1),
(3407, 211, 'Kristianstads', NULL, NULL, 1),
(3408, 211, 'Kronoberg', NULL, NULL, 1),
(3409, 211, 'Norrbotten', NULL, NULL, 1),
(3410, 211, 'Orebro', NULL, NULL, 1),
(3411, 211, 'Ostergotland', NULL, NULL, 1),
(3412, 211, 'Saltsjo-Boo', NULL, NULL, 1),
(3413, 211, 'Skane', NULL, NULL, 1),
(3414, 211, 'Smaland', NULL, NULL, 1),
(3415, 211, 'Sodermanland', NULL, NULL, 1),
(3416, 211, 'Stockholm', NULL, NULL, 1),
(3417, 211, 'Uppsala', NULL, NULL, 1),
(3418, 211, 'Varmland', NULL, NULL, 1),
(3419, 211, 'Vasterbotten', NULL, NULL, 1),
(3420, 211, 'Vastergotland', NULL, NULL, 1),
(3421, 211, 'Vasternorrland', NULL, NULL, 1),
(3422, 211, 'Vastmanland', NULL, NULL, 1),
(3423, 211, 'Vastra Gotaland', NULL, NULL, 1),
(3424, 212, 'Aargau', NULL, NULL, 1),
(3425, 212, 'Appenzell Inner-Rhoden', NULL, NULL, 1),
(3426, 212, 'Appenzell-Ausser Rhoden', NULL, NULL, 1),
(3427, 212, 'Basel-Landschaft', NULL, NULL, 1),
(3428, 212, 'Basel-Stadt', NULL, NULL, 1),
(3429, 212, 'Bern', NULL, NULL, 1),
(3430, 212, 'Canton Ticino', NULL, NULL, 1),
(3431, 212, 'Fribourg', NULL, NULL, 1),
(3432, 212, 'Geneve', NULL, NULL, 1),
(3433, 212, 'Glarus', NULL, NULL, 1),
(3434, 212, 'Graubunden', NULL, NULL, 1),
(3435, 212, 'Heerbrugg', NULL, NULL, 1),
(3436, 212, 'Jura', NULL, NULL, 1),
(3437, 212, 'Kanton Aargau', NULL, NULL, 1),
(3438, 212, 'Luzern', NULL, NULL, 1),
(3439, 212, 'Morbio Inferiore', NULL, NULL, 1),
(3440, 212, 'Muhen', NULL, NULL, 1),
(3441, 212, 'Neuchatel', NULL, NULL, 1),
(3442, 212, 'Nidwalden', NULL, NULL, 1),
(3443, 212, 'Obwalden', NULL, NULL, 1),
(3444, 212, 'Sankt Gallen', NULL, NULL, 1),
(3445, 212, 'Schaffhausen', NULL, NULL, 1),
(3446, 212, 'Schwyz', NULL, NULL, 1),
(3447, 212, 'Solothurn', NULL, NULL, 1),
(3448, 212, 'Thurgau', NULL, NULL, 1),
(3449, 212, 'Ticino', NULL, NULL, 1),
(3450, 212, 'Uri', NULL, NULL, 1),
(3451, 212, 'Valais', NULL, NULL, 1),
(3452, 212, 'Vaud', NULL, NULL, 1),
(3453, 212, 'Vauffelin', NULL, NULL, 1),
(3454, 212, 'Zug', NULL, NULL, 1),
(3455, 212, 'Zurich', NULL, NULL, 1),
(3456, 213, 'Aleppo', NULL, NULL, 1),
(3457, 213, 'Dar\'a', NULL, NULL, 1),
(3458, 213, 'Dayr-az-Zawr', NULL, NULL, 1),
(3459, 213, 'Dimashq', NULL, NULL, 1),
(3460, 213, 'Halab', NULL, NULL, 1),
(3461, 213, 'Hamah', NULL, NULL, 1),
(3462, 213, 'Hims', NULL, NULL, 1),
(3463, 213, 'Idlib', NULL, NULL, 1),
(3464, 213, 'Madinat Dimashq', NULL, NULL, 1),
(3465, 213, 'Tartus', NULL, NULL, 1),
(3466, 213, 'al-Hasakah', NULL, NULL, 1),
(3467, 213, 'al-Ladhiqiyah', NULL, NULL, 1),
(3468, 213, 'al-Qunaytirah', NULL, NULL, 1),
(3469, 213, 'ar-Raqqah', NULL, NULL, 1),
(3470, 213, 'as-Suwayda', NULL, NULL, 1),
(3471, 214, 'Changhua County', NULL, NULL, 1),
(3472, 214, 'Chiayi County', NULL, NULL, 1),
(3473, 214, 'Chiayi City', NULL, NULL, 1),
(3474, 214, 'Taipei City', NULL, NULL, 1),
(3475, 214, 'Hsinchu County', NULL, NULL, 1),
(3476, 214, 'Hsinchu City', NULL, NULL, 1),
(3477, 214, 'Hualien County', NULL, NULL, 1),
(3480, 214, 'Kaohsiung City', NULL, NULL, 1),
(3481, 214, 'Keelung City', NULL, NULL, 1),
(3482, 214, 'Kinmen County', NULL, NULL, 1),
(3483, 214, 'Miaoli County', NULL, NULL, 1),
(3484, 214, 'Nantou County', NULL, NULL, 1),
(3486, 214, 'Penghu County', NULL, NULL, 1),
(3487, 214, 'Pingtung County', NULL, NULL, 1),
(3488, 214, 'Taichung City', NULL, NULL, 1),
(3492, 214, 'Tainan City', NULL, NULL, 1),
(3493, 214, 'New Taipei City', NULL, NULL, 1),
(3495, 214, 'Taitung County', NULL, NULL, 1),
(3496, 214, 'Taoyuan City', NULL, NULL, 1),
(3497, 214, 'Yilan County', NULL, NULL, 1),
(3498, 214, 'YunLin County', NULL, NULL, 1),
(3500, 215, 'Dushanbe', NULL, NULL, 1),
(3501, 215, 'Gorno-Badakhshan', NULL, NULL, 1),
(3502, 215, 'Karotegin', NULL, NULL, 1),
(3503, 215, 'Khatlon', NULL, NULL, 1),
(3504, 215, 'Sughd', NULL, NULL, 1),
(3505, 216, 'Arusha', NULL, NULL, 1),
(3506, 216, 'Dar es Salaam', NULL, NULL, 1),
(3507, 216, 'Dodoma', NULL, NULL, 1),
(3508, 216, 'Iringa', NULL, NULL, 1),
(3509, 216, 'Kagera', NULL, NULL, 1),
(3510, 216, 'Kigoma', NULL, NULL, 1),
(3511, 216, 'Kilimanjaro', NULL, NULL, 1),
(3512, 216, 'Lindi', NULL, NULL, 1),
(3513, 216, 'Mara', NULL, NULL, 1),
(3514, 216, 'Mbeya', NULL, NULL, 1),
(3515, 216, 'Morogoro', NULL, NULL, 1),
(3516, 216, 'Mtwara', NULL, NULL, 1),
(3517, 216, 'Mwanza', NULL, NULL, 1),
(3518, 216, 'Pwani', NULL, NULL, 1),
(3519, 216, 'Rukwa', NULL, NULL, 1),
(3520, 216, 'Ruvuma', NULL, NULL, 1),
(3521, 216, 'Shinyanga', NULL, NULL, 1),
(3522, 216, 'Singida', NULL, NULL, 1),
(3523, 216, 'Tabora', NULL, NULL, 1),
(3524, 216, 'Tanga', NULL, NULL, 1),
(3525, 216, 'Zanzibar and Pemba', NULL, NULL, 1),
(3526, 217, 'Amnat Charoen', NULL, NULL, 1),
(3527, 217, 'Ang Thong', NULL, NULL, 1),
(3528, 217, 'Bangkok', NULL, NULL, 1),
(3529, 217, 'Buri Ram', NULL, NULL, 1),
(3530, 217, 'Chachoengsao', NULL, NULL, 1),
(3531, 217, 'Chai Nat', NULL, NULL, 1),
(3532, 217, 'Chaiyaphum', NULL, NULL, 1),
(3533, 217, 'Changwat Chaiyaphum', NULL, NULL, 1),
(3534, 217, 'Chanthaburi', NULL, NULL, 1),
(3535, 217, 'Chiang Mai', NULL, NULL, 1),
(3536, 217, 'Chiang Rai', NULL, NULL, 1),
(3537, 217, 'Chon Buri', NULL, NULL, 1),
(3538, 217, 'Chumphon', NULL, NULL, 1),
(3539, 217, 'Kalasin', NULL, NULL, 1),
(3540, 217, 'Kamphaeng Phet', NULL, NULL, 1),
(3541, 217, 'Kanchanaburi', NULL, NULL, 1),
(3542, 217, 'Khon Kaen', NULL, NULL, 1),
(3543, 217, 'Krabi', NULL, NULL, 1),
(3544, 217, 'Krung Thep', NULL, NULL, 1),
(3545, 217, 'Lampang', NULL, NULL, 1),
(3546, 217, 'Lamphun', NULL, NULL, 1),
(3547, 217, 'Loei', NULL, NULL, 1),
(3548, 217, 'Lop Buri', NULL, NULL, 1),
(3549, 217, 'Mae Hong Son', NULL, NULL, 1),
(3550, 217, 'Maha Sarakham', NULL, NULL, 1),
(3551, 217, 'Mukdahan', NULL, NULL, 1),
(3552, 217, 'Nakhon Nayok', NULL, NULL, 1),
(3553, 217, 'Nakhon Pathom', NULL, NULL, 1),
(3554, 217, 'Nakhon Phanom', NULL, NULL, 1),
(3555, 217, 'Nakhon Ratchasima', NULL, NULL, 1),
(3556, 217, 'Nakhon Sawan', NULL, NULL, 1),
(3557, 217, 'Nakhon Si Thammarat', NULL, NULL, 1),
(3558, 217, 'Nan', NULL, NULL, 1),
(3559, 217, 'Narathiwat', NULL, NULL, 1),
(3560, 217, 'Nong Bua Lam Phu', NULL, NULL, 1),
(3561, 217, 'Nong Khai', NULL, NULL, 1),
(3562, 217, 'Nonthaburi', NULL, NULL, 1),
(3563, 217, 'Pathum Thani', NULL, NULL, 1),
(3564, 217, 'Pattani', NULL, NULL, 1),
(3565, 217, 'Phangnga', NULL, NULL, 1),
(3566, 217, 'Phatthalung', NULL, NULL, 1),
(3567, 217, 'Phayao', NULL, NULL, 1),
(3568, 217, 'Phetchabun', NULL, NULL, 1),
(3569, 217, 'Phetchaburi', NULL, NULL, 1),
(3570, 217, 'Phichit', NULL, NULL, 1),
(3571, 217, 'Phitsanulok', NULL, NULL, 1),
(3572, 217, 'Phra Nakhon Si Ayutthaya', NULL, NULL, 1),
(3573, 217, 'Phrae', NULL, NULL, 1),
(3574, 217, 'Phuket', NULL, NULL, 1),
(3575, 217, 'Prachin Buri', NULL, NULL, 1),
(3576, 217, 'Prachuap Khiri Khan', NULL, NULL, 1),
(3577, 217, 'Ranong', NULL, NULL, 1),
(3578, 217, 'Ratchaburi', NULL, NULL, 1),
(3579, 217, 'Rayong', NULL, NULL, 1),
(3580, 217, 'Roi Et', NULL, NULL, 1),
(3581, 217, 'Sa Kaeo', NULL, NULL, 1),
(3582, 217, 'Sakon Nakhon', NULL, NULL, 1),
(3583, 217, 'Samut Prakan', NULL, NULL, 1),
(3584, 217, 'Samut Sakhon', NULL, NULL, 1),
(3585, 217, 'Samut Songkhran', NULL, NULL, 1),
(3586, 217, 'Saraburi', NULL, NULL, 1),
(3587, 217, 'Satun', NULL, NULL, 1),
(3588, 217, 'Si Sa Ket', NULL, NULL, 1),
(3589, 217, 'Sing Buri', NULL, NULL, 1),
(3590, 217, 'Songkhla', NULL, NULL, 1),
(3591, 217, 'Sukhothai', NULL, NULL, 1),
(3592, 217, 'Suphan Buri', NULL, NULL, 1),
(3593, 217, 'Surat Thani', NULL, NULL, 1),
(3594, 217, 'Surin', NULL, NULL, 1),
(3595, 217, 'Tak', NULL, NULL, 1),
(3596, 217, 'Trang', NULL, NULL, 1),
(3597, 217, 'Trat', NULL, NULL, 1),
(3598, 217, 'Ubon Ratchathani', NULL, NULL, 1),
(3599, 217, 'Udon Thani', NULL, NULL, 1),
(3600, 217, 'Uthai Thani', NULL, NULL, 1),
(3601, 217, 'Uttaradit', NULL, NULL, 1),
(3602, 217, 'Yala', NULL, NULL, 1),
(3603, 217, 'Yasothon', NULL, NULL, 1),
(3604, 218, 'Centre', NULL, NULL, 1),
(3605, 218, 'Kara', NULL, NULL, 1),
(3606, 218, 'Maritime', NULL, NULL, 1),
(3607, 218, 'Plateaux', NULL, NULL, 1),
(3608, 218, 'Savanes', NULL, NULL, 1),
(3609, 219, 'Atafu', NULL, NULL, 1),
(3610, 219, 'Fakaofo', NULL, NULL, 1),
(3611, 219, 'Nukunonu', NULL, NULL, 1),
(3612, 220, 'Eua', NULL, NULL, 1),
(3613, 220, 'Ha\'apai', NULL, NULL, 1),
(3614, 220, 'Niuas', NULL, NULL, 1),
(3615, 220, 'Tongatapu', NULL, NULL, 1),
(3616, 220, 'Vava\'u', NULL, NULL, 1),
(3617, 221, 'Arima-Tunapuna-Piarco', NULL, NULL, 1),
(3618, 221, 'Caroni', NULL, NULL, 1),
(3619, 221, 'Chaguanas', NULL, NULL, 1),
(3620, 221, 'Couva-Tabaquite-Talparo', NULL, NULL, 1),
(3621, 221, 'Diego Martin', NULL, NULL, 1),
(3622, 221, 'Glencoe', NULL, NULL, 1),
(3623, 221, 'Penal Debe', NULL, NULL, 1),
(3624, 221, 'Point Fortin', NULL, NULL, 1),
(3625, 221, 'Port of Spain', NULL, NULL, 1),
(3626, 221, 'Princes Town', NULL, NULL, 1),
(3627, 221, 'Saint George', NULL, NULL, 1),
(3628, 221, 'San Fernando', NULL, NULL, 1),
(3629, 221, 'San Juan', NULL, NULL, 1),
(3630, 221, 'Sangre Grande', NULL, NULL, 1),
(3631, 221, 'Siparia', NULL, NULL, 1),
(3632, 221, 'Tobago', NULL, NULL, 1),
(3633, 222, 'Aryanah', NULL, NULL, 1),
(3634, 222, 'Bajah', NULL, NULL, 1),
(3635, 222, 'Bin \'Arus', NULL, NULL, 1),
(3636, 222, 'Binzart', NULL, NULL, 1),
(3637, 222, 'Gouvernorat de Ariana', NULL, NULL, 1),
(3638, 222, 'Gouvernorat de Nabeul', NULL, NULL, 1),
(3639, 222, 'Gouvernorat de Sousse', NULL, NULL, 1),
(3640, 222, 'Hammamet Yasmine', NULL, NULL, 1),
(3641, 222, 'Jundubah', NULL, NULL, 1),
(3642, 222, 'Madaniyin', NULL, NULL, 1),
(3643, 222, 'Manubah', NULL, NULL, 1),
(3644, 222, 'Monastir', NULL, NULL, 1),
(3645, 222, 'Nabul', NULL, NULL, 1),
(3646, 222, 'Qabis', NULL, NULL, 1),
(3647, 222, 'Qafsah', NULL, NULL, 1),
(3648, 222, 'Qibili', NULL, NULL, 1),
(3649, 222, 'Safaqis', NULL, NULL, 1),
(3650, 222, 'Sfax', NULL, NULL, 1),
(3651, 222, 'Sidi Bu Zayd', NULL, NULL, 1),
(3652, 222, 'Silyanah', NULL, NULL, 1),
(3653, 222, 'Susah', NULL, NULL, 1),
(3654, 222, 'Tatawin', NULL, NULL, 1),
(3655, 222, 'Tawzar', NULL, NULL, 1),
(3656, 222, 'Tunis', NULL, NULL, 1),
(3657, 222, 'Zaghwan', NULL, NULL, 1),
(3658, 222, 'al-Kaf', NULL, NULL, 1),
(3659, 222, 'al-Mahdiyah', NULL, NULL, 1),
(3660, 222, 'al-Munastir', NULL, NULL, 1),
(3661, 222, 'al-Qasrayn', NULL, NULL, 1),
(3662, 222, 'al-Qayrawan', NULL, NULL, 1),
(3663, 223, 'Adana', NULL, NULL, 1),
(3664, 223, 'Adıyaman', NULL, NULL, 1),
(3665, 223, 'Afyon', NULL, NULL, 1),
(3666, 223, 'Ağrı', NULL, NULL, 1),
(3667, 223, 'Aksaray', NULL, NULL, 1),
(3668, 223, 'Amasya', NULL, NULL, 1),
(3669, 223, 'Ankara', NULL, NULL, 1),
(3670, 223, 'Antalya', NULL, NULL, 1),
(3671, 223, 'Ardahan', NULL, NULL, 1),
(3672, 223, 'Artvin', NULL, NULL, 1),
(3673, 223, 'Aydın', NULL, NULL, 1),
(3674, 223, 'Balıkesir', NULL, NULL, 1),
(3675, 223, 'Bartın', NULL, NULL, 1),
(3676, 223, 'Batman', NULL, NULL, 1),
(3677, 223, 'Bayburt', NULL, NULL, 1),
(3678, 223, 'Bilecik', NULL, NULL, 1),
(3679, 223, 'Bingöl', NULL, NULL, 1),
(3680, 223, 'Bitlis', NULL, NULL, 1),
(3681, 223, 'Bolu', NULL, NULL, 1),
(3682, 223, 'Burdur', NULL, NULL, 1),
(3683, 223, 'Bursa', NULL, NULL, 1),
(3684, 223, 'Çanakkale', NULL, NULL, 1),
(3685, 223, 'Çankırı', NULL, NULL, 1),
(3686, 223, 'Çorum', NULL, NULL, 1),
(3687, 223, 'Denizli', NULL, NULL, 1),
(3688, 223, 'Diyarbakır', NULL, NULL, 1),
(3689, 223, 'Düzce', NULL, NULL, 1),
(3690, 223, 'Edirne', NULL, NULL, 1),
(3691, 223, 'Elazığ', NULL, NULL, 1),
(3692, 223, 'Erzincan', NULL, NULL, 1),
(3693, 223, 'Erzurum', NULL, NULL, 1),
(3694, 223, 'Eskişehir', NULL, NULL, 1),
(3695, 223, 'Gaziantep', NULL, NULL, 1),
(3696, 223, 'Giresun', NULL, NULL, 1),
(3697, 223, 'Gümüşhane', NULL, NULL, 1),
(3698, 223, 'Hakkari', NULL, NULL, 1),
(3699, 223, 'Hatay', NULL, NULL, 1),
(3700, 223, 'Mersin', NULL, NULL, 1),
(3701, 223, 'Iğdır', NULL, NULL, 1),
(3702, 223, 'Isparta', NULL, NULL, 1),
(3703, 223, 'İstanbul', NULL, NULL, 1),
(3704, 223, 'İzmir', NULL, NULL, 1),
(3705, 223, 'Kahramanmaraş', NULL, NULL, 1),
(3706, 223, 'Karabük', NULL, NULL, 1),
(3707, 223, 'Karaman', NULL, NULL, 1),
(3708, 223, 'Kars', NULL, NULL, 1),
(3709, 223, 'Karşıyaka', NULL, NULL, 1),
(3710, 223, 'Kastamonu', NULL, NULL, 1),
(3711, 223, 'Kayseri', NULL, NULL, 1),
(3712, 223, 'Kilis', NULL, NULL, 1),
(3713, 223, 'Kirikkale', NULL, NULL, 1),
(3714, 223, 'Kirklareli', NULL, NULL, 1),
(3715, 223, 'Kirsehir', NULL, NULL, 1),
(3716, 223, 'Kocaeli', NULL, NULL, 1),
(3717, 223, 'Konya', NULL, NULL, 1),
(3718, 223, 'Kutahya', NULL, NULL, 1),
(3719, 223, 'Lefkosa', NULL, NULL, 1),
(3720, 223, 'Malatya', NULL, NULL, 1),
(3721, 223, 'Manisa', NULL, NULL, 1),
(3722, 223, 'Mardin', NULL, NULL, 1),
(3723, 223, 'Mugla', NULL, NULL, 1),
(3724, 223, 'Mus', NULL, NULL, 1),
(3725, 223, 'Nevsehir', NULL, NULL, 1),
(3726, 223, 'Nigde', NULL, NULL, 1),
(3727, 223, 'Ordu', NULL, NULL, 1),
(3728, 223, 'Osmaniye', NULL, NULL, 1),
(3729, 223, 'Rize', NULL, NULL, 1),
(3730, 223, 'Sakarya', NULL, NULL, 1),
(3731, 223, 'Samsun', NULL, NULL, 1),
(3732, 223, 'Sanliurfa', NULL, NULL, 1),
(3733, 223, 'Siirt', NULL, NULL, 1),
(3734, 223, 'Sinop', NULL, NULL, 1),
(3735, 223, 'Sirnak', NULL, NULL, 1),
(3736, 223, 'Sivas', NULL, NULL, 1),
(3737, 223, 'Tekirdag', NULL, NULL, 1),
(3738, 223, 'Tokat', NULL, NULL, 1),
(3739, 223, 'Trabzon', NULL, NULL, 1),
(3740, 223, 'Tunceli', NULL, NULL, 1),
(3741, 223, 'Usak', NULL, NULL, 1),
(3742, 223, 'Van', NULL, NULL, 1),
(3743, 223, 'Yalova', NULL, NULL, 1),
(3744, 223, 'Yozgat', NULL, NULL, 1),
(3745, 223, 'Zonguldak', NULL, NULL, 1),
(3746, 224, 'Ahal', NULL, NULL, 1),
(3747, 224, 'Asgabat', NULL, NULL, 1),
(3748, 224, 'Balkan', NULL, NULL, 1),
(3749, 224, 'Dasoguz', NULL, NULL, 1),
(3750, 224, 'Lebap', NULL, NULL, 1),
(3751, 224, 'Mari', NULL, NULL, 1),
(3752, 225, 'Grand Turk', NULL, NULL, 1),
(3753, 225, 'South Caicos and East Caicos', NULL, NULL, 1),
(3754, 226, 'Funafuti', NULL, NULL, 1),
(3755, 226, 'Nanumanga', NULL, NULL, 1),
(3756, 226, 'Nanumea', NULL, NULL, 1),
(3757, 226, 'Niutao', NULL, NULL, 1),
(3758, 226, 'Nui', NULL, NULL, 1),
(3759, 226, 'Nukufetau', NULL, NULL, 1),
(3760, 226, 'Nukulaelae', NULL, NULL, 1),
(3761, 226, 'Vaitupu', NULL, NULL, 1),
(3762, 227, 'Central', NULL, NULL, 1),
(3763, 227, 'Eastern', NULL, NULL, 1),
(3764, 227, 'Northern', NULL, NULL, 1),
(3765, 227, 'Western', NULL, NULL, 1),
(3766, 228, 'Cherkas\'ka', NULL, NULL, 1),
(3767, 228, 'Chernihivs\'ka', NULL, NULL, 1),
(3768, 228, 'Chernivets\'ka', NULL, NULL, 1),
(3769, 228, 'Crimea', NULL, NULL, 1),
(3770, 228, 'Dnipropetrovska', NULL, NULL, 1),
(3771, 228, 'Donets\'ka', NULL, NULL, 1),
(3772, 228, 'Ivano-Frankivs\'ka', NULL, NULL, 1),
(3773, 228, 'Kharkiv', NULL, NULL, 1),
(3774, 228, 'Kharkov', NULL, NULL, 1),
(3775, 228, 'Khersonska', NULL, NULL, 1),
(3776, 228, 'Khmel\'nyts\'ka', NULL, NULL, 1),
(3777, 228, 'Kirovohrad', NULL, NULL, 1),
(3778, 228, 'Krym', NULL, NULL, 1),
(3779, 228, 'Kyyiv', NULL, NULL, 1),
(3780, 228, 'Kyyivs\'ka', NULL, NULL, 1),
(3781, 228, 'L\'vivs\'ka', NULL, NULL, 1),
(3782, 228, 'Luhans\'ka', NULL, NULL, 1),
(3783, 228, 'Mykolayivs\'ka', NULL, NULL, 1),
(3784, 228, 'Odes\'ka', NULL, NULL, 1),
(3785, 228, 'Odessa', NULL, NULL, 1),
(3786, 228, 'Poltavs\'ka', NULL, NULL, 1),
(3787, 228, 'Rivnens\'ka', NULL, NULL, 1),
(3788, 228, 'Sevastopol\'', NULL, NULL, 1),
(3789, 228, 'Sums\'ka', NULL, NULL, 1),
(3790, 228, 'Ternopil\'s\'ka', NULL, NULL, 1),
(3791, 228, 'Volyns\'ka', NULL, NULL, 1),
(3792, 228, 'Vynnyts\'ka', NULL, NULL, 1),
(3793, 228, 'Zakarpats\'ka', NULL, NULL, 1),
(3794, 228, 'Zaporizhia', NULL, NULL, 1),
(3795, 228, 'Zhytomyrs\'ka', NULL, NULL, 1),
(3796, 229, 'Abu Zabi', NULL, NULL, 1),
(3797, 229, 'Ajman', NULL, NULL, 1),
(3798, 229, 'Dubai', NULL, NULL, 1),
(3799, 229, 'Ras al-Khaymah', NULL, NULL, 1),
(3800, 229, 'Sharjah', NULL, NULL, 1),
(3801, 229, 'Sharjha', NULL, NULL, 1),
(3802, 229, 'Umm al Qaywayn', NULL, NULL, 1),
(3803, 229, 'al-Fujayrah', NULL, NULL, 1),
(3804, 229, 'ash-Shariqah', NULL, NULL, 1),
(3805, 230, 'Aberdeen', NULL, NULL, 1),
(3806, 230, 'Aberdeenshire', NULL, NULL, 1),
(3807, 230, 'Argyll', NULL, NULL, 1),
(3808, 230, 'Armagh', NULL, NULL, 1),
(3809, 230, 'Bedfordshire', NULL, NULL, 1),
(3810, 230, 'Belfast', NULL, NULL, 1),
(3811, 230, 'Berkshire', NULL, NULL, 1),
(3812, 230, 'Birmingham', NULL, NULL, 1),
(3813, 230, 'Brechin', NULL, NULL, 1),
(3814, 230, 'Bridgnorth', NULL, NULL, 1),
(3815, 230, 'Bristol', NULL, NULL, 1),
(3816, 230, 'Buckinghamshire', NULL, NULL, 1),
(3817, 230, 'Cambridge', NULL, NULL, 1),
(3818, 230, 'Cambridgeshire', NULL, NULL, 1),
(3819, 230, 'Channel Islands', NULL, NULL, 1),
(3820, 230, 'Cheshire', NULL, NULL, 1),
(3821, 230, 'Cleveland', NULL, NULL, 1),
(3822, 230, 'Co Fermanagh', NULL, NULL, 1),
(3823, 230, 'Conwy', NULL, NULL, 1),
(3824, 230, 'Cornwall', NULL, NULL, 1),
(3825, 230, 'Coventry', NULL, NULL, 1),
(3826, 230, 'Craven Arms', NULL, NULL, 1),
(3827, 230, 'Cumbria', NULL, NULL, 1),
(3828, 230, 'Denbighshire', NULL, NULL, 1),
(3829, 230, 'Derby', NULL, NULL, 1),
(3830, 230, 'Derbyshire', NULL, NULL, 1),
(3831, 230, 'Devon', NULL, NULL, 1),
(3832, 230, 'Dial Code Dungannon', NULL, NULL, 1),
(3833, 230, 'Didcot', NULL, NULL, 1),
(3834, 230, 'Dorset', NULL, NULL, 1),
(3835, 230, 'Dunbartonshire', NULL, NULL, 1),
(3836, 230, 'Durham', NULL, NULL, 1),
(3837, 230, 'East Dunbartonshire', NULL, NULL, 1),
(3838, 230, 'East Lothian', NULL, NULL, 1),
(3839, 230, 'East Midlands', NULL, NULL, 1),
(3840, 230, 'East Sussex', NULL, NULL, 1),
(3841, 230, 'East Yorkshire', NULL, NULL, 1),
(3842, 230, 'England', NULL, NULL, 1),
(3843, 230, 'Essex', NULL, NULL, 1),
(3844, 230, 'Fermanagh', NULL, NULL, 1),
(3845, 230, 'Fife', NULL, NULL, 1),
(3846, 230, 'Flintshire', NULL, NULL, 1),
(3847, 230, 'Fulham', NULL, NULL, 1),
(3848, 230, 'Gainsborough', NULL, NULL, 1),
(3849, 230, 'Glocestershire', NULL, NULL, 1),
(3850, 230, 'Gwent', NULL, NULL, 1),
(3851, 230, 'Hampshire', NULL, NULL, 1),
(3852, 230, 'Hants', NULL, NULL, 1),
(3853, 230, 'Herefordshire', NULL, NULL, 1),
(3854, 230, 'Hertfordshire', NULL, NULL, 1),
(3855, 230, 'Ireland', NULL, NULL, 1),
(3856, 230, 'Isle Of Man', NULL, NULL, 1),
(3857, 230, 'Isle of Wight', NULL, NULL, 1),
(3858, 230, 'Kenford', NULL, NULL, 1),
(3859, 230, 'Kent', NULL, NULL, 1),
(3860, 230, 'Kilmarnock', NULL, NULL, 1),
(3861, 230, 'Lanarkshire', NULL, NULL, 1),
(3862, 230, 'Lancashire', NULL, NULL, 1),
(3863, 230, 'Leicestershire', NULL, NULL, 1),
(3864, 230, 'Lincolnshire', NULL, NULL, 1),
(3865, 230, 'Llanymynech', NULL, NULL, 1),
(3866, 230, 'London', NULL, NULL, 1),
(3867, 230, 'Ludlow', NULL, NULL, 1),
(3868, 230, 'Manchester', NULL, NULL, 1),
(3869, 230, 'Mayfair', NULL, NULL, 1),
(3870, 230, 'Merseyside', NULL, NULL, 1),
(3871, 230, 'Mid Glamorgan', NULL, NULL, 1),
(3872, 230, 'Middlesex', NULL, NULL, 1),
(3873, 230, 'Mildenhall', NULL, NULL, 1),
(3874, 230, 'Monmouthshire', NULL, NULL, 1),
(3875, 230, 'Newton Stewart', NULL, NULL, 1),
(3876, 230, 'Norfolk', NULL, NULL, 1),
(3877, 230, 'North Humberside', NULL, NULL, 1),
(3878, 230, 'North Yorkshire', NULL, NULL, 1),
(3879, 230, 'Northamptonshire', NULL, NULL, 1),
(3880, 230, 'Northants', NULL, NULL, 1),
(3881, 230, 'Northern Ireland', NULL, NULL, 1),
(3882, 230, 'Northumberland', NULL, NULL, 1),
(3883, 230, 'Nottinghamshire', NULL, NULL, 1),
(3884, 230, 'Oxford', NULL, NULL, 1),
(3885, 230, 'Powys', NULL, NULL, 1),
(3886, 230, 'Roos-shire', NULL, NULL, 1),
(3887, 230, 'SUSSEX', NULL, NULL, 1),
(3888, 230, 'Sark', NULL, NULL, 1),
(3889, 230, 'Scotland', NULL, NULL, 1),
(3890, 230, 'Scottish Borders', NULL, NULL, 1),
(3891, 230, 'Shropshire', NULL, NULL, 1),
(3892, 230, 'Somerset', NULL, NULL, 1),
(3893, 230, 'South Glamorgan', NULL, NULL, 1),
(3894, 230, 'South Wales', NULL, NULL, 1),
(3895, 230, 'South Yorkshire', NULL, NULL, 1),
(3896, 230, 'Southwell', NULL, NULL, 1),
(3897, 230, 'Staffordshire', NULL, NULL, 1),
(3898, 230, 'Strabane', NULL, NULL, 1),
(3899, 230, 'Suffolk', NULL, NULL, 1),
(3900, 230, 'Surrey', NULL, NULL, 1),
(3901, 230, 'Sussex', NULL, NULL, 1),
(3902, 230, 'Twickenham', NULL, NULL, 1),
(3903, 230, 'Tyne and Wear', NULL, NULL, 1),
(3904, 230, 'Tyrone', NULL, NULL, 1),
(3905, 230, 'Utah', NULL, NULL, 1),
(3906, 230, 'Wales', NULL, NULL, 1),
(3907, 230, 'Warwickshire', NULL, NULL, 1),
(3908, 230, 'West Lothian', NULL, NULL, 1),
(3909, 230, 'West Midlands', NULL, NULL, 1),
(3910, 230, 'West Sussex', NULL, NULL, 1),
(3911, 230, 'West Yorkshire', NULL, NULL, 1),
(3912, 230, 'Whissendine', NULL, NULL, 1),
(3913, 230, 'Wiltshire', NULL, NULL, 1),
(3914, 230, 'Wokingham', NULL, NULL, 1),
(3915, 230, 'Worcestershire', NULL, NULL, 1),
(3916, 230, 'Wrexham', NULL, NULL, 1),
(3917, 230, 'Wurttemberg', NULL, NULL, 1),
(3918, 230, 'Yorkshire', NULL, NULL, 1),
(3919, 231, 'Alabama', NULL, NULL, 1),
(3920, 231, 'Alaska', NULL, NULL, 1),
(3921, 231, 'Arizona', NULL, NULL, 1),
(3922, 231, 'Arkansas', NULL, NULL, 1),
(3923, 231, 'Byram', NULL, NULL, 1),
(3924, 231, 'California', NULL, NULL, 1),
(3925, 231, 'Cokato', NULL, NULL, 1),
(3926, 231, 'Colorado', NULL, NULL, 1),
(3927, 231, 'Connecticut', NULL, NULL, 1),
(3928, 231, 'Delaware', NULL, NULL, 1),
(3929, 231, 'District of Columbia', NULL, NULL, 1),
(3930, 231, 'Florida', NULL, NULL, 1),
(3931, 231, 'Georgia', NULL, NULL, 1),
(3932, 231, 'Hawaii', NULL, NULL, 1);
INSERT INTO `sys_cities` (`id`, `country_id`, `title`, `plaque`, `area_code`, `status`) VALUES
(3933, 231, 'Idaho', NULL, NULL, 1),
(3934, 231, 'Illinois', NULL, NULL, 1),
(3935, 231, 'Indiana', NULL, NULL, 1),
(3936, 231, 'Iowa', NULL, NULL, 1),
(3937, 231, 'Kansas', NULL, NULL, 1),
(3938, 231, 'Kentucky', NULL, NULL, 1),
(3939, 231, 'Louisiana', NULL, NULL, 1),
(3940, 231, 'Lowa', NULL, NULL, 1),
(3941, 231, 'Maine', NULL, NULL, 1),
(3942, 231, 'Maryland', NULL, NULL, 1),
(3943, 231, 'Massachusetts', NULL, NULL, 1),
(3944, 231, 'Medfield', NULL, NULL, 1),
(3945, 231, 'Michigan', NULL, NULL, 1),
(3946, 231, 'Minnesota', NULL, NULL, 1),
(3947, 231, 'Mississippi', NULL, NULL, 1),
(3948, 231, 'Missouri', NULL, NULL, 1),
(3949, 231, 'Montana', NULL, NULL, 1),
(3950, 231, 'Nebraska', NULL, NULL, 1),
(3951, 231, 'Nevada', NULL, NULL, 1),
(3952, 231, 'New Hampshire', NULL, NULL, 1),
(3953, 231, 'New Jersey', NULL, NULL, 1),
(3954, 231, 'New Jersy', NULL, NULL, 1),
(3955, 231, 'New Mexico', NULL, NULL, 1),
(3956, 231, 'New York', NULL, NULL, 1),
(3957, 231, 'North Carolina', NULL, NULL, 1),
(3958, 231, 'North Dakota', NULL, NULL, 1),
(3959, 231, 'Ohio', NULL, NULL, 1),
(3960, 231, 'Oklahoma', NULL, NULL, 1),
(3961, 231, 'Ontario', NULL, NULL, 1),
(3962, 231, 'Oregon', NULL, NULL, 1),
(3963, 231, 'Pennsylvania', NULL, NULL, 1),
(3964, 231, 'Ramey', NULL, NULL, 1),
(3965, 231, 'Rhode Island', NULL, NULL, 1),
(3966, 231, 'South Carolina', NULL, NULL, 1),
(3967, 231, 'South Dakota', NULL, NULL, 1),
(3968, 231, 'Sublimity', NULL, NULL, 1),
(3969, 231, 'Tennessee', NULL, NULL, 1),
(3970, 231, 'Texas', NULL, NULL, 1),
(3971, 231, 'Trimble', NULL, NULL, 1),
(3972, 231, 'Utah', NULL, NULL, 1),
(3973, 231, 'Vermont', NULL, NULL, 1),
(3974, 231, 'Virginia', NULL, NULL, 1),
(3975, 231, 'Washington', NULL, NULL, 1),
(3976, 231, 'West Virginia', NULL, NULL, 1),
(3977, 231, 'Wisconsin', NULL, NULL, 1),
(3978, 231, 'Wyoming', NULL, NULL, 1),
(3979, 232, 'United States Minor Outlying I', NULL, NULL, 1),
(3980, 233, 'Artigas', NULL, NULL, 1),
(3981, 233, 'Canelones', NULL, NULL, 1),
(3982, 233, 'Cerro Largo', NULL, NULL, 1),
(3983, 233, 'Colonia', NULL, NULL, 1),
(3984, 233, 'Durazno', NULL, NULL, 1),
(3985, 233, 'FLorida', NULL, NULL, 1),
(3986, 233, 'Flores', NULL, NULL, 1),
(3987, 233, 'Lavalleja', NULL, NULL, 1),
(3988, 233, 'Maldonado', NULL, NULL, 1),
(3989, 233, 'Montevideo', NULL, NULL, 1),
(3990, 233, 'Paysandu', NULL, NULL, 1),
(3991, 233, 'Rio Negro', NULL, NULL, 1),
(3992, 233, 'Rivera', NULL, NULL, 1),
(3993, 233, 'Rocha', NULL, NULL, 1),
(3994, 233, 'Salto', NULL, NULL, 1),
(3995, 233, 'San Jose', NULL, NULL, 1),
(3996, 233, 'Soriano', NULL, NULL, 1),
(3997, 233, 'Tacuarembo', NULL, NULL, 1),
(3998, 233, 'Treinta y Tres', NULL, NULL, 1),
(3999, 234, 'Andijon', NULL, NULL, 1),
(4000, 234, 'Buhoro', NULL, NULL, 1),
(4001, 234, 'Buxoro Viloyati', NULL, NULL, 1),
(4002, 234, 'Cizah', NULL, NULL, 1),
(4003, 234, 'Fargona', NULL, NULL, 1),
(4004, 234, 'Horazm', NULL, NULL, 1),
(4005, 234, 'Kaskadar', NULL, NULL, 1),
(4006, 234, 'Korakalpogiston', NULL, NULL, 1),
(4007, 234, 'Namangan', NULL, NULL, 1),
(4008, 234, 'Navoi', NULL, NULL, 1),
(4009, 234, 'Samarkand', NULL, NULL, 1),
(4010, 234, 'Sirdare', NULL, NULL, 1),
(4011, 234, 'Surhondar', NULL, NULL, 1),
(4012, 234, 'Toskent', NULL, NULL, 1),
(4013, 235, 'Malampa', NULL, NULL, 1),
(4014, 235, 'Penama', NULL, NULL, 1),
(4015, 235, 'Sanma', NULL, NULL, 1),
(4016, 235, 'Shefa', NULL, NULL, 1),
(4017, 235, 'Tafea', NULL, NULL, 1),
(4018, 235, 'Torba', NULL, NULL, 1),
(4019, 236, 'Vatican City State (Holy See)', NULL, NULL, 1),
(4020, 237, 'Amazonas', NULL, NULL, 1),
(4021, 237, 'Anzoategui', NULL, NULL, 1),
(4022, 237, 'Apure', NULL, NULL, 1),
(4023, 237, 'Aragua', NULL, NULL, 1),
(4024, 237, 'Barinas', NULL, NULL, 1),
(4025, 237, 'Bolivar', NULL, NULL, 1),
(4026, 237, 'Carabobo', NULL, NULL, 1),
(4027, 237, 'Cojedes', NULL, NULL, 1),
(4028, 237, 'Delta Amacuro', NULL, NULL, 1),
(4029, 237, 'Distrito Federal', NULL, NULL, 1),
(4030, 237, 'Falcon', NULL, NULL, 1),
(4031, 237, 'Guarico', NULL, NULL, 1),
(4032, 237, 'Lara', NULL, NULL, 1),
(4033, 237, 'Merida', NULL, NULL, 1),
(4034, 237, 'Miranda', NULL, NULL, 1),
(4035, 237, 'Monagas', NULL, NULL, 1),
(4036, 237, 'Nueva Esparta', NULL, NULL, 1),
(4037, 237, 'Portuguesa', NULL, NULL, 1),
(4038, 237, 'Sucre', NULL, NULL, 1),
(4039, 237, 'Tachira', NULL, NULL, 1),
(4040, 237, 'Trujillo', NULL, NULL, 1),
(4041, 237, 'Vargas', NULL, NULL, 1),
(4042, 237, 'Yaracuy', NULL, NULL, 1),
(4043, 237, 'Zulia', NULL, NULL, 1),
(4044, 238, 'Bac Giang', NULL, NULL, 1),
(4045, 238, 'Binh Dinh', NULL, NULL, 1),
(4046, 238, 'Binh Duong', NULL, NULL, 1),
(4047, 238, 'Da Nang', NULL, NULL, 1),
(4048, 238, 'Dong Bang Song Cuu Long', NULL, NULL, 1),
(4049, 238, 'Dong Bang Song Hong', NULL, NULL, 1),
(4050, 238, 'Dong Nai', NULL, NULL, 1),
(4051, 238, 'Dong Nam Bo', NULL, NULL, 1),
(4052, 238, 'Duyen Hai Mien Trung', NULL, NULL, 1),
(4053, 238, 'Hanoi', NULL, NULL, 1),
(4054, 238, 'Hung Yen', NULL, NULL, 1),
(4055, 238, 'Khu Bon Cu', NULL, NULL, 1),
(4056, 238, 'Long An', NULL, NULL, 1),
(4057, 238, 'Mien Nui Va Trung Du', NULL, NULL, 1),
(4058, 238, 'Thai Nguyen', NULL, NULL, 1),
(4059, 238, 'Thanh Pho Ho Chi Minh', NULL, NULL, 1),
(4060, 238, 'Thu Do Ha Noi', NULL, NULL, 1),
(4061, 238, 'Tinh Can Tho', NULL, NULL, 1),
(4062, 238, 'Tinh Da Nang', NULL, NULL, 1),
(4063, 238, 'Tinh Gia Lai', NULL, NULL, 1),
(4064, 239, 'Anegada', NULL, NULL, 1),
(4065, 239, 'Jost van Dyke', NULL, NULL, 1),
(4066, 239, 'Tortola', NULL, NULL, 1),
(4067, 240, 'Saint Croix', NULL, NULL, 1),
(4068, 240, 'Saint John', NULL, NULL, 1),
(4069, 240, 'Saint Thomas', NULL, NULL, 1),
(4070, 241, 'Alo', NULL, NULL, 1),
(4071, 241, 'Singave', NULL, NULL, 1),
(4072, 241, 'Wallis', NULL, NULL, 1),
(4073, 242, 'Bu Jaydur', NULL, NULL, 1),
(4074, 242, 'Wad-adh-Dhahab', NULL, NULL, 1),
(4075, 242, 'al-\'Ayun', NULL, NULL, 1),
(4076, 242, 'as-Samarah', NULL, NULL, 1),
(4077, 243, '\'Adan', NULL, NULL, 1),
(4078, 243, 'Abyan', NULL, NULL, 1),
(4079, 243, 'Dhamar', NULL, NULL, 1),
(4080, 243, 'Hadramaut', NULL, NULL, 1),
(4081, 243, 'Hajjah', NULL, NULL, 1),
(4082, 243, 'Hudaydah', NULL, NULL, 1),
(4083, 243, 'Ibb', NULL, NULL, 1),
(4084, 243, 'Lahij', NULL, NULL, 1),
(4085, 243, 'Ma\'rib', NULL, NULL, 1),
(4086, 243, 'Madinat San\'a', NULL, NULL, 1),
(4087, 243, 'Sa\'dah', NULL, NULL, 1),
(4088, 243, 'Sana', NULL, NULL, 1),
(4089, 243, 'Shabwah', NULL, NULL, 1),
(4090, 243, 'Ta\'izz', NULL, NULL, 1),
(4091, 243, 'al-Bayda', NULL, NULL, 1),
(4092, 243, 'al-Hudaydah', NULL, NULL, 1),
(4093, 243, 'al-Jawf', NULL, NULL, 1),
(4094, 243, 'al-Mahrah', NULL, NULL, 1),
(4095, 243, 'al-Mahwit', NULL, NULL, 1),
(4096, 244, 'Central Serbia', NULL, NULL, 1),
(4097, 244, 'Kosovo and Metohija', NULL, NULL, 1),
(4098, 244, 'Montenegro', NULL, NULL, 1),
(4099, 244, 'Republic of Serbia', NULL, NULL, 1),
(4100, 244, 'Serbia', NULL, NULL, 1),
(4101, 244, 'Vojvodina', NULL, NULL, 1),
(4102, 245, 'Central', NULL, NULL, 1),
(4103, 245, 'Copperbelt', NULL, NULL, 1),
(4104, 245, 'Eastern', NULL, NULL, 1),
(4105, 245, 'Luapala', NULL, NULL, 1),
(4106, 245, 'Lusaka', NULL, NULL, 1),
(4107, 245, 'North-Western', NULL, NULL, 1),
(4108, 245, 'Northern', NULL, NULL, 1),
(4109, 245, 'Southern', NULL, NULL, 1),
(4110, 245, 'Western', NULL, NULL, 1),
(4111, 246, 'Bulawayo', NULL, NULL, 1),
(4112, 246, 'Harare', NULL, NULL, 1),
(4113, 246, 'Manicaland', NULL, NULL, 1),
(4114, 246, 'Mashonaland Central', NULL, NULL, 1),
(4115, 246, 'Mashonaland East', NULL, NULL, 1),
(4116, 246, 'Mashonaland West', NULL, NULL, 1),
(4117, 246, 'Masvingo', NULL, NULL, 1),
(4118, 246, 'Matabeleland North', NULL, NULL, 1),
(4119, 246, 'Matabeleland South', NULL, NULL, 1),
(4120, 246, 'Midlands', NULL, NULL, 1),
(4121, 214, 'Lienchiang County', NULL, NULL, 1),
(4122, 247, 'Yakutsk', NULL, NULL, 1),
(4145, 81, 'Qvemoqartli\r\n', NULL, NULL, 1),
(4146, 81, 'Mcxeta mtianeti', NULL, NULL, 1),
(4147, 81, 'Shida qartli', NULL, NULL, 1),
(4148, 81, 'Ajara', NULL, NULL, 1),
(4149, 81, 'Samegrelo Zemo Svaneti', NULL, NULL, 1),
(4150, 81, 'İmereti', NULL, NULL, 1),
(4151, 81, 'Kaxeti', NULL, NULL, 1),
(4152, 81, 'Guria', NULL, NULL, 1),
(4153, 81, 'Racha Lechxumi', NULL, NULL, 1),
(4154, 81, 'Samcxe Javaxeti', NULL, NULL, 1),
(4155, 74, 'Helsinki', NULL, NULL, 1),
(4156, 15, 'Quba', NULL, NULL, 1);

-- --------------------------------------------------------

--
-- Tablo için tablo yapısı `sys_countries`
--

